{"id":1025,"date":"2021-04-26T16:35:26","date_gmt":"2021-04-26T16:35:26","guid":{"rendered":"http:\/\/cameraquaytrom.net\/?post_type=product&#038;p=1025"},"modified":"2021-11-10T03:33:54","modified_gmt":"2021-11-10T03:33:54","slug":"camera-nguy-trang-dong-ho-de-ban-chuyen-quay-len-lay-bang-chung","status":"publish","type":"product","link":"https:\/\/cameraquaytrom.net\/?product=camera-nguy-trang-dong-ho-de-ban-chuyen-quay-len-lay-bang-chung","title":{"rendered":"Camera Ng\u1ee5y Trang \u0110\u1ed3ng H\u1ed3 \u0110\u1ec3 B\u00e0n Chuy\u00ean Quay L\u00e9n L\u1ea5y B\u1eb1ng Ch\u1ee9ng"},"content":{"rendered":"<h1 class=\"title style-scope ytd-video-primary-info-renderer\" style=\"text-align: center;\">Camera Ng\u1ee5y Trang \u0110\u1ed3ng H\u1ed3 \u0110\u1ec3 B\u00e0n Quay L\u00e9n L\u1ea5y B\u1eb1ng Ch\u1ee9ng<\/h1>\n<p><img loading=\"lazy\" decoding=\"async\" class=\"size-medium wp-image-1605 aligncenter\" src=\"https:\/\/cameraquaytrom.net\/wp-content\/uploads\/2021\/07\/z2456495725573_190f430ceabef0452013980b97e0a9b5-compressed-2048x2048-1619454751796-300x300.jpg\" alt=\"\" width=\"300\" height=\"300\" srcset=\"https:\/\/cameraquaytrom.net\/wp-content\/uploads\/2021\/07\/z2456495725573_190f430ceabef0452013980b97e0a9b5-compressed-2048x2048-1619454751796-300x300.jpg 300w, https:\/\/cameraquaytrom.net\/wp-content\/uploads\/2021\/07\/z2456495725573_190f430ceabef0452013980b97e0a9b5-compressed-2048x2048-1619454751796-1024x1024.jpg 1024w, https:\/\/cameraquaytrom.net\/wp-content\/uploads\/2021\/07\/z2456495725573_190f430ceabef0452013980b97e0a9b5-compressed-2048x2048-1619454751796-150x150.jpg 150w, https:\/\/cameraquaytrom.net\/wp-content\/uploads\/2021\/07\/z2456495725573_190f430ceabef0452013980b97e0a9b5-compressed-2048x2048-1619454751796-768x768.jpg 768w, https:\/\/cameraquaytrom.net\/wp-content\/uploads\/2021\/07\/z2456495725573_190f430ceabef0452013980b97e0a9b5-compressed-2048x2048-1619454751796-1536x1536.jpg 1536w, https:\/\/cameraquaytrom.net\/wp-content\/uploads\/2021\/07\/z2456495725573_190f430ceabef0452013980b97e0a9b5-compressed-2048x2048-1619454751796-600x600.jpg 600w, https:\/\/cameraquaytrom.net\/wp-content\/uploads\/2021\/07\/z2456495725573_190f430ceabef0452013980b97e0a9b5-compressed-2048x2048-1619454751796-100x100.jpg 100w, https:\/\/cameraquaytrom.net\/wp-content\/uploads\/2021\/07\/z2456495725573_190f430ceabef0452013980b97e0a9b5-compressed-2048x2048-1619454751796.jpg 2048w\" sizes=\"(max-width: 300px) 100vw, 300px\" \/><\/p>\n<p><img loading=\"lazy\" decoding=\"async\" class=\"size-full wp-image-1606 aligncenter\" src=\"https:\/\/cameraquaytrom.net\/wp-content\/uploads\/2021\/07\/z2456495951811_0bddf7f952be4424f59c6482de4b5a43-compressed-300x300-1619454741935.jpg\" alt=\"\" width=\"300\" height=\"300\" srcset=\"https:\/\/cameraquaytrom.net\/wp-content\/uploads\/2021\/07\/z2456495951811_0bddf7f952be4424f59c6482de4b5a43-compressed-300x300-1619454741935.jpg 300w, https:\/\/cameraquaytrom.net\/wp-content\/uploads\/2021\/07\/z2456495951811_0bddf7f952be4424f59c6482de4b5a43-compressed-300x300-1619454741935-150x150.jpg 150w, https:\/\/cameraquaytrom.net\/wp-content\/uploads\/2021\/07\/z2456495951811_0bddf7f952be4424f59c6482de4b5a43-compressed-300x300-1619454741935-100x100.jpg 100w\" sizes=\"(max-width: 300px) 100vw, 300px\" \/><\/p>\n<p><img loading=\"lazy\" decoding=\"async\" class=\"size-medium wp-image-1602 aligncenter\" src=\"https:\/\/cameraquaytrom.net\/wp-content\/uploads\/2021\/07\/z2456494577152_81916d680f53e89eec687f67e1f00e14-compressed-2048x2048-1619454767188-300x300.jpg\" alt=\"\" width=\"300\" height=\"300\" srcset=\"https:\/\/cameraquaytrom.net\/wp-content\/uploads\/2021\/07\/z2456494577152_81916d680f53e89eec687f67e1f00e14-compressed-2048x2048-1619454767188-300x300.jpg 300w, https:\/\/cameraquaytrom.net\/wp-content\/uploads\/2021\/07\/z2456494577152_81916d680f53e89eec687f67e1f00e14-compressed-2048x2048-1619454767188-1024x1024.jpg 1024w, https:\/\/cameraquaytrom.net\/wp-content\/uploads\/2021\/07\/z2456494577152_81916d680f53e89eec687f67e1f00e14-compressed-2048x2048-1619454767188-150x150.jpg 150w, https:\/\/cameraquaytrom.net\/wp-content\/uploads\/2021\/07\/z2456494577152_81916d680f53e89eec687f67e1f00e14-compressed-2048x2048-1619454767188-768x768.jpg 768w, https:\/\/cameraquaytrom.net\/wp-content\/uploads\/2021\/07\/z2456494577152_81916d680f53e89eec687f67e1f00e14-compressed-2048x2048-1619454767188-1536x1536.jpg 1536w, https:\/\/cameraquaytrom.net\/wp-content\/uploads\/2021\/07\/z2456494577152_81916d680f53e89eec687f67e1f00e14-compressed-2048x2048-1619454767188-600x600.jpg 600w, https:\/\/cameraquaytrom.net\/wp-content\/uploads\/2021\/07\/z2456494577152_81916d680f53e89eec687f67e1f00e14-compressed-2048x2048-1619454767188-100x100.jpg 100w, https:\/\/cameraquaytrom.net\/wp-content\/uploads\/2021\/07\/z2456494577152_81916d680f53e89eec687f67e1f00e14-compressed-2048x2048-1619454767188.jpg 2048w\" sizes=\"(max-width: 300px) 100vw, 300px\" \/><\/p>\n<p><img loading=\"lazy\" decoding=\"async\" class=\"size-medium wp-image-1604 aligncenter\" src=\"https:\/\/cameraquaytrom.net\/wp-content\/uploads\/2021\/07\/z2456495376703_3c16e447ab1355e35c0bd8b662e26bc5-compressed-1536x1536-1619454759669-300x300.jpg\" alt=\"\" width=\"300\" height=\"300\" srcset=\"https:\/\/cameraquaytrom.net\/wp-content\/uploads\/2021\/07\/z2456495376703_3c16e447ab1355e35c0bd8b662e26bc5-compressed-1536x1536-1619454759669-300x300.jpg 300w, https:\/\/cameraquaytrom.net\/wp-content\/uploads\/2021\/07\/z2456495376703_3c16e447ab1355e35c0bd8b662e26bc5-compressed-1536x1536-1619454759669-1024x1024.jpg 1024w, https:\/\/cameraquaytrom.net\/wp-content\/uploads\/2021\/07\/z2456495376703_3c16e447ab1355e35c0bd8b662e26bc5-compressed-1536x1536-1619454759669-150x150.jpg 150w, https:\/\/cameraquaytrom.net\/wp-content\/uploads\/2021\/07\/z2456495376703_3c16e447ab1355e35c0bd8b662e26bc5-compressed-1536x1536-1619454759669-768x768.jpg 768w, https:\/\/cameraquaytrom.net\/wp-content\/uploads\/2021\/07\/z2456495376703_3c16e447ab1355e35c0bd8b662e26bc5-compressed-1536x1536-1619454759669-600x600.jpg 600w, https:\/\/cameraquaytrom.net\/wp-content\/uploads\/2021\/07\/z2456495376703_3c16e447ab1355e35c0bd8b662e26bc5-compressed-1536x1536-1619454759669-100x100.jpg 100w, https:\/\/cameraquaytrom.net\/wp-content\/uploads\/2021\/07\/z2456495376703_3c16e447ab1355e35c0bd8b662e26bc5-compressed-1536x1536-1619454759669.jpg 1536w\" sizes=\"(max-width: 300px) 100vw, 300px\" \/><\/p>\n<p>B\u1ea1n c\u1ea7n 1 thi\u1ebft b\u1ecb c\u00f3 th\u1ec3 ghi l\u1ea1i b\u1eb1ng ch\u1ee9ng 1 c\u00e1c ch\u00ednh x\u00e1c 100% m\u00e0 c\u00f3 th\u1ec3 thu \u0111\u01b0\u1ee3c c\u1ea3 h\u00ecnh v\u00e0 ti\u1ebfng r\u00f5 n\u00e9t th\u00ec b\u1ea1n h\u00e3y tham kh\u1ea3o ngay chi\u1ebfc \u0111\u1ed3ng h\u1ed3 \u0111\u1ec3 b\u00e0n camera n\u00e0y nh\u00e9.<\/p>\n<p>Thi\u1ebft b\u1ecb camera gi\u1ea5u k\u00edn \u0111\u01b0\u1ee3c c\u00e0i k\u00edn \u0111\u00e1o b\u00ean trng chi\u1ebfc \u0111\u1ed3ng h\u1ed3 ngu\u1ef5 trang c\u1ef1c kh\u00f3 ph\u00e1t hi\u1ec7n, v\u1edbi \u0111\u1ea7y \u0111\u1ee7 t\u00ednh n\u0103ng gi\u00fap b\u1ea1n th\u1ef1c hi\u1ec7n \u0111\u01b0\u1ee3c m\u1ee5c \u0111\u00edch nhu c\u1ea7u s\u1eed d\u1ee5ng<\/p>\n<p>\u0110\u1ed3ng h\u1ed3 v\u1eabn ch\u1ea1y gi\u1edd nh\u01b0 b\u00ecnh th\u01b0\u1eddng. B\u1ed9 ch\u00edp camera cao c\u1ea5p gi\u00fap ng\u01b0\u1eddi d\u00f9ng c\u00f3 th\u1ec3 k\u1ebft n\u1ed1i xem t\u1eeb xa qua \u0111i\u1ec7n tho\u1ea1i, ch\u1ea5t l\u01b0\u1ee3ng h\u00ecnh \u1ea3nh Full HD si\u00eau n\u00e9t, thu c\u1ea3 h\u00ecnh v\u00e0 ti\u1ebfng, c\u00f3 ch\u1ebf \u0111\u1ed9 quay \u0111\u00eam r\u00f5 n\u00e9t n\u1eefa nh\u00e9.<\/p>\n<h2><em><span style=\"text-decoration: underline;\">Video h\u01b0\u1edbng d\u1eabn s\u1eed d\u1ee5ng<\/span><\/em><\/h2>\n<p><iframe loading=\"lazy\" title=\"Review Camera Ngu\u1ef5 Trang \u0110\u1ed3ng H\u1ed3 \u0110\u1ec3 B\u00e0n || Camera si\u00eau nh\u1ecf gi\u1ea5u k\u00edn tinh vi c\u1ef1c kh\u00f3 ph\u00e1t hi\u1ec7n\" width=\"1020\" height=\"574\" src=\"https:\/\/www.youtube.com\/embed\/XV4FdbKwF2o?feature=oembed\" frameborder=\"0\" allow=\"accelerometer; autoplay; clipboard-write; encrypted-media; gyroscope; picture-in-picture\" allowfullscreen><\/iframe><\/p>\n<h3>Li\u00ean h\u1ec7 mua h\u00e0ng<\/h3>\n<div dir=\"auto\"><span class=\"pq6dq46d tbxw36s4 knj5qynh kvgmc6g5 ditlmg2l oygrvhab nvdbi5me sf5mxxl7 gl3lb2sf hhz5lgdu\"><img loading=\"lazy\" decoding=\"async\" src=\"https:\/\/static.xx.fbcdn.net\/images\/emoji.php\/v9\/t22\/1\/16\/260e.png\" alt=\"\u260e\ufe0f\" width=\"16\" height=\"16\" \/><\/span> A H\u1ea3i: 094.226.2345 (zalo) &#8211; T\u01b0 V\u1ea5n 24\/24<\/div>\n<div class=\"o9v6fnle cxmmr5t8 oygrvhab hcukyx3x c1et5uql ii04i59q\">\n<h3 dir=\"auto\"><span class=\"pq6dq46d tbxw36s4 knj5qynh kvgmc6g5 ditlmg2l oygrvhab nvdbi5me sf5mxxl7 gl3lb2sf hhz5lgdu\"><img loading=\"lazy\" decoding=\"async\" src=\"https:\/\/static.xx.fbcdn.net\/images\/emoji.php\/v9\/ta7\/1\/16\/1f3ea.png\" alt=\"\ud83c\udfea\" width=\"16\" height=\"16\" \/><\/span> H\u00e0 N\u1ed9i: s\u1ed1 42 Th\u1ecbnh Li\u1ec7t &#8211; Ho\u00e0ng Mai &#8211; H\u00e0 N\u1ed9i<\/h3>\n<h3 dir=\"auto\"><span class=\"pq6dq46d tbxw36s4 knj5qynh kvgmc6g5 ditlmg2l oygrvhab nvdbi5me sf5mxxl7 gl3lb2sf hhz5lgdu\"><img loading=\"lazy\" decoding=\"async\" src=\"https:\/\/static.xx.fbcdn.net\/images\/emoji.php\/v9\/ta7\/1\/16\/1f3ea.png\" alt=\"\ud83c\udfea\" width=\"16\" height=\"16\" \/><\/span> S\u00e0i G\u00f2n: 558\/66 B\u00ecnh Qu\u1edbi &#8211; Ph\u01b0\u1eddng 28 &#8211; B\u00ecnh Th\u1ea1nh<\/h3>\n<\/div>\n","protected":false},"excerpt":{"rendered":"<p>B\u1ea1n c\u1ea7n 1 thi\u1ebft b\u1ecb c\u00f3 th\u1ec3 ghi l\u1ea1i b\u1eb1ng ch\u1ee9ng 1 c\u00e1c ch\u00ednh x\u00e1c 100% m\u00e0 c\u00f3 th\u1ec3 thu \u0111\u01b0\u1ee3c c\u1ea3 h\u00ecnh v\u00e0 ti\u1ebfng r\u00f5 n\u00e9t th\u00ec b\u1ea1n h\u00e3y tham kh\u1ea3o ngay chi\u1ebfc \u0111\u1ed3ng h\u1ed3 \u0111\u1ec3 b\u00e0n camera n\u00e0y nh\u00e9.<\/p>\n","protected":false},"featured_media":1605,"comment_status":"open","ping_status":"closed","template":"","meta":[],"product_cat":[30,55],"product_tag":[59,62,57,60,61,58,67],"class_list":{"0":"post-1025","1":"product","2":"type-product","3":"status-publish","4":"has-post-thumbnail","6":"product_cat-thiet-bi-quay-len","7":"product_cat-thiet-bi-quay-len-online","8":"product_tag-camera-giau-kin","9":"product_tag-camera-mini","10":"product_tag-camera-nguy-trang","11":"product_tag-camera-quay-len","12":"product_tag-camera-quay-trom","13":"product_tag-camera-sieu-nho","14":"product_tag-dong-ho-camera","16":"first","17":"instock","18":"sale","19":"shipping-taxable","20":"purchasable","21":"product-type-simple"},"_links":{"self":[{"href":"https:\/\/cameraquaytrom.net\/index.php?rest_route=\/wp\/v2\/product\/1025"}],"collection":[{"href":"https:\/\/cameraquaytrom.net\/index.php?rest_route=\/wp\/v2\/product"}],"about":[{"href":"https:\/\/cameraquaytrom.net\/index.php?rest_route=\/wp\/v2\/types\/product"}],"replies":[{"embeddable":true,"href":"https:\/\/cameraquaytrom.net\/index.php?rest_route=%2Fwp%2Fv2%2Fcomments&post=1025"}],"wp:featuredmedia":[{"embeddable":true,"href":"https:\/\/cameraquaytrom.net\/index.php?rest_route=\/wp\/v2\/media\/1605"}],"wp:attachment":[{"href":"https:\/\/cameraquaytrom.net\/index.php?rest_route=%2Fwp%2Fv2%2Fmedia&parent=1025"}],"wp:term":[{"taxonomy":"product_cat","embeddable":true,"href":"https:\/\/cameraquaytrom.net\/index.php?rest_route=%2Fwp%2Fv2%2Fproduct_cat&post=1025"},{"taxonomy":"product_tag","embeddable":true,"href":"https:\/\/cameraquaytrom.net\/index.php?rest_route=%2Fwp%2Fv2%2Fproduct_tag&post=1025"}],"curies":[{"name":"wp","href":"https:\/\/api.w.org\/{rel}","templated":true}]}}