{"id":1045,"date":"2021-04-28T14:36:38","date_gmt":"2021-04-28T14:36:38","guid":{"rendered":"http:\/\/cameraquaytrom.net\/?post_type=product&#038;p=1045"},"modified":"2021-07-30T02:49:08","modified_gmt":"2021-07-30T02:49:08","slug":"camera-nguy-trang-vi-cam-tay","status":"publish","type":"product","link":"https:\/\/cameraquaytrom.net\/?product=camera-nguy-trang-vi-cam-tay","title":{"rendered":"Camera Ngu\u1ef5 Trang V\u00ed C\u1ea7m Tay"},"content":{"rendered":"<h1 style=\"text-align: center;\">Camera Ngu\u1ef5 Trang V\u00ed C\u1ea7m Tay<\/h1>\n<p><img loading=\"lazy\" decoding=\"async\" class=\"size-medium wp-image-1625 aligncenter\" src=\"https:\/\/cameraquaytrom.net\/wp-content\/uploads\/2021\/07\/z2459207506654_20b7f1cb2f50067364e7514eca66bd8e-compressed-1619620268796-225x300.jpg\" alt=\"\" width=\"225\" height=\"300\" srcset=\"https:\/\/cameraquaytrom.net\/wp-content\/uploads\/2021\/07\/z2459207506654_20b7f1cb2f50067364e7514eca66bd8e-compressed-1619620268796-225x300.jpg 225w, https:\/\/cameraquaytrom.net\/wp-content\/uploads\/2021\/07\/z2459207506654_20b7f1cb2f50067364e7514eca66bd8e-compressed-1619620268796-768x1024.jpg 768w, https:\/\/cameraquaytrom.net\/wp-content\/uploads\/2021\/07\/z2459207506654_20b7f1cb2f50067364e7514eca66bd8e-compressed-1619620268796-1152x1536.jpg 1152w, https:\/\/cameraquaytrom.net\/wp-content\/uploads\/2021\/07\/z2459207506654_20b7f1cb2f50067364e7514eca66bd8e-compressed-1619620268796-1536x2048.jpg 1536w, https:\/\/cameraquaytrom.net\/wp-content\/uploads\/2021\/07\/z2459207506654_20b7f1cb2f50067364e7514eca66bd8e-compressed-1619620268796-600x800.jpg 600w, https:\/\/cameraquaytrom.net\/wp-content\/uploads\/2021\/07\/z2459207506654_20b7f1cb2f50067364e7514eca66bd8e-compressed-1619620268796.jpg 1920w\" sizes=\"(max-width: 225px) 100vw, 225px\" \/><\/p>\n<p><img loading=\"lazy\" decoding=\"async\" class=\"size-medium wp-image-1624 aligncenter\" src=\"https:\/\/cameraquaytrom.net\/wp-content\/uploads\/2021\/07\/z2459207296981_a77b7b5755679cbb872046242aedd2d9-compressed-1619620276930-225x300.jpg\" alt=\"\" width=\"225\" height=\"300\" srcset=\"https:\/\/cameraquaytrom.net\/wp-content\/uploads\/2021\/07\/z2459207296981_a77b7b5755679cbb872046242aedd2d9-compressed-1619620276930-225x300.jpg 225w, https:\/\/cameraquaytrom.net\/wp-content\/uploads\/2021\/07\/z2459207296981_a77b7b5755679cbb872046242aedd2d9-compressed-1619620276930-768x1024.jpg 768w, https:\/\/cameraquaytrom.net\/wp-content\/uploads\/2021\/07\/z2459207296981_a77b7b5755679cbb872046242aedd2d9-compressed-1619620276930-1152x1536.jpg 1152w, https:\/\/cameraquaytrom.net\/wp-content\/uploads\/2021\/07\/z2459207296981_a77b7b5755679cbb872046242aedd2d9-compressed-1619620276930-1536x2048.jpg 1536w, https:\/\/cameraquaytrom.net\/wp-content\/uploads\/2021\/07\/z2459207296981_a77b7b5755679cbb872046242aedd2d9-compressed-1619620276930-600x800.jpg 600w, https:\/\/cameraquaytrom.net\/wp-content\/uploads\/2021\/07\/z2459207296981_a77b7b5755679cbb872046242aedd2d9-compressed-1619620276930.jpg 1920w\" sizes=\"(max-width: 225px) 100vw, 225px\" \/><\/p>\n<p><img loading=\"lazy\" decoding=\"async\" class=\"size-medium wp-image-1626 aligncenter\" src=\"https:\/\/cameraquaytrom.net\/wp-content\/uploads\/2021\/07\/z2459207616228_9ade83d0c33d2fb07c73f185a2aa9715-compressed-1619620258257-225x300.jpg\" alt=\"\" width=\"225\" height=\"300\" srcset=\"https:\/\/cameraquaytrom.net\/wp-content\/uploads\/2021\/07\/z2459207616228_9ade83d0c33d2fb07c73f185a2aa9715-compressed-1619620258257-225x300.jpg 225w, https:\/\/cameraquaytrom.net\/wp-content\/uploads\/2021\/07\/z2459207616228_9ade83d0c33d2fb07c73f185a2aa9715-compressed-1619620258257-768x1024.jpg 768w, https:\/\/cameraquaytrom.net\/wp-content\/uploads\/2021\/07\/z2459207616228_9ade83d0c33d2fb07c73f185a2aa9715-compressed-1619620258257-1152x1536.jpg 1152w, https:\/\/cameraquaytrom.net\/wp-content\/uploads\/2021\/07\/z2459207616228_9ade83d0c33d2fb07c73f185a2aa9715-compressed-1619620258257-1536x2048.jpg 1536w, https:\/\/cameraquaytrom.net\/wp-content\/uploads\/2021\/07\/z2459207616228_9ade83d0c33d2fb07c73f185a2aa9715-compressed-1619620258257-600x800.jpg 600w, https:\/\/cameraquaytrom.net\/wp-content\/uploads\/2021\/07\/z2459207616228_9ade83d0c33d2fb07c73f185a2aa9715-compressed-1619620258257.jpg 1920w\" sizes=\"(max-width: 225px) 100vw, 225px\" \/><\/p>\n<p><img loading=\"lazy\" decoding=\"async\" class=\"size-medium wp-image-1628 aligncenter\" src=\"https:\/\/cameraquaytrom.net\/wp-content\/uploads\/2021\/07\/z2459207761196_4148af9d43b7dfce84915137abe5c67b-compressed-1619620252613-225x300.jpg\" alt=\"\" width=\"225\" height=\"300\" srcset=\"https:\/\/cameraquaytrom.net\/wp-content\/uploads\/2021\/07\/z2459207761196_4148af9d43b7dfce84915137abe5c67b-compressed-1619620252613-225x300.jpg 225w, https:\/\/cameraquaytrom.net\/wp-content\/uploads\/2021\/07\/z2459207761196_4148af9d43b7dfce84915137abe5c67b-compressed-1619620252613-768x1024.jpg 768w, https:\/\/cameraquaytrom.net\/wp-content\/uploads\/2021\/07\/z2459207761196_4148af9d43b7dfce84915137abe5c67b-compressed-1619620252613-1152x1536.jpg 1152w, https:\/\/cameraquaytrom.net\/wp-content\/uploads\/2021\/07\/z2459207761196_4148af9d43b7dfce84915137abe5c67b-compressed-1619620252613-1536x2048.jpg 1536w, https:\/\/cameraquaytrom.net\/wp-content\/uploads\/2021\/07\/z2459207761196_4148af9d43b7dfce84915137abe5c67b-compressed-1619620252613-600x800.jpg 600w, https:\/\/cameraquaytrom.net\/wp-content\/uploads\/2021\/07\/z2459207761196_4148af9d43b7dfce84915137abe5c67b-compressed-1619620252613.jpg 1920w\" sizes=\"(max-width: 225px) 100vw, 225px\" \/><\/p>\n<p>Camera ng\u1ee5y trang v\u00ed da c\u1ea7m tay quay l\u00e9n v\u1edbi ki\u1ec3u d\u00e1ng nh\u01b0 chi\u1ebfc v\u00ed da nam c\u1ea7m tay nh\u01b0ng \u0111\u01b0\u1ee3c t\u00edch h\u1ee3p m\u1eaft camera gi\u00fap quay phim, ghi \u00e2m, gi\u00e1m s\u00e1t c\u1ef1c t\u1ed1t.<\/p>\n<p>B\u1ea1n \u0111ang l\u00e0m ngh\u1ec1 nh\u00e0 b\u00e1o, c\u00f4ng an, th\u00e1m t\u1eed t\u01b0\u2026 c\u1ea7n t\u01b0 li\u1ec7u nh\u01b0ng kh\u00f4ng d\u00f9ng \u0111\u01b0\u1ee3c camera th\u00f4ng th\u01b0\u1eddng? B\u1ea1n l\u00e0 sinh vi\u00ean \u1edf k\u00ed t\u00fac x\u00e1 b\u1ea5t ti\u1ec7n s\u1ee3 b\u1ecb m\u1ea5t \u0111\u1ed3 \u0111\u1ea1c? D\u00f9 l\u00e0 ai n\u1ebfu nh\u01b0 mu\u1ed1n s\u1edf h\u1eefu thi\u1ebft b\u1ecb quay l\u00e9n ng\u1ee5y trang t\u00e0i t\u00ednh c\u00f3 th\u1ec3 tham kh\u1ea3o th\u00eam b\u00e0i vi\u1ebft n\u00e0y.<\/p>\n<p>Th\u1ecb tr\u01b0\u1eddng hi\u1ec7n nay c\u00f3 nhi\u1ec1u m\u1eabu m\u00e3, ki\u1ec3u d\u00e1ng\u00a0camea ng\u1ee5y trang\u00a0v\u1edbi t\u00ednh n\u0103ng tuy\u1ec7t v\u1eddi. Trong \u0111\u00f3,\u00a0Camera ng\u1ee5y trang v\u00ed da c\u1ea7m tay quay l\u00e9n\u00a0l\u00e0 s\u1ea3n ph\u1ea9m \u0111\u01b0\u1ee3c \u0111\u00e1nh gi\u00e1 cao v\u00e0 \u0111\u01b0\u1ee3c kh\u00e1ch h\u00e0ng tin t\u01b0\u1edfng l\u1ef1a ch\u1ecdn.<\/p>\n<p>\u0110\u01b0\u1ee3c ng\u1ee5y trang v\u1ebb b\u1ec1 ngo\u00e0i l\u00e0 chi\u1ebfc v\u00ed c\u1ea7m tay v\u1edbi nh\u1eefng m\u00e0u th\u1eddi trang l\u00e0 n\u00e2u v\u00e0 \u0111en, v\u00ec th\u1ebf\u00a0camera quay l\u00e9n\u00a0v\u00ed da v\u00e0 b\u00f3p da cho b\u1ea1n d\u1ec5 d\u00e0ng l\u1ef1a ch\u1ecdn m\u00e0u s\u1eafc th\u00edch h\u1ee3p. \u0110i\u1ec1u \u0111\u1eb7c bi\u1ec7t, kh\u00f4ng ai ng\u1edd r\u1eb1ng \u1ea9n s\u00e2u trong v\u00ed da \u0111\u00f3 l\u00e0 m\u1eaft\u00a0camera si\u00eau nh\u1ecf quay l\u00e9n\u00a0v\u1edbi cap micro, pin \u0111\u1ec3 b\u1ea1n s\u1eed d\u1ee5ng khi c\u1ea7n thi\u1ebft.<\/p>\n<p>Ch\u00ednh t\u00ednh n\u0103ng ho\u00e0n h\u1ea3o, v\u00ec th\u1ebf s\u1ea3n ph\u1ea9m c\u00f4ng ngh\u1ec7 n\u00e0y c\u00f3 th\u1ec3 l\u00e0m h\u00e0i l\u00f2ng nhu c\u1ea7u m\u1ecdi nhu c\u1ea7u c\u1ee7a kh\u00e1ch h\u00e0ng.<\/p>\n<h2><span style=\"text-decoration: underline;\"><em>Video h\u01b0\u1edbng d\u1eabn s\u1eed d\u1ee5ng<\/em><\/span><\/h2>\n<p><iframe loading=\"lazy\" title=\"V\u00ed Camera || Camera ngu\u1ef5 trang v\u00ed c\u1ea7m tay si\u00eau h\u00f3t 2020 xem tr\u1ef1c ti\u1ebfp h\u00ecnh \u1ea3nh t\u1eeb xa qua \u0111i\u1ec7n tho\u1ea1i\" width=\"1020\" height=\"574\" src=\"https:\/\/www.youtube.com\/embed\/qq9L5utdcTA?start=71&#038;feature=oembed\" frameborder=\"0\" allow=\"accelerometer; autoplay; clipboard-write; encrypted-media; gyroscope; picture-in-picture\" allowfullscreen><\/iframe><\/p>\n<h3>Li\u00ean h\u1ec7 mua h\u00e0ng<\/h3>\n<div dir=\"auto\"><span class=\"pq6dq46d tbxw36s4 knj5qynh kvgmc6g5 ditlmg2l oygrvhab nvdbi5me sf5mxxl7 gl3lb2sf hhz5lgdu\"><img loading=\"lazy\" decoding=\"async\" src=\"https:\/\/static.xx.fbcdn.net\/images\/emoji.php\/v9\/t22\/1\/16\/260e.png\" alt=\"\u260e\ufe0f\" width=\"16\" height=\"16\" \/><\/span> A H\u1ea3i: 094.226.2345 (zalo) &#8211; T\u01b0 V\u1ea5n 24\/24<\/div>\n<div class=\"o9v6fnle cxmmr5t8 oygrvhab hcukyx3x c1et5uql ii04i59q\">\n<h3 dir=\"auto\"><span class=\"pq6dq46d tbxw36s4 knj5qynh kvgmc6g5 ditlmg2l oygrvhab nvdbi5me sf5mxxl7 gl3lb2sf hhz5lgdu\"><img loading=\"lazy\" decoding=\"async\" src=\"https:\/\/static.xx.fbcdn.net\/images\/emoji.php\/v9\/ta7\/1\/16\/1f3ea.png\" alt=\"\ud83c\udfea\" width=\"16\" height=\"16\" \/><\/span> H\u00e0 N\u1ed9i: s\u1ed1 42 Th\u1ecbnh Li\u1ec7t &#8211; Ho\u00e0ng Mai &#8211; H\u00e0 N\u1ed9i<\/h3>\n<h3 dir=\"auto\"><span class=\"pq6dq46d tbxw36s4 knj5qynh kvgmc6g5 ditlmg2l oygrvhab nvdbi5me sf5mxxl7 gl3lb2sf hhz5lgdu\"><img loading=\"lazy\" decoding=\"async\" src=\"https:\/\/static.xx.fbcdn.net\/images\/emoji.php\/v9\/ta7\/1\/16\/1f3ea.png\" alt=\"\ud83c\udfea\" width=\"16\" height=\"16\" \/><\/span> S\u00e0i G\u00f2n: 558\/66 B\u00ecnh Qu\u1edbi &#8211; Ph\u01b0\u1eddng 28 &#8211; B\u00ecnh Th\u1ea1nh<\/h3>\n<\/div>\n","protected":false},"excerpt":{"rendered":"<p>Camera Ngu\u1ef5 Trang V\u00ed C\u1ea7m Tay Camera ng\u1ee5y trang v\u00ed da c\u1ea7m tay quay l\u00e9n v\u1edbi ki\u1ec3u d\u00e1ng nh\u01b0 chi\u1ebfc v\u00ed da nam c\u1ea7m tay nh\u01b0ng \u0111\u01b0\u1ee3c t\u00edch h\u1ee3p m\u1eaft camera gi\u00fap quay phim, ghi \u00e2m, gi\u00e1m s\u00e1t c\u1ef1c t\u1ed1t. B\u1ea1n \u0111ang l\u00e0m ngh\u1ec1 nh\u00e0 b\u00e1o, c\u00f4ng an, th\u00e1m t\u1eed t\u01b0\u2026 c\u1ea7n t\u01b0 li\u1ec7u nh\u01b0ng [&hellip;]\n","protected":false},"featured_media":1625,"comment_status":"open","ping_status":"closed","template":"","meta":[],"product_cat":[30,55],"product_tag":[62,57,71,60,61,58,68,90],"class_list":{"0":"post-1045","1":"product","2":"type-product","3":"status-publish","4":"has-post-thumbnail","6":"product_cat-thiet-bi-quay-len","7":"product_cat-thiet-bi-quay-len-online","8":"product_tag-camera-mini","9":"product_tag-camera-nguy-trang","10":"product_tag-camera-nguy-trang-cuc-ao","11":"product_tag-camera-quay-len","12":"product_tag-camera-quay-trom","13":"product_tag-camera-sieu-nho","14":"product_tag-camera-xem-tu-xa","15":"product_tag-vi-camera","17":"first","18":"instock","19":"sale","20":"shipping-taxable","21":"purchasable","22":"product-type-simple"},"_links":{"self":[{"href":"https:\/\/cameraquaytrom.net\/index.php?rest_route=\/wp\/v2\/product\/1045"}],"collection":[{"href":"https:\/\/cameraquaytrom.net\/index.php?rest_route=\/wp\/v2\/product"}],"about":[{"href":"https:\/\/cameraquaytrom.net\/index.php?rest_route=\/wp\/v2\/types\/product"}],"replies":[{"embeddable":true,"href":"https:\/\/cameraquaytrom.net\/index.php?rest_route=%2Fwp%2Fv2%2Fcomments&post=1045"}],"wp:featuredmedia":[{"embeddable":true,"href":"https:\/\/cameraquaytrom.net\/index.php?rest_route=\/wp\/v2\/media\/1625"}],"wp:attachment":[{"href":"https:\/\/cameraquaytrom.net\/index.php?rest_route=%2Fwp%2Fv2%2Fmedia&parent=1045"}],"wp:term":[{"taxonomy":"product_cat","embeddable":true,"href":"https:\/\/cameraquaytrom.net\/index.php?rest_route=%2Fwp%2Fv2%2Fproduct_cat&post=1045"},{"taxonomy":"product_tag","embeddable":true,"href":"https:\/\/cameraquaytrom.net\/index.php?rest_route=%2Fwp%2Fv2%2Fproduct_tag&post=1045"}],"curies":[{"name":"wp","href":"https:\/\/api.w.org\/{rel}","templated":true}]}}