{"id":1050,"date":"2021-04-28T14:47:38","date_gmt":"2021-04-28T14:47:38","guid":{"rendered":"http:\/\/cameraquaytrom.net\/?post_type=product&#038;p=1050"},"modified":"2021-07-30T02:45:54","modified_gmt":"2021-07-30T02:45:54","slug":"camera-nguy-trang-sac-pin-du-phong-h11","status":"publish","type":"product","link":"https:\/\/cameraquaytrom.net\/?product=camera-nguy-trang-sac-pin-du-phong-h11","title":{"rendered":"Camera Ngu\u1ef5 Trang S\u1ea1c Pin D\u1ef1 Ph\u00f2ng H11"},"content":{"rendered":"<h1 style=\"text-align: center;\">Camera Ngu\u1ef5 Trang S\u1ea1c Pin D\u1ef1 Ph\u00f2ng H11<\/h1>\n<p><img loading=\"lazy\" decoding=\"async\" class=\"size-medium wp-image-1859 aligncenter\" src=\"https:\/\/cameraquaytrom.net\/wp-content\/uploads\/2021\/04\/aaaaaa-225x300.jpg\" alt=\"\" width=\"225\" height=\"300\" srcset=\"https:\/\/cameraquaytrom.net\/wp-content\/uploads\/2021\/04\/aaaaaa-225x300.jpg 225w, https:\/\/cameraquaytrom.net\/wp-content\/uploads\/2021\/04\/aaaaaa-768x1024.jpg 768w, https:\/\/cameraquaytrom.net\/wp-content\/uploads\/2021\/04\/aaaaaa-1152x1536.jpg 1152w, https:\/\/cameraquaytrom.net\/wp-content\/uploads\/2021\/04\/aaaaaa-1536x2048.jpg 1536w, https:\/\/cameraquaytrom.net\/wp-content\/uploads\/2021\/04\/aaaaaa-600x800.jpg 600w, https:\/\/cameraquaytrom.net\/wp-content\/uploads\/2021\/04\/aaaaaa.jpg 1920w\" sizes=\"(max-width: 225px) 100vw, 225px\" \/><\/p>\n<p><img loading=\"lazy\" decoding=\"async\" class=\"size-medium wp-image-1860 aligncenter\" src=\"https:\/\/cameraquaytrom.net\/wp-content\/uploads\/2021\/04\/z2459208858821_96c33626e6de68ebcd0e4aa20f69398f-compressed-225x300.jpg\" alt=\"\" width=\"225\" height=\"300\" srcset=\"https:\/\/cameraquaytrom.net\/wp-content\/uploads\/2021\/04\/z2459208858821_96c33626e6de68ebcd0e4aa20f69398f-compressed-225x300.jpg 225w, https:\/\/cameraquaytrom.net\/wp-content\/uploads\/2021\/04\/z2459208858821_96c33626e6de68ebcd0e4aa20f69398f-compressed-768x1024.jpg 768w, https:\/\/cameraquaytrom.net\/wp-content\/uploads\/2021\/04\/z2459208858821_96c33626e6de68ebcd0e4aa20f69398f-compressed-1152x1536.jpg 1152w, https:\/\/cameraquaytrom.net\/wp-content\/uploads\/2021\/04\/z2459208858821_96c33626e6de68ebcd0e4aa20f69398f-compressed-1536x2048.jpg 1536w, https:\/\/cameraquaytrom.net\/wp-content\/uploads\/2021\/04\/z2459208858821_96c33626e6de68ebcd0e4aa20f69398f-compressed-600x800.jpg 600w, https:\/\/cameraquaytrom.net\/wp-content\/uploads\/2021\/04\/z2459208858821_96c33626e6de68ebcd0e4aa20f69398f-compressed.jpg 1920w\" sizes=\"(max-width: 225px) 100vw, 225px\" \/><\/p>\n<p><img loading=\"lazy\" decoding=\"async\" class=\"size-medium wp-image-1861 aligncenter\" src=\"https:\/\/cameraquaytrom.net\/wp-content\/uploads\/2021\/04\/z2459208989821_3d57636daaa57b99accc551509071507-compressed-225x300.jpg\" alt=\"\" width=\"225\" height=\"300\" srcset=\"https:\/\/cameraquaytrom.net\/wp-content\/uploads\/2021\/04\/z2459208989821_3d57636daaa57b99accc551509071507-compressed-225x300.jpg 225w, https:\/\/cameraquaytrom.net\/wp-content\/uploads\/2021\/04\/z2459208989821_3d57636daaa57b99accc551509071507-compressed-768x1024.jpg 768w, https:\/\/cameraquaytrom.net\/wp-content\/uploads\/2021\/04\/z2459208989821_3d57636daaa57b99accc551509071507-compressed-1152x1536.jpg 1152w, https:\/\/cameraquaytrom.net\/wp-content\/uploads\/2021\/04\/z2459208989821_3d57636daaa57b99accc551509071507-compressed-1536x2048.jpg 1536w, https:\/\/cameraquaytrom.net\/wp-content\/uploads\/2021\/04\/z2459208989821_3d57636daaa57b99accc551509071507-compressed-600x800.jpg 600w, https:\/\/cameraquaytrom.net\/wp-content\/uploads\/2021\/04\/z2459208989821_3d57636daaa57b99accc551509071507-compressed.jpg 1920w\" sizes=\"(max-width: 225px) 100vw, 225px\" \/><\/p>\n<p><img loading=\"lazy\" decoding=\"async\" class=\"size-medium wp-image-1862 aligncenter\" src=\"https:\/\/cameraquaytrom.net\/wp-content\/uploads\/2021\/04\/z2459209124470_dac64f74aaa5a579d7b82b0da296c1fe-compressed-225x300.jpg\" alt=\"\" width=\"225\" height=\"300\" srcset=\"https:\/\/cameraquaytrom.net\/wp-content\/uploads\/2021\/04\/z2459209124470_dac64f74aaa5a579d7b82b0da296c1fe-compressed-225x300.jpg 225w, https:\/\/cameraquaytrom.net\/wp-content\/uploads\/2021\/04\/z2459209124470_dac64f74aaa5a579d7b82b0da296c1fe-compressed-768x1024.jpg 768w, https:\/\/cameraquaytrom.net\/wp-content\/uploads\/2021\/04\/z2459209124470_dac64f74aaa5a579d7b82b0da296c1fe-compressed-1152x1536.jpg 1152w, https:\/\/cameraquaytrom.net\/wp-content\/uploads\/2021\/04\/z2459209124470_dac64f74aaa5a579d7b82b0da296c1fe-compressed-1536x2048.jpg 1536w, https:\/\/cameraquaytrom.net\/wp-content\/uploads\/2021\/04\/z2459209124470_dac64f74aaa5a579d7b82b0da296c1fe-compressed-600x800.jpg 600w, https:\/\/cameraquaytrom.net\/wp-content\/uploads\/2021\/04\/z2459209124470_dac64f74aaa5a579d7b82b0da296c1fe-compressed.jpg 1920w\" sizes=\"(max-width: 225px) 100vw, 225px\" \/><\/p>\n<p><img loading=\"lazy\" decoding=\"async\" class=\"size-medium wp-image-1863 aligncenter\" src=\"https:\/\/cameraquaytrom.net\/wp-content\/uploads\/2021\/04\/z2459209383313_df0c5896cc4f4a5b94e99cf6facc6ebd-compressed-225x300.jpg\" alt=\"\" width=\"225\" height=\"300\" srcset=\"https:\/\/cameraquaytrom.net\/wp-content\/uploads\/2021\/04\/z2459209383313_df0c5896cc4f4a5b94e99cf6facc6ebd-compressed-225x300.jpg 225w, https:\/\/cameraquaytrom.net\/wp-content\/uploads\/2021\/04\/z2459209383313_df0c5896cc4f4a5b94e99cf6facc6ebd-compressed-768x1024.jpg 768w, https:\/\/cameraquaytrom.net\/wp-content\/uploads\/2021\/04\/z2459209383313_df0c5896cc4f4a5b94e99cf6facc6ebd-compressed-1152x1536.jpg 1152w, https:\/\/cameraquaytrom.net\/wp-content\/uploads\/2021\/04\/z2459209383313_df0c5896cc4f4a5b94e99cf6facc6ebd-compressed-1536x2048.jpg 1536w, https:\/\/cameraquaytrom.net\/wp-content\/uploads\/2021\/04\/z2459209383313_df0c5896cc4f4a5b94e99cf6facc6ebd-compressed-600x800.jpg 600w, https:\/\/cameraquaytrom.net\/wp-content\/uploads\/2021\/04\/z2459209383313_df0c5896cc4f4a5b94e99cf6facc6ebd-compressed.jpg 1920w\" sizes=\"(max-width: 225px) 100vw, 225px\" \/><\/p>\n<div class=\"entry-content\">\n<p><strong>Camera quay l\u00e9n ng\u1ee5y trang s\u1ea1c d\u1ef1 ph\u00f2ng H11<\/strong>\u00a0c\u00f3 thi\u1ebft k\u1ebf hi\u1ec7n \u0111\u1ea1i, \u0111\u1ed9c \u0111\u00e1o v\u00e0 \u0111\u01b0\u1ee3c t\u00edch h\u1ee3p nhi\u1ec1u t\u00ednh n\u0103ng. V\u1edbi k\u00edch th\u01b0\u1edbc nh\u1ecf g\u1ecdn c\u00f9ng ki\u1ec3u d\u00e1ng hi\u1ec7n \u0111\u1ecba, \u01b0u \u0111i\u1ec3m mang l\u1ea1i cho ng\u01b0\u1eddi d\u00f9ng l\u1ea1i nhi\u1ec1u. \u0110\u00e2y c\u0169ng ch\u00ednh l\u00e0 m\u1ed9t trong nh\u1eefng l\u00fd do h\u00e0ng \u0111\u1ea7u m\u00e0 c\u00e1c gia \u0111\u00ecnh, c\u00f4ng ty, v\u0103n ph\u00f2ng hay th\u1eadm ch\u00ed l\u00e0 c\u00e1c c\u00e1 nh\u00e2n \u01b0u ti\u00ean s\u1eed d\u1ee5ng.<\/p>\n<p>Video h\u01b0\u1edbng d\u1eabn s\u1eed d\u1ee5ng:<\/p>\n<p><iframe loading=\"lazy\" title=\"Camera ngu\u1ef5 trang c\u1ee5c s\u1ea1c pin d\u1ef1 ph\u00f2ng h\u00e0ng nh\u1eadp kh\u1ea9u Nh\u1eadt B\u1ea3n (Made in Japan)\" width=\"1020\" height=\"574\" src=\"https:\/\/www.youtube.com\/embed\/p8FzFAw16Xg?start=14&#038;feature=oembed\" frameborder=\"0\" allow=\"accelerometer; autoplay; clipboard-write; encrypted-media; gyroscope; picture-in-picture\" allowfullscreen><\/iframe><\/p>\n<h3>Li\u00ean h\u1ec7 mua h\u00e0ng<\/h3>\n<div dir=\"auto\"><span class=\"pq6dq46d tbxw36s4 knj5qynh kvgmc6g5 ditlmg2l oygrvhab nvdbi5me sf5mxxl7 gl3lb2sf hhz5lgdu\"><img loading=\"lazy\" decoding=\"async\" src=\"https:\/\/static.xx.fbcdn.net\/images\/emoji.php\/v9\/t22\/1\/16\/260e.png\" alt=\"\u260e\ufe0f\" width=\"16\" height=\"16\" \/><\/span> A H\u1ea3i: 094.226.2345 (zalo) &#8211; T\u01b0 V\u1ea5n 24\/24<\/div>\n<div class=\"o9v6fnle cxmmr5t8 oygrvhab hcukyx3x c1et5uql ii04i59q\">\n<h3 dir=\"auto\"><span class=\"pq6dq46d tbxw36s4 knj5qynh kvgmc6g5 ditlmg2l oygrvhab nvdbi5me sf5mxxl7 gl3lb2sf hhz5lgdu\"><img loading=\"lazy\" decoding=\"async\" src=\"https:\/\/static.xx.fbcdn.net\/images\/emoji.php\/v9\/ta7\/1\/16\/1f3ea.png\" alt=\"\ud83c\udfea\" width=\"16\" height=\"16\" \/><\/span> H\u00e0 N\u1ed9i: s\u1ed1 42 Th\u1ecbnh Li\u1ec7t &#8211; Ho\u00e0ng Mai &#8211; H\u00e0 N\u1ed9i<\/h3>\n<h3 dir=\"auto\"><span class=\"pq6dq46d tbxw36s4 knj5qynh kvgmc6g5 ditlmg2l oygrvhab nvdbi5me sf5mxxl7 gl3lb2sf hhz5lgdu\"><img loading=\"lazy\" decoding=\"async\" src=\"https:\/\/static.xx.fbcdn.net\/images\/emoji.php\/v9\/ta7\/1\/16\/1f3ea.png\" alt=\"\ud83c\udfea\" width=\"16\" height=\"16\" \/><\/span> S\u00e0i G\u00f2n: 558\/66 B\u00ecnh Qu\u1edbi &#8211; Ph\u01b0\u1eddng 28 &#8211; B\u00ecnh Th\u1ea1nh<\/h3>\n<\/div>\n<\/div>\n<div class=\"meta mb-4\"><\/div>\n<div class=\"gift\"><\/div>\n","protected":false},"excerpt":{"rendered":"<p><strong>Camera quay l\u00e9n ng\u1ee5y trang s\u1ea1c d\u1ef1 ph\u00f2ng H11<\/strong>\u00a0c\u00f3 thi\u1ebft k\u1ebf hi\u1ec7n \u0111\u1ea1i, \u0111\u1ed9c \u0111\u00e1o v\u00e0 \u0111\u01b0\u1ee3c t\u00edch h\u1ee3p nhi\u1ec1u t\u00ednh n\u0103ng. V\u1edbi k\u00edch th\u01b0\u1edbc nh\u1ecf g\u1ecdn c\u00f9ng ki\u1ec3u d\u00e1ng hi\u1ec7n \u0111\u1ecba, \u01b0u \u0111i\u1ec3m mang l\u1ea1i cho ng\u01b0\u1eddi d\u00f9ng l\u1ea1i nhi\u1ec1u<\/p>\n","protected":false},"featured_media":1859,"comment_status":"open","ping_status":"closed","template":"","meta":[],"product_cat":[30,55],"product_tag":[59,62,57,71,74,60,61,58],"class_list":{"0":"post-1050","1":"product","2":"type-product","3":"status-publish","4":"has-post-thumbnail","6":"product_cat-thiet-bi-quay-len","7":"product_cat-thiet-bi-quay-len-online","8":"product_tag-camera-giau-kin","9":"product_tag-camera-mini","10":"product_tag-camera-nguy-trang","11":"product_tag-camera-nguy-trang-cuc-ao","12":"product_tag-camera-nguy-trang-cuc-sac","13":"product_tag-camera-quay-len","14":"product_tag-camera-quay-trom","15":"product_tag-camera-sieu-nho","17":"first","18":"instock","19":"sale","20":"shipping-taxable","21":"purchasable","22":"product-type-simple"},"_links":{"self":[{"href":"https:\/\/cameraquaytrom.net\/index.php?rest_route=\/wp\/v2\/product\/1050"}],"collection":[{"href":"https:\/\/cameraquaytrom.net\/index.php?rest_route=\/wp\/v2\/product"}],"about":[{"href":"https:\/\/cameraquaytrom.net\/index.php?rest_route=\/wp\/v2\/types\/product"}],"replies":[{"embeddable":true,"href":"https:\/\/cameraquaytrom.net\/index.php?rest_route=%2Fwp%2Fv2%2Fcomments&post=1050"}],"wp:featuredmedia":[{"embeddable":true,"href":"https:\/\/cameraquaytrom.net\/index.php?rest_route=\/wp\/v2\/media\/1859"}],"wp:attachment":[{"href":"https:\/\/cameraquaytrom.net\/index.php?rest_route=%2Fwp%2Fv2%2Fmedia&parent=1050"}],"wp:term":[{"taxonomy":"product_cat","embeddable":true,"href":"https:\/\/cameraquaytrom.net\/index.php?rest_route=%2Fwp%2Fv2%2Fproduct_cat&post=1050"},{"taxonomy":"product_tag","embeddable":true,"href":"https:\/\/cameraquaytrom.net\/index.php?rest_route=%2Fwp%2Fv2%2Fproduct_tag&post=1050"}],"curies":[{"name":"wp","href":"https:\/\/api.w.org\/{rel}","templated":true}]}}