{"id":1053,"date":"2021-05-03T03:05:56","date_gmt":"2021-05-03T03:05:56","guid":{"rendered":"http:\/\/cameraquaytrom.net\/?post_type=product&#038;p=1053"},"modified":"2021-07-30T02:34:12","modified_gmt":"2021-07-30T02:34:12","slug":"camera-nguy-trang-sac-pin-du-phong-h2","status":"publish","type":"product","link":"https:\/\/cameraquaytrom.net\/?product=camera-nguy-trang-sac-pin-du-phong-h2","title":{"rendered":"Camera Ngu\u1ef5 Trang S\u1ea1c Pin D\u1ef1 Ph\u00f2ng H2"},"content":{"rendered":"<h2 style=\"text-align: center;\">Camera Ngu\u1ef5 Trang S\u1ea1c Pin D\u1ef1 Ph\u00f2ng H2<\/h2>\n<p><img loading=\"lazy\" decoding=\"async\" class=\"size-medium wp-image-1857 aligncenter\" src=\"https:\/\/cameraquaytrom.net\/wp-content\/uploads\/2021\/05\/z2459209933070_795a8a651930b034fd24ddb23bffb7be-compressed-225x300.jpg\" alt=\"\" width=\"225\" height=\"300\" srcset=\"https:\/\/cameraquaytrom.net\/wp-content\/uploads\/2021\/05\/z2459209933070_795a8a651930b034fd24ddb23bffb7be-compressed-225x300.jpg 225w, https:\/\/cameraquaytrom.net\/wp-content\/uploads\/2021\/05\/z2459209933070_795a8a651930b034fd24ddb23bffb7be-compressed-768x1024.jpg 768w, https:\/\/cameraquaytrom.net\/wp-content\/uploads\/2021\/05\/z2459209933070_795a8a651930b034fd24ddb23bffb7be-compressed-1152x1536.jpg 1152w, https:\/\/cameraquaytrom.net\/wp-content\/uploads\/2021\/05\/z2459209933070_795a8a651930b034fd24ddb23bffb7be-compressed-1536x2048.jpg 1536w, https:\/\/cameraquaytrom.net\/wp-content\/uploads\/2021\/05\/z2459209933070_795a8a651930b034fd24ddb23bffb7be-compressed-600x800.jpg 600w, https:\/\/cameraquaytrom.net\/wp-content\/uploads\/2021\/05\/z2459209933070_795a8a651930b034fd24ddb23bffb7be-compressed.jpg 1920w\" sizes=\"(max-width: 225px) 100vw, 225px\" \/><\/p>\n<p><img loading=\"lazy\" decoding=\"async\" class=\"size-medium wp-image-1858 aligncenter\" src=\"https:\/\/cameraquaytrom.net\/wp-content\/uploads\/2021\/05\/z2459210006510_b58cb7c9bb936640a9906e48f4ba0812-compressed-225x300.jpg\" alt=\"\" width=\"225\" height=\"300\" srcset=\"https:\/\/cameraquaytrom.net\/wp-content\/uploads\/2021\/05\/z2459210006510_b58cb7c9bb936640a9906e48f4ba0812-compressed-225x300.jpg 225w, https:\/\/cameraquaytrom.net\/wp-content\/uploads\/2021\/05\/z2459210006510_b58cb7c9bb936640a9906e48f4ba0812-compressed-768x1024.jpg 768w, https:\/\/cameraquaytrom.net\/wp-content\/uploads\/2021\/05\/z2459210006510_b58cb7c9bb936640a9906e48f4ba0812-compressed-1152x1536.jpg 1152w, https:\/\/cameraquaytrom.net\/wp-content\/uploads\/2021\/05\/z2459210006510_b58cb7c9bb936640a9906e48f4ba0812-compressed-1536x2048.jpg 1536w, https:\/\/cameraquaytrom.net\/wp-content\/uploads\/2021\/05\/z2459210006510_b58cb7c9bb936640a9906e48f4ba0812-compressed-600x800.jpg 600w, https:\/\/cameraquaytrom.net\/wp-content\/uploads\/2021\/05\/z2459210006510_b58cb7c9bb936640a9906e48f4ba0812-compressed.jpg 1920w\" sizes=\"(max-width: 225px) 100vw, 225px\" \/><\/p>\n<p><img loading=\"lazy\" decoding=\"async\" class=\"size-medium wp-image-1856 aligncenter\" src=\"https:\/\/cameraquaytrom.net\/wp-content\/uploads\/2021\/05\/z2459209796862_acf2fc31138261fc427d51c28dee73ae-compressed-225x300.jpg\" alt=\"\" width=\"225\" height=\"300\" srcset=\"https:\/\/cameraquaytrom.net\/wp-content\/uploads\/2021\/05\/z2459209796862_acf2fc31138261fc427d51c28dee73ae-compressed-225x300.jpg 225w, https:\/\/cameraquaytrom.net\/wp-content\/uploads\/2021\/05\/z2459209796862_acf2fc31138261fc427d51c28dee73ae-compressed-768x1024.jpg 768w, https:\/\/cameraquaytrom.net\/wp-content\/uploads\/2021\/05\/z2459209796862_acf2fc31138261fc427d51c28dee73ae-compressed-1152x1536.jpg 1152w, https:\/\/cameraquaytrom.net\/wp-content\/uploads\/2021\/05\/z2459209796862_acf2fc31138261fc427d51c28dee73ae-compressed-1536x2048.jpg 1536w, https:\/\/cameraquaytrom.net\/wp-content\/uploads\/2021\/05\/z2459209796862_acf2fc31138261fc427d51c28dee73ae-compressed-600x800.jpg 600w, https:\/\/cameraquaytrom.net\/wp-content\/uploads\/2021\/05\/z2459209796862_acf2fc31138261fc427d51c28dee73ae-compressed.jpg 1920w\" sizes=\"(max-width: 225px) 100vw, 225px\" \/><\/p>\n<p>B\u1ea1n mu\u1ed1n quay l\u00e9n m\u1ed9t \u0111\u1ed1i t\u01b0\u1ee3ng n\u00e0o \u0111\u00f3, kh\u00f4ng mu\u1ed1n h\u1ecd nh\u1eadn ra m\u00ecnh \u0111ang b\u1ecb quay v\u1edbi video ch\u1ea5t l\u01b0\u1ee3ng cao v\u1eady n\u00ean tham kh\u1ea3o ngay c\u00e1c t\u00ednh n\u0103ng v\u00e0 \u0111\u1eb7c \u0111i\u1ec3m c\u1ee7a chi\u1ebfc\u00a0<strong>Camera ng\u1ee5y trang s\u1ea1c d\u1ef1 ph\u00f2ng H2 quay \u0111\u00eam<\/strong>. \u0110\u00e2y l\u00e0 m\u1ed9t chi\u1ebfc camera ng\u1ee5y trang v\u1edbi thi\u1ebft k\u1ebf d\u01b0\u1edbi l\u1edbp v\u1ecf l\u00e0 m\u1ed9t c\u1ee5c s\u1ea1c, \u0111\u00e2y l\u00e0 v\u1eadt d\u1ee5ng mang theo b\u00ean m\u00ecnh h\u1ee3p l\u00fd khi\u1ebfn \u0111\u1ed1i t\u01b0\u1ee3ng b\u1ecb quay l\u00e9n kh\u00f4ng h\u1ec1 bi\u1ebft v\u00e0 kh\u00f4ng ng\u1edd r\u1eb1ng \u0111\u1ea5y l\u1ea1i l\u00e0 m\u1ed9t chi\u1ebfc camera \u0111ang quay l\u1ea1i c\u00e1c h\u00e0nh \u0111\u1ed9ng c\u1ee7a m\u00ecnh. \u0110\u1ec3 hi\u1ec3u r\u00f5 h\u01a1n v\u1ec1 s\u1ea3n ph\u1ea9m b\u1ea1n n\u00e0y c\u00f3 ki\u1ec3u d\u00e1ng ra sao t\u00ednh n\u0103ng th\u1ebf n\u00e0o b\u1ea1n h\u00e3y theo d\u00f5i b\u00e0i vi\u1ebft chi ti\u1ebft s\u1ea3n ph\u1ea9m ngay sau \u0111\u00e2y.<\/p>\n","protected":false},"excerpt":{"rendered":"<p>Camera ng\u1ee5y trang s\u1ea1c d\u1ef1 ph\u00f2ng H2 quay \u0111\u00eam\u00a0l\u00e0 m\u1ed9t chi\u1ebfc camera ng\u1ee5y trang v\u1edbi thi\u1ebft k\u1ebf d\u01b0\u1edbi l\u1edbp v\u1ecf l\u00e0 m\u1ed9t c\u1ee5c s\u1ea1c, \u0111\u00e2y l\u00e0 v\u1eadt d\u1ee5ng mang theo b\u00ean m\u00ecnh h\u1ee3p l\u00fd khi\u1ebfn \u0111\u1ed1i t\u01b0\u1ee3ng b\u1ecb quay l\u00e9n kh\u00f4ng h\u1ec1 bi\u1ebft<\/p>\n","protected":false},"featured_media":1857,"comment_status":"open","ping_status":"closed","template":"","meta":[],"product_cat":[30,56],"product_tag":[59,62,57,71,60,61,58],"class_list":{"0":"post-1053","1":"product","2":"type-product","3":"status-publish","4":"has-post-thumbnail","6":"product_cat-thiet-bi-quay-len","7":"product_cat-thiet-bi-quay-len-offline","8":"product_tag-camera-giau-kin","9":"product_tag-camera-mini","10":"product_tag-camera-nguy-trang","11":"product_tag-camera-nguy-trang-cuc-ao","12":"product_tag-camera-quay-len","13":"product_tag-camera-quay-trom","14":"product_tag-camera-sieu-nho","16":"first","17":"instock","18":"sale","19":"shipping-taxable","20":"purchasable","21":"product-type-simple"},"_links":{"self":[{"href":"https:\/\/cameraquaytrom.net\/index.php?rest_route=\/wp\/v2\/product\/1053"}],"collection":[{"href":"https:\/\/cameraquaytrom.net\/index.php?rest_route=\/wp\/v2\/product"}],"about":[{"href":"https:\/\/cameraquaytrom.net\/index.php?rest_route=\/wp\/v2\/types\/product"}],"replies":[{"embeddable":true,"href":"https:\/\/cameraquaytrom.net\/index.php?rest_route=%2Fwp%2Fv2%2Fcomments&post=1053"}],"wp:featuredmedia":[{"embeddable":true,"href":"https:\/\/cameraquaytrom.net\/index.php?rest_route=\/wp\/v2\/media\/1857"}],"wp:attachment":[{"href":"https:\/\/cameraquaytrom.net\/index.php?rest_route=%2Fwp%2Fv2%2Fmedia&parent=1053"}],"wp:term":[{"taxonomy":"product_cat","embeddable":true,"href":"https:\/\/cameraquaytrom.net\/index.php?rest_route=%2Fwp%2Fv2%2Fproduct_cat&post=1053"},{"taxonomy":"product_tag","embeddable":true,"href":"https:\/\/cameraquaytrom.net\/index.php?rest_route=%2Fwp%2Fv2%2Fproduct_tag&post=1053"}],"curies":[{"name":"wp","href":"https:\/\/api.w.org\/{rel}","templated":true}]}}