{"id":1412,"date":"2021-05-08T13:00:59","date_gmt":"2021-05-08T13:00:59","guid":{"rendered":"https:\/\/cameraquaytrom.net\/?post_type=product&#038;p=1412"},"modified":"2021-11-10T03:12:30","modified_gmt":"2021-11-10T03:12:30","slug":"dinh-vi-nghe-len-c02-moi-nhat-nho-nhat","status":"publish","type":"product","link":"https:\/\/cameraquaytrom.net\/?product=dinh-vi-nghe-len-c02-moi-nhat-nho-nhat","title":{"rendered":"\u0110\u1ecbnh V\u1ecb Nghe L\u00e9n C02 M\u1edbi Nh\u1ea5t Nh\u1ecf Nh\u1ea5t"},"content":{"rendered":"<h1 style=\"text-align: center;\">\u0110\u1ecbnh V\u1ecb Nghe L\u00e9n C02 M\u1edbi Nh\u1ea5t Nh\u1ecf Nh\u1ea5t<\/h1>\n<p><img loading=\"lazy\" decoding=\"async\" class=\"size-medium wp-image-1760 aligncenter\" src=\"https:\/\/cameraquaytrom.net\/wp-content\/uploads\/2021\/05\/z2478133655174_8c94278f69e36f906c6994480e772c1b-compressed-300x300.jpg\" alt=\"\u0111\u1ecbnh nghe l\u00e9n si\u00eau nh\u1ecf C02\" width=\"300\" height=\"300\" srcset=\"https:\/\/cameraquaytrom.net\/wp-content\/uploads\/2021\/05\/z2478133655174_8c94278f69e36f906c6994480e772c1b-compressed-300x300.jpg 300w, https:\/\/cameraquaytrom.net\/wp-content\/uploads\/2021\/05\/z2478133655174_8c94278f69e36f906c6994480e772c1b-compressed-1024x1024.jpg 1024w, https:\/\/cameraquaytrom.net\/wp-content\/uploads\/2021\/05\/z2478133655174_8c94278f69e36f906c6994480e772c1b-compressed-150x150.jpg 150w, https:\/\/cameraquaytrom.net\/wp-content\/uploads\/2021\/05\/z2478133655174_8c94278f69e36f906c6994480e772c1b-compressed-768x768.jpg 768w, https:\/\/cameraquaytrom.net\/wp-content\/uploads\/2021\/05\/z2478133655174_8c94278f69e36f906c6994480e772c1b-compressed-1536x1536.jpg 1536w, https:\/\/cameraquaytrom.net\/wp-content\/uploads\/2021\/05\/z2478133655174_8c94278f69e36f906c6994480e772c1b-compressed-2048x2048.jpg 2048w, https:\/\/cameraquaytrom.net\/wp-content\/uploads\/2021\/05\/z2478133655174_8c94278f69e36f906c6994480e772c1b-compressed-600x600.jpg 600w, https:\/\/cameraquaytrom.net\/wp-content\/uploads\/2021\/05\/z2478133655174_8c94278f69e36f906c6994480e772c1b-compressed-100x100.jpg 100w\" sizes=\"(max-width: 300px) 100vw, 300px\" \/><\/p>\n<p><img loading=\"lazy\" decoding=\"async\" class=\"size-medium wp-image-1762 aligncenter\" src=\"https:\/\/cameraquaytrom.net\/wp-content\/uploads\/2021\/05\/z2478133672115_0768ae8eba81a6a7d0dbfc658a7f832a-compressed-300x300.jpg\" alt=\"\" width=\"300\" height=\"300\" srcset=\"https:\/\/cameraquaytrom.net\/wp-content\/uploads\/2021\/05\/z2478133672115_0768ae8eba81a6a7d0dbfc658a7f832a-compressed-300x300.jpg 300w, https:\/\/cameraquaytrom.net\/wp-content\/uploads\/2021\/05\/z2478133672115_0768ae8eba81a6a7d0dbfc658a7f832a-compressed-1024x1024.jpg 1024w, https:\/\/cameraquaytrom.net\/wp-content\/uploads\/2021\/05\/z2478133672115_0768ae8eba81a6a7d0dbfc658a7f832a-compressed-150x150.jpg 150w, https:\/\/cameraquaytrom.net\/wp-content\/uploads\/2021\/05\/z2478133672115_0768ae8eba81a6a7d0dbfc658a7f832a-compressed-768x768.jpg 768w, https:\/\/cameraquaytrom.net\/wp-content\/uploads\/2021\/05\/z2478133672115_0768ae8eba81a6a7d0dbfc658a7f832a-compressed-1536x1536.jpg 1536w, https:\/\/cameraquaytrom.net\/wp-content\/uploads\/2021\/05\/z2478133672115_0768ae8eba81a6a7d0dbfc658a7f832a-compressed-2048x2048.jpg 2048w, https:\/\/cameraquaytrom.net\/wp-content\/uploads\/2021\/05\/z2478133672115_0768ae8eba81a6a7d0dbfc658a7f832a-compressed-600x600.jpg 600w, https:\/\/cameraquaytrom.net\/wp-content\/uploads\/2021\/05\/z2478133672115_0768ae8eba81a6a7d0dbfc658a7f832a-compressed-100x100.jpg 100w\" sizes=\"(max-width: 300px) 100vw, 300px\" \/><\/p>\n<p><img loading=\"lazy\" decoding=\"async\" class=\"size-medium wp-image-1763 aligncenter\" src=\"https:\/\/cameraquaytrom.net\/wp-content\/uploads\/2021\/05\/z2478133696165_d194a6b6773276008186f8bdef5fdce5-compressed-300x300.jpg\" alt=\"\" width=\"300\" height=\"300\" srcset=\"https:\/\/cameraquaytrom.net\/wp-content\/uploads\/2021\/05\/z2478133696165_d194a6b6773276008186f8bdef5fdce5-compressed-300x300.jpg 300w, https:\/\/cameraquaytrom.net\/wp-content\/uploads\/2021\/05\/z2478133696165_d194a6b6773276008186f8bdef5fdce5-compressed-1024x1024.jpg 1024w, https:\/\/cameraquaytrom.net\/wp-content\/uploads\/2021\/05\/z2478133696165_d194a6b6773276008186f8bdef5fdce5-compressed-150x150.jpg 150w, https:\/\/cameraquaytrom.net\/wp-content\/uploads\/2021\/05\/z2478133696165_d194a6b6773276008186f8bdef5fdce5-compressed-768x768.jpg 768w, https:\/\/cameraquaytrom.net\/wp-content\/uploads\/2021\/05\/z2478133696165_d194a6b6773276008186f8bdef5fdce5-compressed-1536x1536.jpg 1536w, https:\/\/cameraquaytrom.net\/wp-content\/uploads\/2021\/05\/z2478133696165_d194a6b6773276008186f8bdef5fdce5-compressed-2048x2048.jpg 2048w, https:\/\/cameraquaytrom.net\/wp-content\/uploads\/2021\/05\/z2478133696165_d194a6b6773276008186f8bdef5fdce5-compressed-600x600.jpg 600w, https:\/\/cameraquaytrom.net\/wp-content\/uploads\/2021\/05\/z2478133696165_d194a6b6773276008186f8bdef5fdce5-compressed-100x100.jpg 100w\" sizes=\"(max-width: 300px) 100vw, 300px\" \/><\/p>\n<p><img loading=\"lazy\" decoding=\"async\" class=\"size-medium wp-image-1764 aligncenter\" src=\"https:\/\/cameraquaytrom.net\/wp-content\/uploads\/2021\/05\/z2478133703201_d8512187cd718b11a8cba5726cc17e1f-compressed-300x300.jpg\" alt=\"\" width=\"300\" height=\"300\" srcset=\"https:\/\/cameraquaytrom.net\/wp-content\/uploads\/2021\/05\/z2478133703201_d8512187cd718b11a8cba5726cc17e1f-compressed-300x300.jpg 300w, https:\/\/cameraquaytrom.net\/wp-content\/uploads\/2021\/05\/z2478133703201_d8512187cd718b11a8cba5726cc17e1f-compressed-1024x1024.jpg 1024w, https:\/\/cameraquaytrom.net\/wp-content\/uploads\/2021\/05\/z2478133703201_d8512187cd718b11a8cba5726cc17e1f-compressed-150x150.jpg 150w, https:\/\/cameraquaytrom.net\/wp-content\/uploads\/2021\/05\/z2478133703201_d8512187cd718b11a8cba5726cc17e1f-compressed-768x768.jpg 768w, https:\/\/cameraquaytrom.net\/wp-content\/uploads\/2021\/05\/z2478133703201_d8512187cd718b11a8cba5726cc17e1f-compressed-1536x1536.jpg 1536w, https:\/\/cameraquaytrom.net\/wp-content\/uploads\/2021\/05\/z2478133703201_d8512187cd718b11a8cba5726cc17e1f-compressed-2048x2048.jpg 2048w, https:\/\/cameraquaytrom.net\/wp-content\/uploads\/2021\/05\/z2478133703201_d8512187cd718b11a8cba5726cc17e1f-compressed-600x600.jpg 600w, https:\/\/cameraquaytrom.net\/wp-content\/uploads\/2021\/05\/z2478133703201_d8512187cd718b11a8cba5726cc17e1f-compressed-100x100.jpg 100w\" sizes=\"(max-width: 300px) 100vw, 300px\" \/><\/p>\n<p><img loading=\"lazy\" decoding=\"async\" class=\"size-medium wp-image-1765 aligncenter\" src=\"https:\/\/cameraquaytrom.net\/wp-content\/uploads\/2021\/05\/z2478133708689_60c3c30753cc7569f6e3a003842fe65a-compressed-300x300.jpg\" alt=\"\" width=\"300\" height=\"300\" srcset=\"https:\/\/cameraquaytrom.net\/wp-content\/uploads\/2021\/05\/z2478133708689_60c3c30753cc7569f6e3a003842fe65a-compressed-300x300.jpg 300w, https:\/\/cameraquaytrom.net\/wp-content\/uploads\/2021\/05\/z2478133708689_60c3c30753cc7569f6e3a003842fe65a-compressed-1024x1024.jpg 1024w, https:\/\/cameraquaytrom.net\/wp-content\/uploads\/2021\/05\/z2478133708689_60c3c30753cc7569f6e3a003842fe65a-compressed-150x150.jpg 150w, https:\/\/cameraquaytrom.net\/wp-content\/uploads\/2021\/05\/z2478133708689_60c3c30753cc7569f6e3a003842fe65a-compressed-768x768.jpg 768w, https:\/\/cameraquaytrom.net\/wp-content\/uploads\/2021\/05\/z2478133708689_60c3c30753cc7569f6e3a003842fe65a-compressed-1536x1536.jpg 1536w, https:\/\/cameraquaytrom.net\/wp-content\/uploads\/2021\/05\/z2478133708689_60c3c30753cc7569f6e3a003842fe65a-compressed-2048x2048.jpg 2048w, https:\/\/cameraquaytrom.net\/wp-content\/uploads\/2021\/05\/z2478133708689_60c3c30753cc7569f6e3a003842fe65a-compressed-600x600.jpg 600w, https:\/\/cameraquaytrom.net\/wp-content\/uploads\/2021\/05\/z2478133708689_60c3c30753cc7569f6e3a003842fe65a-compressed-100x100.jpg 100w\" sizes=\"(max-width: 300px) 100vw, 300px\" \/><\/p>\n<p><img loading=\"lazy\" decoding=\"async\" class=\"size-medium wp-image-1766 aligncenter\" src=\"https:\/\/cameraquaytrom.net\/wp-content\/uploads\/2021\/05\/z2478133720635_999297a2459e8d0cdca0906fb9851259-compressed-300x300.jpg\" alt=\"\" width=\"300\" height=\"300\" srcset=\"https:\/\/cameraquaytrom.net\/wp-content\/uploads\/2021\/05\/z2478133720635_999297a2459e8d0cdca0906fb9851259-compressed-300x300.jpg 300w, https:\/\/cameraquaytrom.net\/wp-content\/uploads\/2021\/05\/z2478133720635_999297a2459e8d0cdca0906fb9851259-compressed-1024x1024.jpg 1024w, https:\/\/cameraquaytrom.net\/wp-content\/uploads\/2021\/05\/z2478133720635_999297a2459e8d0cdca0906fb9851259-compressed-150x150.jpg 150w, https:\/\/cameraquaytrom.net\/wp-content\/uploads\/2021\/05\/z2478133720635_999297a2459e8d0cdca0906fb9851259-compressed-768x768.jpg 768w, https:\/\/cameraquaytrom.net\/wp-content\/uploads\/2021\/05\/z2478133720635_999297a2459e8d0cdca0906fb9851259-compressed-1536x1536.jpg 1536w, https:\/\/cameraquaytrom.net\/wp-content\/uploads\/2021\/05\/z2478133720635_999297a2459e8d0cdca0906fb9851259-compressed-2048x2048.jpg 2048w, https:\/\/cameraquaytrom.net\/wp-content\/uploads\/2021\/05\/z2478133720635_999297a2459e8d0cdca0906fb9851259-compressed-600x600.jpg 600w, https:\/\/cameraquaytrom.net\/wp-content\/uploads\/2021\/05\/z2478133720635_999297a2459e8d0cdca0906fb9851259-compressed-100x100.jpg 100w\" sizes=\"(max-width: 300px) 100vw, 300px\" \/><\/p>\n<p><span class=\"emoji-sizer emoji-outer \">\u2705<\/span><span class=\"text\"> K\u00edch th\u01b0\u1edbc nh\u1ecf h\u01a1n \u0111\u1ea7u ng\u00f3n tay c\u00e1i <\/span><\/p>\n<p><span class=\"emoji-sizer emoji-outer \">\u2705<\/span><span class=\"text\"> Ch\u1ee9c n\u0103ng ch\u00ednh: <\/span><\/p>\n<p><span class=\"text\">&#8211; \u0110\u1ecbnh v\u1ecb tr\u1ef1c tuy\u1ebfn tr\u00ean b\u1ea3n \u0111\u1ed3 v\u1ec7 tinh<\/span><\/p>\n<p><span class=\"text\"> &#8211; Xem l\u1ea1i qu\u00e3ng \u0111\u01b0\u1eddng xe di chuy\u1ec3n <\/span><\/p>\n<p><span class=\"text\">&#8211; Nghe l\u00e9n \u00e2m thanh xung quanh thi\u1ebft b\u1ecb t\u1eeb xa qua \u0111i\u1ec7n tho\u1ea1i <\/span><\/p>\n<p><span class=\"text\">&#8211; T\u1ef1 \u0111\u1ed9ng g\u1ecdi l\u1ea1i khi c\u00f3 ti\u1ebfng \u0111\u1ed9ng <\/span><\/p>\n<p><span class=\"text\">&#8211; Ch\u1ebf \u0111\u1ed9 ghi \u00e2m v\u00e0 t\u1ef1 \u0111\u1ed9ng ghi \u00e2m <\/span><\/p>\n<p><span class=\"text\">&#8211; Ch\u1ebf \u0111\u1ed9 ti\u1ebft ki\u1ec7m pin <\/span><\/p>\n<p><span class=\"emoji-sizer emoji-outer \">\u2705<\/span><span class=\"text\"> S\u1eed d\u1ee5ng ch\u00edp 8 nh\u00e2n GPS gi\u00fap m\u00e1y \u0111\u1ecbnh v\u1ecb ch\u00ednh x\u00e1c tuy\u1ec7t \u0111\u1ed1i m\u1ee5c ti\u00eau <\/span><\/p>\n<p><span class=\"emoji-sizer emoji-outer \">\u2705<\/span><span class=\"text\"> C\u00f3 h\u1ed7 tr\u1ee3 nam ch\u00e2m r\u1eddi n\u1ebfu kh\u00e1ch c\u1ea7n s\u1eed d\u1ee5ng <\/span><\/p>\n<p><span class=\"text\">\u26a0\ufe0f H\u00e0ng \u0111\u1ed9c quy\u1ec1n t\u1ea1i \u0110i\u1ec7n T\u1eed H\u1ea3i T\u00e2m. H\u00e0ng n\u00e0y k\u00edch th\u01b0\u1edbc c\u1ef1c nh\u1ecf k c\u00f3 lo\u1ea1i n\u00e0o nh\u1ecf h\u01a1n, \u0111\u1ea7y \u0111\u1ee7 t\u00ednh n\u0103ng s\u1eed d\u1ee5ng r\u1ea5t ok.<\/span><\/p>\n<h2><em><span style=\"text-decoration: underline;\">Video h\u01b0\u1edbng d\u1eabn s\u1eed d\u1ee5ng<\/span><\/em><\/h2>\n<p><iframe loading=\"lazy\" title=\"Review \u0110\u1ecbnh V\u1ecb Nghe L\u00e9n C02 || Thi\u1ebft b\u1ecb nghe l\u00e9n gi\u00e1 r\u1ebb si\u00eau nh\u1ecf, \u0111\u1ecbnh v\u1ecb GPS ch\u00ednh x\u00e1c 100%\" width=\"1020\" height=\"574\" src=\"https:\/\/www.youtube.com\/embed\/KL1TVbxB1TA?feature=oembed\" frameborder=\"0\" allow=\"accelerometer; autoplay; clipboard-write; encrypted-media; gyroscope; picture-in-picture\" allowfullscreen><\/iframe><\/p>\n<h3>Li\u00ean h\u1ec7 mua h\u00e0ng<\/h3>\n<div dir=\"auto\"><span class=\"pq6dq46d tbxw36s4 knj5qynh kvgmc6g5 ditlmg2l oygrvhab nvdbi5me sf5mxxl7 gl3lb2sf hhz5lgdu\"><img loading=\"lazy\" decoding=\"async\" src=\"https:\/\/static.xx.fbcdn.net\/images\/emoji.php\/v9\/t22\/1\/16\/260e.png\" alt=\"\u260e\ufe0f\" width=\"16\" height=\"16\" \/><\/span> A H\u1ea3i: 094.226.2345 (zalo) &#8211; T\u01b0 V\u1ea5n 24\/24<\/div>\n<div class=\"o9v6fnle cxmmr5t8 oygrvhab hcukyx3x c1et5uql ii04i59q\">\n<h3 dir=\"auto\"><span class=\"pq6dq46d tbxw36s4 knj5qynh kvgmc6g5 ditlmg2l oygrvhab nvdbi5me sf5mxxl7 gl3lb2sf hhz5lgdu\"><img loading=\"lazy\" decoding=\"async\" src=\"https:\/\/static.xx.fbcdn.net\/images\/emoji.php\/v9\/ta7\/1\/16\/1f3ea.png\" alt=\"\ud83c\udfea\" width=\"16\" height=\"16\" \/><\/span> H\u00e0 N\u1ed9i: s\u1ed1 42 Th\u1ecbnh Li\u1ec7t &#8211; Ho\u00e0ng Mai &#8211; H\u00e0 N\u1ed9i<\/h3>\n<h3 dir=\"auto\"><span class=\"pq6dq46d tbxw36s4 knj5qynh kvgmc6g5 ditlmg2l oygrvhab nvdbi5me sf5mxxl7 gl3lb2sf hhz5lgdu\"><img loading=\"lazy\" decoding=\"async\" src=\"https:\/\/static.xx.fbcdn.net\/images\/emoji.php\/v9\/ta7\/1\/16\/1f3ea.png\" alt=\"\ud83c\udfea\" width=\"16\" height=\"16\" \/><\/span> S\u00e0i G\u00f2n: 558\/66 B\u00ecnh Qu\u1edbi &#8211; Ph\u01b0\u1eddng 28 &#8211; B\u00ecnh Th\u1ea1nh<\/h3>\n<\/div>\n","protected":false},"excerpt":{"rendered":"<p><span class=\"text\">H\u00e0ng \u0111\u1ed9c quy\u1ec1n t\u1ea1i \u0110i\u1ec7n T\u1eed H\u1ea3i T\u00e2m. H\u00e0ng n\u00e0y k\u00edch th\u01b0\u1edbc c\u1ef1c nh\u1ecf k c\u00f3 lo\u1ea1i n\u00e0o nh\u1ecf h\u01a1n, \u0111\u1ea7y \u0111\u1ee7 t\u00ednh n\u0103ng s\u1eed d\u1ee5ng r\u1ea5t ok<\/span><\/p>\n","protected":false},"featured_media":1760,"comment_status":"open","ping_status":"closed","template":"","meta":[],"product_cat":[33,28,29],"product_tag":[44,36,95,38],"class_list":{"0":"post-1412","1":"product","2":"type-product","3":"status-publish","4":"has-post-thumbnail","6":"product_cat-may-nghe-len","7":"product_cat-thiet-bi-dinh-vi","8":"product_cat-thiet-bi-nghe-len","9":"product_tag-dinh-vi-mini","10":"product_tag-dinh-vi-nghe-len","11":"product_tag-dinh-vi-nghe-len-c02","12":"product_tag-dinh-vi-nghe-len-khong-day","14":"first","15":"instock","16":"sale","17":"shipping-taxable","18":"purchasable","19":"product-type-simple"},"_links":{"self":[{"href":"https:\/\/cameraquaytrom.net\/index.php?rest_route=\/wp\/v2\/product\/1412"}],"collection":[{"href":"https:\/\/cameraquaytrom.net\/index.php?rest_route=\/wp\/v2\/product"}],"about":[{"href":"https:\/\/cameraquaytrom.net\/index.php?rest_route=\/wp\/v2\/types\/product"}],"replies":[{"embeddable":true,"href":"https:\/\/cameraquaytrom.net\/index.php?rest_route=%2Fwp%2Fv2%2Fcomments&post=1412"}],"wp:featuredmedia":[{"embeddable":true,"href":"https:\/\/cameraquaytrom.net\/index.php?rest_route=\/wp\/v2\/media\/1760"}],"wp:attachment":[{"href":"https:\/\/cameraquaytrom.net\/index.php?rest_route=%2Fwp%2Fv2%2Fmedia&parent=1412"}],"wp:term":[{"taxonomy":"product_cat","embeddable":true,"href":"https:\/\/cameraquaytrom.net\/index.php?rest_route=%2Fwp%2Fv2%2Fproduct_cat&post=1412"},{"taxonomy":"product_tag","embeddable":true,"href":"https:\/\/cameraquaytrom.net\/index.php?rest_route=%2Fwp%2Fv2%2Fproduct_tag&post=1412"}],"curies":[{"name":"wp","href":"https:\/\/api.w.org\/{rel}","templated":true}]}}