{"id":2159,"date":"2022-08-05T07:29:44","date_gmt":"2022-08-05T07:29:44","guid":{"rendered":"https:\/\/cameraquaytrom.net\/?post_type=product&#038;p=2159"},"modified":"2022-08-05T07:29:45","modified_gmt":"2022-08-05T07:29:45","slug":"camera-nguy-trang-mu-coi","status":"publish","type":"product","link":"https:\/\/cameraquaytrom.net\/?product=camera-nguy-trang-mu-coi","title":{"rendered":"Camera Ngu\u1ef5 Trang M\u0169 C\u1ed1i"},"content":{"rendered":"<h1 style=\"text-align: center;\">Camera Ngu\u1ef5 Trang M\u0169 C\u1ed1i<\/h1>\n<p><img loading=\"lazy\" decoding=\"async\" class=\"size-medium wp-image-2166 aligncenter\" src=\"https:\/\/cameraquaytrom.net\/wp-content\/uploads\/2022\/08\/z3620589498443_be9e0e45f74bc8af7fe91424ffe58e13-300x300.jpg\" alt=\"\" width=\"300\" height=\"300\" srcset=\"https:\/\/cameraquaytrom.net\/wp-content\/uploads\/2022\/08\/z3620589498443_be9e0e45f74bc8af7fe91424ffe58e13-300x300.jpg 300w, https:\/\/cameraquaytrom.net\/wp-content\/uploads\/2022\/08\/z3620589498443_be9e0e45f74bc8af7fe91424ffe58e13-1024x1024.jpg 1024w, https:\/\/cameraquaytrom.net\/wp-content\/uploads\/2022\/08\/z3620589498443_be9e0e45f74bc8af7fe91424ffe58e13-150x150.jpg 150w, https:\/\/cameraquaytrom.net\/wp-content\/uploads\/2022\/08\/z3620589498443_be9e0e45f74bc8af7fe91424ffe58e13-768x768.jpg 768w, https:\/\/cameraquaytrom.net\/wp-content\/uploads\/2022\/08\/z3620589498443_be9e0e45f74bc8af7fe91424ffe58e13-1536x1536.jpg 1536w, https:\/\/cameraquaytrom.net\/wp-content\/uploads\/2022\/08\/z3620589498443_be9e0e45f74bc8af7fe91424ffe58e13-2048x2048.jpg 2048w, https:\/\/cameraquaytrom.net\/wp-content\/uploads\/2022\/08\/z3620589498443_be9e0e45f74bc8af7fe91424ffe58e13-600x600.jpg 600w, https:\/\/cameraquaytrom.net\/wp-content\/uploads\/2022\/08\/z3620589498443_be9e0e45f74bc8af7fe91424ffe58e13-100x100.jpg 100w\" sizes=\"(max-width: 300px) 100vw, 300px\" \/><\/p>\n<p><img loading=\"lazy\" decoding=\"async\" class=\"size-medium wp-image-2164 aligncenter\" src=\"https:\/\/cameraquaytrom.net\/wp-content\/uploads\/2022\/08\/z3620589433916_4c80886104b8a74df4935596f1399d7d-300x300.jpg\" alt=\"\" width=\"300\" height=\"300\" srcset=\"https:\/\/cameraquaytrom.net\/wp-content\/uploads\/2022\/08\/z3620589433916_4c80886104b8a74df4935596f1399d7d-300x300.jpg 300w, https:\/\/cameraquaytrom.net\/wp-content\/uploads\/2022\/08\/z3620589433916_4c80886104b8a74df4935596f1399d7d-1024x1024.jpg 1024w, https:\/\/cameraquaytrom.net\/wp-content\/uploads\/2022\/08\/z3620589433916_4c80886104b8a74df4935596f1399d7d-150x150.jpg 150w, https:\/\/cameraquaytrom.net\/wp-content\/uploads\/2022\/08\/z3620589433916_4c80886104b8a74df4935596f1399d7d-768x768.jpg 768w, https:\/\/cameraquaytrom.net\/wp-content\/uploads\/2022\/08\/z3620589433916_4c80886104b8a74df4935596f1399d7d-1536x1536.jpg 1536w, https:\/\/cameraquaytrom.net\/wp-content\/uploads\/2022\/08\/z3620589433916_4c80886104b8a74df4935596f1399d7d-2048x2048.jpg 2048w, https:\/\/cameraquaytrom.net\/wp-content\/uploads\/2022\/08\/z3620589433916_4c80886104b8a74df4935596f1399d7d-600x600.jpg 600w, https:\/\/cameraquaytrom.net\/wp-content\/uploads\/2022\/08\/z3620589433916_4c80886104b8a74df4935596f1399d7d-100x100.jpg 100w\" sizes=\"(max-width: 300px) 100vw, 300px\" \/><\/p>\n<p><img loading=\"lazy\" decoding=\"async\" class=\"size-medium wp-image-2165 aligncenter\" src=\"https:\/\/cameraquaytrom.net\/wp-content\/uploads\/2022\/08\/z3620589466026_a571d2bd5c68fa027c3358cea7294c7e-300x300.jpg\" alt=\"\" width=\"300\" height=\"300\" srcset=\"https:\/\/cameraquaytrom.net\/wp-content\/uploads\/2022\/08\/z3620589466026_a571d2bd5c68fa027c3358cea7294c7e-300x300.jpg 300w, https:\/\/cameraquaytrom.net\/wp-content\/uploads\/2022\/08\/z3620589466026_a571d2bd5c68fa027c3358cea7294c7e-1024x1024.jpg 1024w, https:\/\/cameraquaytrom.net\/wp-content\/uploads\/2022\/08\/z3620589466026_a571d2bd5c68fa027c3358cea7294c7e-150x150.jpg 150w, https:\/\/cameraquaytrom.net\/wp-content\/uploads\/2022\/08\/z3620589466026_a571d2bd5c68fa027c3358cea7294c7e-768x768.jpg 768w, https:\/\/cameraquaytrom.net\/wp-content\/uploads\/2022\/08\/z3620589466026_a571d2bd5c68fa027c3358cea7294c7e-1536x1536.jpg 1536w, https:\/\/cameraquaytrom.net\/wp-content\/uploads\/2022\/08\/z3620589466026_a571d2bd5c68fa027c3358cea7294c7e-2048x2048.jpg 2048w, https:\/\/cameraquaytrom.net\/wp-content\/uploads\/2022\/08\/z3620589466026_a571d2bd5c68fa027c3358cea7294c7e-600x600.jpg 600w, https:\/\/cameraquaytrom.net\/wp-content\/uploads\/2022\/08\/z3620589466026_a571d2bd5c68fa027c3358cea7294c7e-100x100.jpg 100w\" sizes=\"(max-width: 300px) 100vw, 300px\" \/><\/p>\n<p><span style=\"font-size: 115%;\">Tr\u00ecnh l\u00e0ng si\u00eau ph\u1ea9m camera ngu\u1ef5 trang m\u0169 c\u1ed1i h\u00e0ng \u0111\u1eb7c bi\u1ec7t cho t\u1ea5t c\u1ea3 kh\u00e1ch h\u00e0ng c\u00f3 nhu c\u1ea7u quan t\u00e2m \u0111\u1ebfn thi\u1ebft b\u1ecb camera gi\u1ea5u k\u00edn <\/span><\/p>\n<p><span style=\"font-size: 115%;\">S\u1ea3n ph\u1ea9m ph\u1ee5c v\u1ee5 nhu c\u1ea7u ch\u00ednh cho c\u00e1c t\u00e0i x\u1ebf l\u00e1i xe, l\u00e1i xe \u0111\u01b0\u1eddng d\u00e0i \u0111\u1ec3 \u0111\u1ea3m b\u1ea3o \u0111\u01b0\u1ee3c an to\u00e0n trong to\u00e0n b\u1ed9 h\u00e0nh tr\u00ecnh kh\u00f4ng may x\u1ea3y ra tranh ch\u1ea5p, c\u01b0\u1edbp gi\u1eadt ho\u1eb7c thu ti\u1ec1n b\u1ea3o k\u00ea,&#8230; chi\u1ebfc m\u0169 c\u1ed1i camera s\u1ebd l\u00e0 1 chi\u1ebfc camera gi\u1ea5u k\u00edn thu l\u1ea1i to\u00e0n b\u1ed9 qu\u00e1 tr\u00ecnh ph\u1ea1m ph\u00e1p c\u1ee7a c\u00e1c \u0111\u1ed1i t\u01b0\u1ee3ng, v\u00e0 \u0111\u00f3 ch\u00ednh l\u00e0 b\u1eb1ng ch\u1ee9ng s\u1ed1ng \u0111\u1ec3 \u0111\u01b0a h\u1ecd ra ph\u00e1p lu\u1eadt <\/span><\/p>\n<p><span style=\"font-size: 115%;\">Ngo\u00e0i ra camera ngu\u1ef5 trang m\u0169 c\u1ed1i c\u00f2n \u0111\u01b0\u1ee3c r\u1ea5t nhi\u1ec1u ng\u01b0\u1eddi s\u1eed d\u1ee5ng v\u00e0 nhi\u1ec1u m\u1ee5c \u0111\u00edch kh\u00e1c nhau. C\u00e1c b\u1ea1n c\u00f3 th\u1ec3 tham kh\u1ea3o nh\u00e9<\/span><\/p>\n<h3><em>Video h\u01b0\u1edbng d\u1eabn s\u1eed d\u1ee5ng<\/em><\/h3>\n<p><iframe loading=\"lazy\" title=\"Camera Ngu\u1ef5 Trang M\u0169 C\u1ed1i - Si\u00eau Ph\u1ea9m Camera Ngu\u1ef5 Trang Cho Anh Em L\u00e1i Xe v\u00e0 \u0110i C\u00f4ng Tr\u00ecnh\" width=\"1020\" height=\"574\" src=\"https:\/\/www.youtube.com\/embed\/onpt6G9Nlg0?start=9&#038;feature=oembed\" frameborder=\"0\" allow=\"accelerometer; autoplay; clipboard-write; encrypted-media; gyroscope; picture-in-picture\" allowfullscreen><\/iframe><\/p>\n<div class=\"o9v6fnle cxmmr5t8 oygrvhab hcukyx3x c1et5uql ii04i59q\">\n<h3 dir=\"auto\">Li\u00ean h\u1ec7 mua h\u00e0ng<\/h3>\n<h3 dir=\"auto\"><span class=\"pq6dq46d tbxw36s4 knj5qynh kvgmc6g5 ditlmg2l oygrvhab nvdbi5me sf5mxxl7 gl3lb2sf hhz5lgdu\"><img loading=\"lazy\" decoding=\"async\" src=\"https:\/\/static.xx.fbcdn.net\/images\/emoji.php\/v9\/t22\/1\/16\/260e.png\" alt=\"\u260e\ufe0f\" width=\"16\" height=\"16\" \/><\/span>\u00a0A H\u1ea3i: 094.226.2345 (zalo) \u2013 T\u01b0 V\u1ea5n 24\/24<\/h3>\n<\/div>\n<div class=\"o9v6fnle cxmmr5t8 oygrvhab hcukyx3x c1et5uql ii04i59q\">\n<h3 dir=\"auto\"><span class=\"pq6dq46d tbxw36s4 knj5qynh kvgmc6g5 ditlmg2l oygrvhab nvdbi5me sf5mxxl7 gl3lb2sf hhz5lgdu\"><img loading=\"lazy\" decoding=\"async\" src=\"https:\/\/static.xx.fbcdn.net\/images\/emoji.php\/v9\/ta7\/1\/16\/1f3ea.png\" alt=\"\ud83c\udfea\" width=\"16\" height=\"16\" \/><\/span>\u00a0H\u00e0 N\u1ed9i: s\u1ed1 42 Th\u1ecbnh Li\u1ec7t \u2013 Ho\u00e0ng Mai \u2013 H\u00e0 N\u1ed9i<\/h3>\n<h3 dir=\"auto\"><span class=\"pq6dq46d tbxw36s4 knj5qynh kvgmc6g5 ditlmg2l oygrvhab nvdbi5me sf5mxxl7 gl3lb2sf hhz5lgdu\"><img loading=\"lazy\" decoding=\"async\" src=\"https:\/\/static.xx.fbcdn.net\/images\/emoji.php\/v9\/ta7\/1\/16\/1f3ea.png\" alt=\"\ud83c\udfea\" width=\"16\" height=\"16\" \/><\/span>\u00a0S\u00e0i G\u00f2n: 558\/66 B\u00ecnh Qu\u1edbi \u2013 Ph\u01b0\u1eddng 28 \u2013 B\u00ecnh Th\u1ea1nh<\/h3>\n<\/div>\n<p>&nbsp;<\/p>\n","protected":false},"excerpt":{"rendered":"<p><span style=\"font-size: 115%;\">Tr\u00ecnh l\u00e0ng si\u00eau ph\u1ea9m camera ngu\u1ef5 trang m\u0169 c\u1ed1i h\u00e0ng \u0111\u1eb7c bi\u1ec7t cho t\u1ea5t c\u1ea3 kh\u00e1ch h\u00e0ng c\u00f3 nhu c\u1ea7u quan t\u00e2m \u0111\u1ebfn thi\u1ebft b\u1ecb camera gi\u1ea5u k\u00edn<\/span><\/p>\n","protected":false},"featured_media":2166,"comment_status":"open","ping_status":"closed","template":"","meta":[],"product_cat":[30,55],"product_tag":[],"class_list":{"0":"post-2159","1":"product","2":"type-product","3":"status-publish","4":"has-post-thumbnail","6":"product_cat-thiet-bi-quay-len","7":"product_cat-thiet-bi-quay-len-online","9":"first","10":"instock","11":"sale","12":"shipping-taxable","13":"purchasable","14":"product-type-simple"},"_links":{"self":[{"href":"https:\/\/cameraquaytrom.net\/index.php?rest_route=\/wp\/v2\/product\/2159"}],"collection":[{"href":"https:\/\/cameraquaytrom.net\/index.php?rest_route=\/wp\/v2\/product"}],"about":[{"href":"https:\/\/cameraquaytrom.net\/index.php?rest_route=\/wp\/v2\/types\/product"}],"replies":[{"embeddable":true,"href":"https:\/\/cameraquaytrom.net\/index.php?rest_route=%2Fwp%2Fv2%2Fcomments&post=2159"}],"wp:featuredmedia":[{"embeddable":true,"href":"https:\/\/cameraquaytrom.net\/index.php?rest_route=\/wp\/v2\/media\/2166"}],"wp:attachment":[{"href":"https:\/\/cameraquaytrom.net\/index.php?rest_route=%2Fwp%2Fv2%2Fmedia&parent=2159"}],"wp:term":[{"taxonomy":"product_cat","embeddable":true,"href":"https:\/\/cameraquaytrom.net\/index.php?rest_route=%2Fwp%2Fv2%2Fproduct_cat&post=2159"},{"taxonomy":"product_tag","embeddable":true,"href":"https:\/\/cameraquaytrom.net\/index.php?rest_route=%2Fwp%2Fv2%2Fproduct_tag&post=2159"}],"curies":[{"name":"wp","href":"https:\/\/api.w.org\/{rel}","templated":true}]}}