{"id":2344,"date":"2024-10-25T09:30:57","date_gmt":"2024-10-25T09:30:57","guid":{"rendered":"https:\/\/cameraquaytrom.net\/?post_type=product&#038;p=2344"},"modified":"2024-10-25T09:30:58","modified_gmt":"2024-10-25T09:30:58","slug":"dinh-vi-nghe-len-n24s-5g-cao-cap","status":"publish","type":"product","link":"https:\/\/cameraquaytrom.net\/?product=dinh-vi-nghe-len-n24s-5g-cao-cap","title":{"rendered":"\u0110\u1ecbnh V\u1ecb Nghe L\u00e9n N24s 5G Cao C\u1ea5p"},"content":{"rendered":"<h1 style=\"text-align: center;\">\u0110\u1ecbnh V\u1ecb Nghe L\u00e9n N24s 5G Cao C\u1ea5p<\/h1>\n<p style=\"text-align: center;\"><img loading=\"lazy\" decoding=\"async\" class=\"alignnone size-medium wp-image-2345\" src=\"https:\/\/cameraquaytrom.net\/wp-content\/uploads\/2024\/10\/z5966249875726_6388dfdd85d67a5e60893902bfdd5a31-300x300.jpg\" alt=\"\" width=\"300\" height=\"300\" srcset=\"https:\/\/cameraquaytrom.net\/wp-content\/uploads\/2024\/10\/z5966249875726_6388dfdd85d67a5e60893902bfdd5a31-300x300.jpg 300w, https:\/\/cameraquaytrom.net\/wp-content\/uploads\/2024\/10\/z5966249875726_6388dfdd85d67a5e60893902bfdd5a31-1024x1024.jpg 1024w, https:\/\/cameraquaytrom.net\/wp-content\/uploads\/2024\/10\/z5966249875726_6388dfdd85d67a5e60893902bfdd5a31-150x150.jpg 150w, https:\/\/cameraquaytrom.net\/wp-content\/uploads\/2024\/10\/z5966249875726_6388dfdd85d67a5e60893902bfdd5a31-768x767.jpg 768w, https:\/\/cameraquaytrom.net\/wp-content\/uploads\/2024\/10\/z5966249875726_6388dfdd85d67a5e60893902bfdd5a31-1536x1536.jpg 1536w, https:\/\/cameraquaytrom.net\/wp-content\/uploads\/2024\/10\/z5966249875726_6388dfdd85d67a5e60893902bfdd5a31-2048x2046.jpg 2048w, https:\/\/cameraquaytrom.net\/wp-content\/uploads\/2024\/10\/z5966249875726_6388dfdd85d67a5e60893902bfdd5a31-600x600.jpg 600w, https:\/\/cameraquaytrom.net\/wp-content\/uploads\/2024\/10\/z5966249875726_6388dfdd85d67a5e60893902bfdd5a31-100x100.jpg 100w\" sizes=\"(max-width: 300px) 100vw, 300px\" \/><\/p>\n<p style=\"text-align: center;\"><img loading=\"lazy\" decoding=\"async\" class=\"alignnone size-medium wp-image-2346\" src=\"https:\/\/cameraquaytrom.net\/wp-content\/uploads\/2024\/10\/z5966249877983_60d18f6c27f1361c648bd8cc579fbde7-300x300.jpg\" alt=\"\" width=\"300\" height=\"300\" srcset=\"https:\/\/cameraquaytrom.net\/wp-content\/uploads\/2024\/10\/z5966249877983_60d18f6c27f1361c648bd8cc579fbde7-300x300.jpg 300w, https:\/\/cameraquaytrom.net\/wp-content\/uploads\/2024\/10\/z5966249877983_60d18f6c27f1361c648bd8cc579fbde7-1024x1024.jpg 1024w, https:\/\/cameraquaytrom.net\/wp-content\/uploads\/2024\/10\/z5966249877983_60d18f6c27f1361c648bd8cc579fbde7-150x150.jpg 150w, https:\/\/cameraquaytrom.net\/wp-content\/uploads\/2024\/10\/z5966249877983_60d18f6c27f1361c648bd8cc579fbde7-768x768.jpg 768w, https:\/\/cameraquaytrom.net\/wp-content\/uploads\/2024\/10\/z5966249877983_60d18f6c27f1361c648bd8cc579fbde7-1536x1536.jpg 1536w, https:\/\/cameraquaytrom.net\/wp-content\/uploads\/2024\/10\/z5966249877983_60d18f6c27f1361c648bd8cc579fbde7-2048x2048.jpg 2048w, https:\/\/cameraquaytrom.net\/wp-content\/uploads\/2024\/10\/z5966249877983_60d18f6c27f1361c648bd8cc579fbde7-600x600.jpg 600w, https:\/\/cameraquaytrom.net\/wp-content\/uploads\/2024\/10\/z5966249877983_60d18f6c27f1361c648bd8cc579fbde7-100x100.jpg 100w\" sizes=\"(max-width: 300px) 100vw, 300px\" \/><\/p>\n<p style=\"text-align: center;\"><img loading=\"lazy\" decoding=\"async\" class=\"alignnone size-medium wp-image-2347\" src=\"https:\/\/cameraquaytrom.net\/wp-content\/uploads\/2024\/10\/z5966249891178_3326e4c576a9bad158c581d45af9e9b4-300x300.jpg\" alt=\"\" width=\"300\" height=\"300\" srcset=\"https:\/\/cameraquaytrom.net\/wp-content\/uploads\/2024\/10\/z5966249891178_3326e4c576a9bad158c581d45af9e9b4-300x300.jpg 300w, https:\/\/cameraquaytrom.net\/wp-content\/uploads\/2024\/10\/z5966249891178_3326e4c576a9bad158c581d45af9e9b4-1024x1024.jpg 1024w, https:\/\/cameraquaytrom.net\/wp-content\/uploads\/2024\/10\/z5966249891178_3326e4c576a9bad158c581d45af9e9b4-150x150.jpg 150w, https:\/\/cameraquaytrom.net\/wp-content\/uploads\/2024\/10\/z5966249891178_3326e4c576a9bad158c581d45af9e9b4-768x768.jpg 768w, https:\/\/cameraquaytrom.net\/wp-content\/uploads\/2024\/10\/z5966249891178_3326e4c576a9bad158c581d45af9e9b4-1536x1536.jpg 1536w, https:\/\/cameraquaytrom.net\/wp-content\/uploads\/2024\/10\/z5966249891178_3326e4c576a9bad158c581d45af9e9b4-2048x2048.jpg 2048w, https:\/\/cameraquaytrom.net\/wp-content\/uploads\/2024\/10\/z5966249891178_3326e4c576a9bad158c581d45af9e9b4-600x600.jpg 600w, https:\/\/cameraquaytrom.net\/wp-content\/uploads\/2024\/10\/z5966249891178_3326e4c576a9bad158c581d45af9e9b4-100x100.jpg 100w\" sizes=\"(max-width: 300px) 100vw, 300px\" \/><\/p>\n<p style=\"text-align: center;\"><img loading=\"lazy\" decoding=\"async\" class=\"alignnone size-medium wp-image-2348\" src=\"https:\/\/cameraquaytrom.net\/wp-content\/uploads\/2024\/10\/z5966249891458_3045388a282c600123621dc441f3df18-300x300.jpg\" alt=\"\" width=\"300\" height=\"300\" srcset=\"https:\/\/cameraquaytrom.net\/wp-content\/uploads\/2024\/10\/z5966249891458_3045388a282c600123621dc441f3df18-300x300.jpg 300w, https:\/\/cameraquaytrom.net\/wp-content\/uploads\/2024\/10\/z5966249891458_3045388a282c600123621dc441f3df18-1024x1024.jpg 1024w, https:\/\/cameraquaytrom.net\/wp-content\/uploads\/2024\/10\/z5966249891458_3045388a282c600123621dc441f3df18-150x150.jpg 150w, https:\/\/cameraquaytrom.net\/wp-content\/uploads\/2024\/10\/z5966249891458_3045388a282c600123621dc441f3df18-768x768.jpg 768w, https:\/\/cameraquaytrom.net\/wp-content\/uploads\/2024\/10\/z5966249891458_3045388a282c600123621dc441f3df18-1536x1536.jpg 1536w, https:\/\/cameraquaytrom.net\/wp-content\/uploads\/2024\/10\/z5966249891458_3045388a282c600123621dc441f3df18-2048x2048.jpg 2048w, https:\/\/cameraquaytrom.net\/wp-content\/uploads\/2024\/10\/z5966249891458_3045388a282c600123621dc441f3df18-600x600.jpg 600w, https:\/\/cameraquaytrom.net\/wp-content\/uploads\/2024\/10\/z5966249891458_3045388a282c600123621dc441f3df18-100x100.jpg 100w\" sizes=\"(max-width: 300px) 100vw, 300px\" \/><\/p>\n<h2 style=\"text-align: center;\"><em>Video h\u01b0\u1edbng d\u1eabn s\u1eed d\u1ee5ng<\/em><\/h2>\n<p>C\u00e1c \u01b0u \u0111i\u1ec3m c\u1ee7a m\u00e1y \u0111\u1ecbnh v\u1ecb kh\u00f4ng d\u00e2y mini cao c\u1ea5p N24s 5G<\/p>\n<p>\u0110\u1ecbnh v\u1ecb ch\u00ednh x\u00e1c.<\/p>\n<p>C\u00f3 nam ch\u00e2m d\u00ednh s\u1eaft<\/p>\n<p>Ghi \u00e2m si\u00eau nh\u1ea1y.<\/p>\n<p>Nghe l\u00e9n r\u00f5 r\u00e0ng.<\/p>\n<p>T\u1ef1 \u0111\u1ed9ng g\u1ecdi l\u1ea1i cho ch\u1ee7 nh\u00e2n khi c\u00f3 \u00e2m thanh.<\/p>\n<p>Th\u00f4ng s\u1ed1 k\u1ef9 thu\u1eadt:<\/p>\n<p>T\u00ean s\u1ea3n ph\u1ea9m: N24s 5G<\/p>\n<p>Pin: T\u00edch h\u1ee3p 2500 mAh<\/p>\n<p>K\u00edch th\u01b0\u1edbc: kho\u1ea3ng 33x22x16mm<\/p>\n<p>Ph\u1ea1m vi ghi \u00e2m: 8-10m xung quanh<\/p>\n<p>Ch\u1ebf \u0111\u1ed9 xem n\u1ec1n t\u1ea3ng: SMS + app + m\u00e1y t\u00ednh<\/p>\n<p>\u0110\u1ed9 ch\u00ednh x\u00e1c v\u1ecb tr\u00ed: wifi + LBS + AGPS = 3-5 m<\/p>\n<p>H\u00c0NG CAO C\u1ea4P CH\u1ea4T L\u01af\u1ee2NG L\u1ed6I 1 \u0110\u1ed4I 1 B\u1ea2O H\u00c0NH TO\u00c0N QU\u1ed0C 12 TH\u00c1NG<\/p>\n<h3>Li\u00ean h\u1ec7 mua h\u00e0ng<\/h3>\n<h3 dir=\"auto\"><span class=\"pq6dq46d tbxw36s4 knj5qynh kvgmc6g5 ditlmg2l oygrvhab nvdbi5me sf5mxxl7 gl3lb2sf hhz5lgdu\"><img loading=\"lazy\" decoding=\"async\" src=\"https:\/\/static.xx.fbcdn.net\/images\/emoji.php\/v9\/t22\/1\/16\/260e.png\" alt=\"\u260e\ufe0f\" width=\"16\" height=\"16\" \/><\/span>\u00a0A H\u1ea3i: 094.226.2345 (zalo) \u2013 T\u01b0 V\u1ea5n 24\/24<\/h3>\n<div class=\"o9v6fnle cxmmr5t8 oygrvhab hcukyx3x c1et5uql ii04i59q\">\n<h3 dir=\"auto\"><span class=\"pq6dq46d tbxw36s4 knj5qynh kvgmc6g5 ditlmg2l oygrvhab nvdbi5me sf5mxxl7 gl3lb2sf hhz5lgdu\"><img loading=\"lazy\" decoding=\"async\" src=\"https:\/\/static.xx.fbcdn.net\/images\/emoji.php\/v9\/ta7\/1\/16\/1f3ea.png\" alt=\"?\" width=\"16\" height=\"16\" \/><\/span>\u00a0H\u00e0 N\u1ed9i: s\u1ed1 42 Th\u1ecbnh Li\u1ec7t \u2013 Ho\u00e0ng Mai \u2013 H\u00e0 N\u1ed9i<\/h3>\n<h3 dir=\"auto\"><span class=\"pq6dq46d tbxw36s4 knj5qynh kvgmc6g5 ditlmg2l oygrvhab nvdbi5me sf5mxxl7 gl3lb2sf hhz5lgdu\"><img loading=\"lazy\" decoding=\"async\" src=\"https:\/\/static.xx.fbcdn.net\/images\/emoji.php\/v9\/ta7\/1\/16\/1f3ea.png\" alt=\"?\" width=\"16\" height=\"16\" \/><\/span>\u00a0S\u00e0i G\u00f2n: 558\/66 B\u00ecnh Qu\u1edbi \u2013 Ph\u01b0\u1eddng 28 \u2013 B\u00ecnh Th\u1ea1nh<\/h3>\n<\/div>\n","protected":false},"excerpt":{"rendered":"<h1 class=\"style-scope ytd-watch-metadata\">\u0110\u1ecbnh V\u1ecb Nghe L\u00e9n N24s 5G \u0110\u00c3 D\u00d9NG CH\u00cdP 4G M\u1edaI NH\u1ea4T , M\u00e1y Nghe L\u00e9n Tr\u1ef1c Ti\u1ebfp T\u1eeb Xa Mini<\/h1>\n","protected":false},"featured_media":2347,"comment_status":"open","ping_status":"closed","template":"","meta":[],"product_cat":[33,28,29],"product_tag":[],"class_list":{"0":"post-2344","1":"product","2":"type-product","3":"status-publish","4":"has-post-thumbnail","6":"product_cat-may-nghe-len","7":"product_cat-thiet-bi-dinh-vi","8":"product_cat-thiet-bi-nghe-len","10":"first","11":"instock","12":"sale","13":"shipping-taxable","14":"purchasable","15":"product-type-simple"},"_links":{"self":[{"href":"https:\/\/cameraquaytrom.net\/index.php?rest_route=\/wp\/v2\/product\/2344"}],"collection":[{"href":"https:\/\/cameraquaytrom.net\/index.php?rest_route=\/wp\/v2\/product"}],"about":[{"href":"https:\/\/cameraquaytrom.net\/index.php?rest_route=\/wp\/v2\/types\/product"}],"replies":[{"embeddable":true,"href":"https:\/\/cameraquaytrom.net\/index.php?rest_route=%2Fwp%2Fv2%2Fcomments&post=2344"}],"wp:featuredmedia":[{"embeddable":true,"href":"https:\/\/cameraquaytrom.net\/index.php?rest_route=\/wp\/v2\/media\/2347"}],"wp:attachment":[{"href":"https:\/\/cameraquaytrom.net\/index.php?rest_route=%2Fwp%2Fv2%2Fmedia&parent=2344"}],"wp:term":[{"taxonomy":"product_cat","embeddable":true,"href":"https:\/\/cameraquaytrom.net\/index.php?rest_route=%2Fwp%2Fv2%2Fproduct_cat&post=2344"},{"taxonomy":"product_tag","embeddable":true,"href":"https:\/\/cameraquaytrom.net\/index.php?rest_route=%2Fwp%2Fv2%2Fproduct_tag&post=2344"}],"curies":[{"name":"wp","href":"https:\/\/api.w.org\/{rel}","templated":true}]}}