{"id":2364,"date":"2024-10-25T10:07:11","date_gmt":"2024-10-25T10:07:11","guid":{"rendered":"https:\/\/cameraquaytrom.net\/?post_type=product&#038;p=2364"},"modified":"2024-11-01T07:55:39","modified_gmt":"2024-11-01T07:55:39","slug":"camera-nguy-trang-dien-thoai-camera-tren-dau","status":"publish","type":"product","link":"https:\/\/cameraquaytrom.net\/?product=camera-nguy-trang-dien-thoai-camera-tren-dau","title":{"rendered":"Camera Ngu\u1ef5 Trang \u0110i\u1ec7n Tho\u1ea1i Camera Tr\u00ean \u0110\u1ea7u"},"content":{"rendered":"<h1 style=\"text-align: center;\">Camera Ngu\u1ef5 Trang \u0110i\u1ec7n Tho\u1ea1i Camera Tr\u00ean \u0110\u1ea7u<\/h1>\n<h1 style=\"text-align: center;\">\u00a0<img loading=\"lazy\" decoding=\"async\" class=\"alignnone size-medium wp-image-2370\" src=\"https:\/\/cameraquaytrom.net\/wp-content\/uploads\/2024\/10\/z5966283976856_fe1555ad8f8fb55708ce076abc56c8ad-300x300.jpg\" alt=\"\" width=\"300\" height=\"300\" srcset=\"https:\/\/cameraquaytrom.net\/wp-content\/uploads\/2024\/10\/z5966283976856_fe1555ad8f8fb55708ce076abc56c8ad-300x300.jpg 300w, https:\/\/cameraquaytrom.net\/wp-content\/uploads\/2024\/10\/z5966283976856_fe1555ad8f8fb55708ce076abc56c8ad-1024x1024.jpg 1024w, https:\/\/cameraquaytrom.net\/wp-content\/uploads\/2024\/10\/z5966283976856_fe1555ad8f8fb55708ce076abc56c8ad-150x150.jpg 150w, https:\/\/cameraquaytrom.net\/wp-content\/uploads\/2024\/10\/z5966283976856_fe1555ad8f8fb55708ce076abc56c8ad-768x768.jpg 768w, https:\/\/cameraquaytrom.net\/wp-content\/uploads\/2024\/10\/z5966283976856_fe1555ad8f8fb55708ce076abc56c8ad-1536x1536.jpg 1536w, https:\/\/cameraquaytrom.net\/wp-content\/uploads\/2024\/10\/z5966283976856_fe1555ad8f8fb55708ce076abc56c8ad-600x600.jpg 600w, https:\/\/cameraquaytrom.net\/wp-content\/uploads\/2024\/10\/z5966283976856_fe1555ad8f8fb55708ce076abc56c8ad-100x100.jpg 100w, https:\/\/cameraquaytrom.net\/wp-content\/uploads\/2024\/10\/z5966283976856_fe1555ad8f8fb55708ce076abc56c8ad.jpg 1889w\" sizes=\"(max-width: 300px) 100vw, 300px\" \/><\/h1>\n<h1 style=\"text-align: center;\"><img loading=\"lazy\" decoding=\"async\" class=\"alignnone size-medium wp-image-2369\" src=\"https:\/\/cameraquaytrom.net\/wp-content\/uploads\/2024\/10\/z5966283965722_ef86458e21ba29597afb0f9277d08646-300x300.jpg\" alt=\"\" width=\"300\" height=\"300\" srcset=\"https:\/\/cameraquaytrom.net\/wp-content\/uploads\/2024\/10\/z5966283965722_ef86458e21ba29597afb0f9277d08646-300x300.jpg 300w, https:\/\/cameraquaytrom.net\/wp-content\/uploads\/2024\/10\/z5966283965722_ef86458e21ba29597afb0f9277d08646-1024x1024.jpg 1024w, https:\/\/cameraquaytrom.net\/wp-content\/uploads\/2024\/10\/z5966283965722_ef86458e21ba29597afb0f9277d08646-150x150.jpg 150w, https:\/\/cameraquaytrom.net\/wp-content\/uploads\/2024\/10\/z5966283965722_ef86458e21ba29597afb0f9277d08646-768x768.jpg 768w, https:\/\/cameraquaytrom.net\/wp-content\/uploads\/2024\/10\/z5966283965722_ef86458e21ba29597afb0f9277d08646-1536x1536.jpg 1536w, https:\/\/cameraquaytrom.net\/wp-content\/uploads\/2024\/10\/z5966283965722_ef86458e21ba29597afb0f9277d08646-600x600.jpg 600w, https:\/\/cameraquaytrom.net\/wp-content\/uploads\/2024\/10\/z5966283965722_ef86458e21ba29597afb0f9277d08646-100x100.jpg 100w, https:\/\/cameraquaytrom.net\/wp-content\/uploads\/2024\/10\/z5966283965722_ef86458e21ba29597afb0f9277d08646.jpg 1889w\" sizes=\"(max-width: 300px) 100vw, 300px\" \/><\/h1>\n<h1 style=\"text-align: center;\"><img loading=\"lazy\" decoding=\"async\" class=\"alignnone size-medium wp-image-2371\" src=\"https:\/\/cameraquaytrom.net\/wp-content\/uploads\/2024\/10\/z5966283977665_bbefccc65d2fdc63a08cd9786ffcf8e8-300x300.jpg\" alt=\"\" width=\"300\" height=\"300\" srcset=\"https:\/\/cameraquaytrom.net\/wp-content\/uploads\/2024\/10\/z5966283977665_bbefccc65d2fdc63a08cd9786ffcf8e8-300x300.jpg 300w, https:\/\/cameraquaytrom.net\/wp-content\/uploads\/2024\/10\/z5966283977665_bbefccc65d2fdc63a08cd9786ffcf8e8-1024x1024.jpg 1024w, https:\/\/cameraquaytrom.net\/wp-content\/uploads\/2024\/10\/z5966283977665_bbefccc65d2fdc63a08cd9786ffcf8e8-150x150.jpg 150w, https:\/\/cameraquaytrom.net\/wp-content\/uploads\/2024\/10\/z5966283977665_bbefccc65d2fdc63a08cd9786ffcf8e8-768x768.jpg 768w, https:\/\/cameraquaytrom.net\/wp-content\/uploads\/2024\/10\/z5966283977665_bbefccc65d2fdc63a08cd9786ffcf8e8-1536x1536.jpg 1536w, https:\/\/cameraquaytrom.net\/wp-content\/uploads\/2024\/10\/z5966283977665_bbefccc65d2fdc63a08cd9786ffcf8e8-2048x2048.jpg 2048w, https:\/\/cameraquaytrom.net\/wp-content\/uploads\/2024\/10\/z5966283977665_bbefccc65d2fdc63a08cd9786ffcf8e8-600x600.jpg 600w, https:\/\/cameraquaytrom.net\/wp-content\/uploads\/2024\/10\/z5966283977665_bbefccc65d2fdc63a08cd9786ffcf8e8-100x100.jpg 100w\" sizes=\"(max-width: 300px) 100vw, 300px\" \/><\/h1>\n<h1 style=\"text-align: center;\"><img loading=\"lazy\" decoding=\"async\" class=\"alignnone size-medium wp-image-2365\" src=\"https:\/\/cameraquaytrom.net\/wp-content\/uploads\/2024\/10\/z5966255141278_96f20773a2334b43b7b083fa021026ac-300x300.jpg\" alt=\"\" width=\"300\" height=\"300\" srcset=\"https:\/\/cameraquaytrom.net\/wp-content\/uploads\/2024\/10\/z5966255141278_96f20773a2334b43b7b083fa021026ac-300x300.jpg 300w, https:\/\/cameraquaytrom.net\/wp-content\/uploads\/2024\/10\/z5966255141278_96f20773a2334b43b7b083fa021026ac-1024x1024.jpg 1024w, https:\/\/cameraquaytrom.net\/wp-content\/uploads\/2024\/10\/z5966255141278_96f20773a2334b43b7b083fa021026ac-150x150.jpg 150w, https:\/\/cameraquaytrom.net\/wp-content\/uploads\/2024\/10\/z5966255141278_96f20773a2334b43b7b083fa021026ac-768x768.jpg 768w, https:\/\/cameraquaytrom.net\/wp-content\/uploads\/2024\/10\/z5966255141278_96f20773a2334b43b7b083fa021026ac-1536x1536.jpg 1536w, https:\/\/cameraquaytrom.net\/wp-content\/uploads\/2024\/10\/z5966255141278_96f20773a2334b43b7b083fa021026ac-600x600.jpg 600w, https:\/\/cameraquaytrom.net\/wp-content\/uploads\/2024\/10\/z5966255141278_96f20773a2334b43b7b083fa021026ac-100x100.jpg 100w, https:\/\/cameraquaytrom.net\/wp-content\/uploads\/2024\/10\/z5966255141278_96f20773a2334b43b7b083fa021026ac.jpg 1899w\" sizes=\"(max-width: 300px) 100vw, 300px\" \/><\/h1>\n<h1 style=\"text-align: center;\"><img loading=\"lazy\" decoding=\"async\" class=\"alignnone size-medium wp-image-2366\" src=\"https:\/\/cameraquaytrom.net\/wp-content\/uploads\/2024\/10\/z5966255152264_ae7c91b7a0b245b445c5af5e931f2bd7-300x300.jpg\" alt=\"\" width=\"300\" height=\"300\" srcset=\"https:\/\/cameraquaytrom.net\/wp-content\/uploads\/2024\/10\/z5966255152264_ae7c91b7a0b245b445c5af5e931f2bd7-300x300.jpg 300w, https:\/\/cameraquaytrom.net\/wp-content\/uploads\/2024\/10\/z5966255152264_ae7c91b7a0b245b445c5af5e931f2bd7-1024x1024.jpg 1024w, https:\/\/cameraquaytrom.net\/wp-content\/uploads\/2024\/10\/z5966255152264_ae7c91b7a0b245b445c5af5e931f2bd7-150x150.jpg 150w, https:\/\/cameraquaytrom.net\/wp-content\/uploads\/2024\/10\/z5966255152264_ae7c91b7a0b245b445c5af5e931f2bd7-768x768.jpg 768w, https:\/\/cameraquaytrom.net\/wp-content\/uploads\/2024\/10\/z5966255152264_ae7c91b7a0b245b445c5af5e931f2bd7-1536x1536.jpg 1536w, https:\/\/cameraquaytrom.net\/wp-content\/uploads\/2024\/10\/z5966255152264_ae7c91b7a0b245b445c5af5e931f2bd7-600x600.jpg 600w, https:\/\/cameraquaytrom.net\/wp-content\/uploads\/2024\/10\/z5966255152264_ae7c91b7a0b245b445c5af5e931f2bd7-100x100.jpg 100w, https:\/\/cameraquaytrom.net\/wp-content\/uploads\/2024\/10\/z5966255152264_ae7c91b7a0b245b445c5af5e931f2bd7.jpg 1899w\" sizes=\"(max-width: 300px) 100vw, 300px\" \/><\/h1>\n<h1 style=\"text-align: center;\"><img loading=\"lazy\" decoding=\"async\" class=\"alignnone size-medium wp-image-2367\" src=\"https:\/\/cameraquaytrom.net\/wp-content\/uploads\/2024\/10\/z5966255162383_dba0b279b2864e520b3bce1571ebfaae-300x300.jpg\" alt=\"\" width=\"300\" height=\"300\" srcset=\"https:\/\/cameraquaytrom.net\/wp-content\/uploads\/2024\/10\/z5966255162383_dba0b279b2864e520b3bce1571ebfaae-300x300.jpg 300w, https:\/\/cameraquaytrom.net\/wp-content\/uploads\/2024\/10\/z5966255162383_dba0b279b2864e520b3bce1571ebfaae-1024x1024.jpg 1024w, https:\/\/cameraquaytrom.net\/wp-content\/uploads\/2024\/10\/z5966255162383_dba0b279b2864e520b3bce1571ebfaae-150x150.jpg 150w, https:\/\/cameraquaytrom.net\/wp-content\/uploads\/2024\/10\/z5966255162383_dba0b279b2864e520b3bce1571ebfaae-768x768.jpg 768w, https:\/\/cameraquaytrom.net\/wp-content\/uploads\/2024\/10\/z5966255162383_dba0b279b2864e520b3bce1571ebfaae-1536x1536.jpg 1536w, https:\/\/cameraquaytrom.net\/wp-content\/uploads\/2024\/10\/z5966255162383_dba0b279b2864e520b3bce1571ebfaae-2048x2048.jpg 2048w, https:\/\/cameraquaytrom.net\/wp-content\/uploads\/2024\/10\/z5966255162383_dba0b279b2864e520b3bce1571ebfaae-600x600.jpg 600w, https:\/\/cameraquaytrom.net\/wp-content\/uploads\/2024\/10\/z5966255162383_dba0b279b2864e520b3bce1571ebfaae-100x100.jpg 100w\" sizes=\"(max-width: 300px) 100vw, 300px\" \/><\/h1>\n<h1 style=\"text-align: center;\"><img loading=\"lazy\" decoding=\"async\" class=\"alignnone size-medium wp-image-2368\" src=\"https:\/\/cameraquaytrom.net\/wp-content\/uploads\/2024\/10\/z5966255164490_908eaa2917840295eae3ac463c7ed49f-300x300.jpg\" alt=\"\" width=\"300\" height=\"300\" srcset=\"https:\/\/cameraquaytrom.net\/wp-content\/uploads\/2024\/10\/z5966255164490_908eaa2917840295eae3ac463c7ed49f-300x300.jpg 300w, https:\/\/cameraquaytrom.net\/wp-content\/uploads\/2024\/10\/z5966255164490_908eaa2917840295eae3ac463c7ed49f-1024x1024.jpg 1024w, https:\/\/cameraquaytrom.net\/wp-content\/uploads\/2024\/10\/z5966255164490_908eaa2917840295eae3ac463c7ed49f-150x150.jpg 150w, https:\/\/cameraquaytrom.net\/wp-content\/uploads\/2024\/10\/z5966255164490_908eaa2917840295eae3ac463c7ed49f-768x768.jpg 768w, https:\/\/cameraquaytrom.net\/wp-content\/uploads\/2024\/10\/z5966255164490_908eaa2917840295eae3ac463c7ed49f-1536x1536.jpg 1536w, https:\/\/cameraquaytrom.net\/wp-content\/uploads\/2024\/10\/z5966255164490_908eaa2917840295eae3ac463c7ed49f-2048x2048.jpg 2048w, https:\/\/cameraquaytrom.net\/wp-content\/uploads\/2024\/10\/z5966255164490_908eaa2917840295eae3ac463c7ed49f-600x600.jpg 600w, https:\/\/cameraquaytrom.net\/wp-content\/uploads\/2024\/10\/z5966255164490_908eaa2917840295eae3ac463c7ed49f-100x100.jpg 100w\" sizes=\"(max-width: 300px) 100vw, 300px\" \/><\/h1>\n<h2 style=\"text-align: center;\"><em>Video h\u01b0\u1edbng d\u1eabn s\u1eed d\u1ee5ng<\/em><\/h2>\n<p>&nbsp;<\/p>\n<p><iframe loading=\"lazy\" title=\"Camera Mini Si\u00eau Nh\u1ecf \u0110\u1ed9 Tr\u00ean Chi\u1ebfc \u0110i\u1ec7n Tho\u1ea1i VinSmat H\u00ecnh \u1ea2nh R\u00f5 N\u00e9t, M\u1eaft Camera Nh\u1ecf X\u00edu Gi\u1ea5u K\u00edn\" width=\"1020\" height=\"574\" src=\"https:\/\/www.youtube.com\/embed\/dFq-F-HoAeI?feature=oembed\" frameborder=\"0\" allow=\"accelerometer; autoplay; clipboard-write; encrypted-media; gyroscope; picture-in-picture; web-share\" referrerpolicy=\"strict-origin-when-cross-origin\" allowfullscreen><\/iframe><\/p>\n<p>M\u00f4 t\u1ea3: \u0111\u00e2y l\u00e0 chi\u1ebfc \u0111i\u1ec7n tho\u1ea1i vsmart ch\u00ednh h\u00e3ng t\u1eeb nh\u00e0 s\u1ea3n xu\u1ea5t, tuy nhi\u00ean camera \u0111\u00e3 \u0111\u01b0\u1ee3c \u0111\u1ed9 ch\u1ebf sang ph\u00eda c\u1ea1nh ngang c\u1ee7a \u0111i\u1ec7n tho\u1ea1i, camera ng\u00e0y \u1ea9n gi\u1ea5u b\u00ean c\u1ea1nh ngang m\u00e0 kh\u00f4ng th\u1ec3 ph\u00e1t hi\u1ec7n \u0111\u01b0\u1ee3c b\u1eb1ng m\u1eaft th\u01b0\u1eddng, \u0111\u1ea7u m\u1eaft camera nh\u1ecf nh\u01b0 \u0111\u1ea7u que t\u0103m, khi nh\u00ecn v\u00e0o s\u1ebd ch\u1ec9 ngh\u0129 \u0111\u00e2y l\u00e0 l\u1ed7 mic c\u1ee7a \u0111i\u1ec7n tho\u1ea1i ch\u1ee9 kh\u00f4ng bai bi\u1ebft \u0111\u00e2y l\u00e0 chi\u1ebfc camera c\u1ea3.<\/p>\n<p>Ch\u00ednh v\u00ec v\u1eady c\u00f3 th\u1ec3 d\u00f9ng chi\u1ebfc \u0111i\u1ec7n tho\u1ea1i n\u00e0y nh\u01b0 \u0111i\u1ec7n tho\u1ea1i th\u00f4ng th\u01b0\u1eddng, khi c\u1ea7n ch\u00fang ta c\u00f3 th\u1ec3 b\u1eadt camera l\u00ean quay m\u00e0 ng\u01b0\u1eddi kh\u00e1c kh\u00f4ng bi\u1ebft.<\/p>\n<p>Ca\u0301ch d\u00f9ng: c\u00e0i \u0111\u1eb7t 1 ph\u1ea7n m\u1ec1m \u1ea9n trong \u0111i\u1ec7n tho\u1ea1i c\u00f3 ch\u1ee9c n\u0103ng quay b\u00ed m\u1eadt v\u00e0 l\u01b0u v\u00e0o \u0111i\u1ec7n tho\u1ea1i, l\u01b0u b\u1eb1ng ch\u1ee9ng trong l\u00e0m \u0103n kinh doanh hay c\u00e1c c\u00f4ng vi\u1ec7c c\u00e1 nh\u00e2n ri\u00eang.<\/p>\n<p>N\u1ebfu mu\u1ed1n quay v\u00e0 xem t\u1eeb xa, bi\u1ebfn \u0111i\u1ec7n tho\u1ea1i th\u00e0nh 1 camera quan s\u00e1t b\u00ed m\u1eadt t\u1eeb xa th\u00ec c\u00e0i 1 ph\u1ea7n m\u1ec1m b\u1ea3o \u0111i\u1ec7n tho\u1ea1i, v\u00e0 d\u00f9ng 1 \u0111i\u1ec7n tho\u1ea1i kh\u00e1c c\u00f3 th\u1ec3 xem t\u1eeb xa, kho\u1ea3ng c\u00e1ch kh\u00f4ng gi\u01a1\u0301i ha\u0323n xem r\u1ea5t r\u00f5 n\u00e9t, ta c\u00f3 th\u1ec3 ph\u00f3ng to thu nh\u1ecf camera theo nhu c\u1ea7u xem th\u1ef1c c\u1ee7a ta<\/p>\n<p>Ti\u0301nh n\u0103ng: D\u00f9ng nh\u01b0 \u0111i\u1ec7n tho\u1ea1i th\u00f4ng th\u01b0\u1eddng, quay video b\u00ed m\u1eadt l\u01b0u v\u00e0o \u0111i\u1ec7n tho\u1ea1i ho\u1eb7c d\u00f9ng l\u00e0m camera b\u00ed m\u1eadt c\u00f3 th\u1ec3 quan s\u00e1t v\u00e0 xem \u0111\u01b0\u1ee3c t\u1eeb xa qua s\u00f3ng 4G ho\u1eb7c s\u00f3ng wifi S\u1ea3n ph\u1ea9m \u0111\u1ed9 ch\u1ebf \u0111\u1ed9c \u0111\u00e1o m\u00e0 kh\u00f4ng s\u1ee3 \u0111\u1ee5ng h\u00e0ng, kh\u00f4ng ai ph\u00e1t hi\u1ec7n khi s\u1eed d\u1ee5ng.<\/p>\n<p>Th\u00f4ng s\u1ed1 k\u0129 thu\u1eadt: th\u1eddi l\u01b0\u1ee3ng pin r\u1ea5t d\u00e0i l\u00ean t\u1edbi 5000mah, cho th\u1eddi gian quay li\u00ean t\u1ee5c l\u00ean t\u1edbi 15-20 ti\u1ebfng, \u0111\u1ed9 n\u00e9t 20 megapixel, h\u1ec7 \u0111i\u1ec1u h\u00e0nh android 10 \u0111\u1ea3m b\u1ea3o ch\u1ea1y m\u01b0\u1ee3t v\u00e0 ch\u1ea1y \u0111\u01b0\u1ee3c t\u1ea5t c\u1ea3 c\u00e1c ph\u1ea7n m\u1ec1m<\/p>\n<h3>Li\u00ean h\u1ec7 mua h\u00e0ng<\/h3>\n<h3 dir=\"auto\"><span class=\"pq6dq46d tbxw36s4 knj5qynh kvgmc6g5 ditlmg2l oygrvhab nvdbi5me sf5mxxl7 gl3lb2sf hhz5lgdu\"><img loading=\"lazy\" decoding=\"async\" src=\"https:\/\/static.xx.fbcdn.net\/images\/emoji.php\/v9\/t22\/1\/16\/260e.png\" alt=\"\u260e\ufe0f\" width=\"16\" height=\"16\" \/><\/span>\u00a0A H\u1ea3i: 094.226.2345 (zalo) \u2013 T\u01b0 V\u1ea5n 24\/24<\/h3>\n<div class=\"o9v6fnle cxmmr5t8 oygrvhab hcukyx3x c1et5uql ii04i59q\">\n<h3 dir=\"auto\"><span class=\"pq6dq46d tbxw36s4 knj5qynh kvgmc6g5 ditlmg2l oygrvhab nvdbi5me sf5mxxl7 gl3lb2sf hhz5lgdu\"><img loading=\"lazy\" decoding=\"async\" src=\"https:\/\/static.xx.fbcdn.net\/images\/emoji.php\/v9\/ta7\/1\/16\/1f3ea.png\" alt=\"?\" width=\"16\" height=\"16\" \/><\/span>\u00a0H\u00e0 N\u1ed9i: s\u1ed1 42 Th\u1ecbnh Li\u1ec7t \u2013 Ho\u00e0ng Mai \u2013 H\u00e0 N\u1ed9i<\/h3>\n<h3 dir=\"auto\"><span class=\"pq6dq46d tbxw36s4 knj5qynh kvgmc6g5 ditlmg2l oygrvhab nvdbi5me sf5mxxl7 gl3lb2sf hhz5lgdu\"><img loading=\"lazy\" decoding=\"async\" src=\"https:\/\/static.xx.fbcdn.net\/images\/emoji.php\/v9\/ta7\/1\/16\/1f3ea.png\" alt=\"?\" width=\"16\" height=\"16\" \/><\/span>\u00a0S\u00e0i G\u00f2n: 558\/66 B\u00ecnh Qu\u1edbi \u2013 Ph\u01b0\u1eddng 28 \u2013 B\u00ecnh Th\u1ea1nh<\/h3>\n<\/div>\n","protected":false},"excerpt":{"rendered":"<p>M\u00f4 t\u1ea3: \u0111\u00e2y l\u00e0 chi\u1ebfc \u0111i\u1ec7n tho\u1ea1i vsmart ch\u00ednh h\u00e3ng t\u1eeb nh\u00e0 s\u1ea3n xu\u1ea5t, tuy nhi\u00ean camera \u0111\u00e3 \u0111\u01b0\u1ee3c \u0111\u1ed9 ch\u1ebf sang ph\u00eda c\u1ea1nh ngang c\u1ee7a \u0111i\u1ec7n tho\u1ea1i, camera ng\u00e0y \u1ea9n gi\u1ea5u b\u00ean c\u1ea1nh ngang m\u00e0 kh\u00f4ng th\u1ec3 ph\u00e1t hi\u1ec7n \u0111\u01b0\u1ee3c b\u1eb1ng m\u1eaft th\u01b0\u1eddng, \u0111\u1ea7u m\u1eaft camera nh\u1ecf nh\u01b0 \u0111\u1ea7u que t\u0103m, khi nh\u00ecn v\u00e0o s\u1ebd ch\u1ec9 ngh\u0129 \u0111\u00e2y l\u00e0 l\u1ed7 mic c\u1ee7a \u0111i\u1ec7n tho\u1ea1i ch\u1ee9 kh\u00f4ng bai bi\u1ebft \u0111\u00e2y l\u00e0 chi\u1ebfc camera c\u1ea3.<\/p>\n","protected":false},"featured_media":2365,"comment_status":"open","ping_status":"closed","template":"","meta":[],"product_cat":[189,30,55],"product_tag":[109,57,107,103,106,71,108,104,105,100,102,101,58,96,99,98,97],"class_list":{"0":"post-2364","1":"product","2":"type-product","3":"status-publish","4":"has-post-thumbnail","6":"product_cat-camera","7":"product_cat-thiet-bi-quay-len","8":"product_cat-thiet-bi-quay-len-online","9":"product_tag-camera-gan-sim-4g","10":"product_tag-camera-nguy-trang","11":"product_tag-camera-nguy-trang-bat-lua","12":"product_tag-camera-nguy-trang-bong-den","13":"product_tag-camera-nguy-trang-cu-sac","14":"product_tag-camera-nguy-trang-cuc-ao","15":"product_tag-camera-nguy-trang-dien-thoai","16":"product_tag-camera-nguy-trang-dong-ho","17":"product_tag-camera-nguy-trang-dui-den","18":"product_tag-camera-nguy-trang-gia-re","19":"product_tag-camera-nguy-trang-o-cam-dien","20":"product_tag-camera-nguy-trang-sieu-nho","21":"product_tag-camera-sieu-nho","22":"product_tag-camera-sieu-nho-gia-re","23":"product_tag-camera-sieu-nho-giau-kin","24":"product_tag-camera-sieu-nho-khong-day","25":"product_tag-camera-sieu-nho-wifi","27":"first","28":"instock","29":"sale","30":"shipping-taxable","31":"purchasable","32":"product-type-simple"},"_links":{"self":[{"href":"https:\/\/cameraquaytrom.net\/index.php?rest_route=\/wp\/v2\/product\/2364"}],"collection":[{"href":"https:\/\/cameraquaytrom.net\/index.php?rest_route=\/wp\/v2\/product"}],"about":[{"href":"https:\/\/cameraquaytrom.net\/index.php?rest_route=\/wp\/v2\/types\/product"}],"replies":[{"embeddable":true,"href":"https:\/\/cameraquaytrom.net\/index.php?rest_route=%2Fwp%2Fv2%2Fcomments&post=2364"}],"wp:featuredmedia":[{"embeddable":true,"href":"https:\/\/cameraquaytrom.net\/index.php?rest_route=\/wp\/v2\/media\/2365"}],"wp:attachment":[{"href":"https:\/\/cameraquaytrom.net\/index.php?rest_route=%2Fwp%2Fv2%2Fmedia&parent=2364"}],"wp:term":[{"taxonomy":"product_cat","embeddable":true,"href":"https:\/\/cameraquaytrom.net\/index.php?rest_route=%2Fwp%2Fv2%2Fproduct_cat&post=2364"},{"taxonomy":"product_tag","embeddable":true,"href":"https:\/\/cameraquaytrom.net\/index.php?rest_route=%2Fwp%2Fv2%2Fproduct_tag&post=2364"}],"curies":[{"name":"wp","href":"https:\/\/api.w.org\/{rel}","templated":true}]}}