{"id":2789,"date":"2024-11-02T16:29:58","date_gmt":"2024-11-02T16:29:58","guid":{"rendered":"https:\/\/cameraquaytrom.net\/?post_type=product&#038;p=2789"},"modified":"2024-11-02T16:29:58","modified_gmt":"2024-11-02T16:29:58","slug":"bo-kich-wifi-4-anten-cao-cap","status":"publish","type":"product","link":"https:\/\/cameraquaytrom.net\/?product=bo-kich-wifi-4-anten-cao-cap","title":{"rendered":"B\u1ed9 K\u00edch WiFi 4 Anten Cao C\u1ea5p"},"content":{"rendered":"<h1 style=\"text-align: center;\">B\u1ed9 K\u00edch WiFi 4 Anten Cao C\u1ea5p<\/h1>\n<p><img loading=\"lazy\" decoding=\"async\" class=\"alignnone size-medium wp-image-2601 aligncenter\" src=\"https:\/\/cameraquaytrom.net\/wp-content\/uploads\/2024\/10\/z5966228036954_d33be24b6b86f36cd98af8629c13cfff-300x300.jpg\" alt=\"\" width=\"300\" height=\"300\" srcset=\"https:\/\/cameraquaytrom.net\/wp-content\/uploads\/2024\/10\/z5966228036954_d33be24b6b86f36cd98af8629c13cfff-300x300.jpg 300w, https:\/\/cameraquaytrom.net\/wp-content\/uploads\/2024\/10\/z5966228036954_d33be24b6b86f36cd98af8629c13cfff-1024x1024.jpg 1024w, https:\/\/cameraquaytrom.net\/wp-content\/uploads\/2024\/10\/z5966228036954_d33be24b6b86f36cd98af8629c13cfff-150x150.jpg 150w, https:\/\/cameraquaytrom.net\/wp-content\/uploads\/2024\/10\/z5966228036954_d33be24b6b86f36cd98af8629c13cfff-768x767.jpg 768w, https:\/\/cameraquaytrom.net\/wp-content\/uploads\/2024\/10\/z5966228036954_d33be24b6b86f36cd98af8629c13cfff-1536x1536.jpg 1536w, https:\/\/cameraquaytrom.net\/wp-content\/uploads\/2024\/10\/z5966228036954_d33be24b6b86f36cd98af8629c13cfff-2048x2046.jpg 2048w, https:\/\/cameraquaytrom.net\/wp-content\/uploads\/2024\/10\/z5966228036954_d33be24b6b86f36cd98af8629c13cfff-600x600.jpg 600w, https:\/\/cameraquaytrom.net\/wp-content\/uploads\/2024\/10\/z5966228036954_d33be24b6b86f36cd98af8629c13cfff-100x100.jpg 100w\" sizes=\"(max-width: 300px) 100vw, 300px\" \/><\/p>\n<div>B\u1ed9 k\u00edch s\u00f3ng wifi 4 r\u00e2u Vinetteam t\u1ed1c \u0111\u1ed9 300mbps ph\u00e1t xuy\u00ean t\u01b0\u1eddng k\u1ebft n\u1ed1i xa s\u00f3ng m\u1ea1nh<\/div>\n<div>B\u1ea1n \u0111ang g\u1eb7p kh\u00f3 kh\u0103n v\u1edbi t\u00edn hi\u1ec7u WiFi y\u1ebfu v\u00e0 kh\u00f4ng \u0111\u1ec1u \u0111\u1eb7n? \u0110\u1eebng lo l\u1eafng! V\u1edbi s\u1ea3n ph\u1ea9m K\u00edch S\u00f3ng WiFi Kh\u00f4ng D\u00e2y c\u1ee7a ch\u00fang t\u00f4i, b\u1ea1n s\u1ebd tr\u1ea3i nghi\u1ec7m m\u1ed9t k\u1ebft n\u1ed1i internet m\u1ea1nh m\u1ebd v\u00e0 \u1ed5n \u0111\u1ecbnh d\u00f9 \u1edf b\u1ea5t k\u1ef3 g\u00f3c \u0111\u1ed9 n\u00e0o trong nh\u00e0.<\/div>\n<div>\u0110\u01b0\u1ee3c thi\u1ebft k\u1ebf t\u1ed1i \u01b0u v\u1edbi 4 \u0102ng Ten m\u1ea1nh m\u1ebd, s\u1ea3n ph\u1ea9m n\u00e0y kh\u00f4ng ch\u1ec9 k\u00edch s\u00f3ng WiFi m\u1ea1nh m\u1ebd m\u00e0 c\u00f2n gi\u00fap t\u0103ng t\u1ed1c \u0111\u1ed9 truy c\u1eadp internet l\u00ean \u0111\u1ebfn 300Mbps.<\/div>\n<div><\/div>\n<div>T\u00ednh N\u0103ng N\u1ed5i B\u1eadt:<\/div>\n<div>V\u1edbi kh\u1ea3 n\u0103ng k\u00edch s\u00f3ng m\u1ea1nh, s\u1ea3n ph\u1ea9m n\u00e0y \u0111\u1ea3m b\u1ea3o t\u00edn hi\u1ec7u m\u1ea1nh m\u1ebd v\u00e0 \u1ed5n \u0111\u1ecbnh, gi\u00fap b\u1ea1n duy\u1ec7t web, xem phim, ch\u01a1i game m\u01b0\u1ee3t m\u00e0 kh\u00f4ng gi\u00e1n \u0111o\u1ea1n.<\/div>\n<div><\/div>\n<div>C\u00f4ng D\u1ee5ng &amp; H\u01b0\u1edbng D\u1eabn S\u1eed D\u1ee5ng:<\/div>\n<div>\u00a0S\u1ea3n ph\u1ea9m d\u1ec5 d\u00e0ng l\u1eafp \u0111\u1eb7t v\u00e0 s\u1eed d\u1ee5ng. Ch\u1ec9 c\u1ea7n c\u1eafm v\u00e0o ngu\u1ed3n \u0111i\u1ec7n v\u00e0 theo h\u01b0\u1edbng d\u1eabn k\u1ebft n\u1ed1i tr\u00ean h\u1ed9p s\u1ea3n ph\u1ea9m.<\/div>\n<div><\/div>\n<div>L\u1ee3i \u00cdch c\u1ee7a S\u1ea3n Ph\u1ea9m:<\/div>\n<div>K\u00edch s\u00f3ng m\u1ea1nh m\u1ebd, t\u0103ng t\u1ed1c \u0111\u1ed9 truy c\u1eadp internet.<\/div>\n<div>Thu s\u00f3ng WiFi t\u1eeb nhi\u1ec1u ngu\u1ed3n v\u00e0 ph\u00e1t l\u1ea1i \u1ed5n \u0111\u1ecbnh.<\/div>\n<div><\/div>\n<div>\ud83d\udc96 TH\u00d4NG S\u1ed0 K\u1ef8 THU\u1eacT:<\/div>\n<div>\u2714\ufe0f V\u1edbi c\u1ea5u t\u1ea1o 4 \u0103ng ten, kh\u1ea3 n\u0103ng k\u00edch s\u00f3ng c\u1ee7a thi\u1ebft b\u1ecb n\u00e0y r\u1ea5t xa v\u00e0 \u1ed5n \u0111\u1ecbnh<\/div>\n<div>\u2714\ufe0f S\u1eed d\u1ee5ng ngu\u1ed3n \u0111i\u1ec7n th\u00f4ng th\u01b0\u1eddng trong gia \u0111\u00ecnh 100-240V<\/div>\n<div>\u2714\ufe0f T\u1ed1c \u0111\u1ed9 truy\u1ec1n d\u1eabn cao l\u00ean \u0111\u1ebfn 300Mbps<\/div>\n<div>\u2714\ufe0f D\u00f9ng cho t\u1ea5t c\u1ea3 m\u1ea1ng wifi, c\u0169ng nh\u01b0 router b\u1ed9 ph\u00e1t wifi c\u1ee7a c\u00e1c h\u00e3ng kh\u00e1c<\/div>\n<div>\u2714\ufe0f S\u1eed d\u1ee5ng v\u1edbi m\u00e1y t\u00ednh ho\u1eb7c \u0111i\u1ec7n tho\u1ea1i th\u00f4ng minh<\/div>\n<div>\u2714\ufe0f B\u1ea3o qu\u1ea3n: \u0110\u1ec3 n\u01a1i tho\u00e1ng m\u00e1t,nh\u1eb9 nh\u00e0ng khi s\u1eed d\u1ee5ng<\/div>\n<div>\u2714\ufe0f H\u01b0\u1edbng d\u1eabn s\u1eed d\u1ee5ng: Xem trong h\u1ed9p<\/div>\n<div>\u2714\ufe0f\u00a0 S\u1ed1 l\u01b0\u1ee3ng \u0103ng-ten: 4<\/div>\n<div>\u2714\ufe0f S\u1ed1 c\u1ed5ng rj45: 2<\/div>\n<div>\u2714\ufe0f \u0110i\u1ec7n \u00e1p: 220v<\/div>\n<div>\u2714\ufe0f Giao di\u1ec7n: Kh\u00f4ng d\u00e2y<\/div>\n<h3>Li\u00ean h\u1ec7 mua h\u00e0ng<\/h3>\n<h3 dir=\"auto\"><span class=\"pq6dq46d tbxw36s4 knj5qynh kvgmc6g5 ditlmg2l oygrvhab nvdbi5me sf5mxxl7 gl3lb2sf hhz5lgdu\"><img loading=\"lazy\" decoding=\"async\" src=\"https:\/\/static.xx.fbcdn.net\/images\/emoji.php\/v9\/t22\/1\/16\/260e.png\" alt=\"\u260e\ufe0f\" width=\"16\" height=\"16\" \/><\/span>\u00a0A H\u1ea3i: 094.226.2345 (zalo) \u2013 T\u01b0 V\u1ea5n 24\/24<\/h3>\n<div class=\"o9v6fnle cxmmr5t8 oygrvhab hcukyx3x c1et5uql ii04i59q\">\n<h3 dir=\"auto\"><span class=\"pq6dq46d tbxw36s4 knj5qynh kvgmc6g5 ditlmg2l oygrvhab nvdbi5me sf5mxxl7 gl3lb2sf hhz5lgdu\"><img loading=\"lazy\" decoding=\"async\" src=\"https:\/\/static.xx.fbcdn.net\/images\/emoji.php\/v9\/ta7\/1\/16\/1f3ea.png\" alt=\"?\" width=\"16\" height=\"16\" \/><\/span>\u00a0H\u00e0 N\u1ed9i: s\u1ed1 42 Th\u1ecbnh Li\u1ec7t \u2013 Ho\u00e0ng Mai \u2013 H\u00e0 N\u1ed9i<\/h3>\n<h3 dir=\"auto\"><span class=\"pq6dq46d tbxw36s4 knj5qynh kvgmc6g5 ditlmg2l oygrvhab nvdbi5me sf5mxxl7 gl3lb2sf hhz5lgdu\"><img loading=\"lazy\" decoding=\"async\" src=\"https:\/\/static.xx.fbcdn.net\/images\/emoji.php\/v9\/ta7\/1\/16\/1f3ea.png\" alt=\"?\" width=\"16\" height=\"16\" \/><\/span>\u00a0S\u00e0i G\u00f2n: 558\/66 B\u00ecnh Qu\u1edbi \u2013 Ph\u01b0\u1eddng 28 \u2013 B\u00ecnh Th\u1ea1nh<\/h3>\n<\/div>\n<p>&nbsp;<\/p>\n","protected":false},"excerpt":{"rendered":"<p>K\u00edch S\u00f3ng Wifi 4 R\u00e2u Vinetteam \u0102ng Ten Ph\u00e1t Xuy\u00ean T\u01b0\u1eddng Si\u00eau M\u1ea1nh<\/p>\n","protected":false},"featured_media":2601,"comment_status":"open","ping_status":"closed","template":"","meta":[],"product_cat":[190],"product_tag":[211,203,209,201,208,202,207,206,205,193,194,191,198,192,199,204,200,210,196,213,212,197,195],"class_list":{"0":"post-2789","1":"product","2":"type-product","3":"status-publish","4":"has-post-thumbnail","6":"product_cat-bo-phat-wifi-4g","7":"product_tag-bo-phat-wifi-4g","8":"product_tag-bo-phat-wifi-4g-b618","9":"product_tag-bo-phat-wifi-4g-r102","10":"product_tag-bo-phat-wifi-4g-r311","11":"product_tag-bo-phat-wifi-4g-tot-nhat-hien-nay","12":"product_tag-bo-phat-wifi-mini","13":"product_tag-cach-doi-ten-wifi","14":"product_tag-cuc-pha-t-wifi","15":"product_tag-cuc-phat-wi-fi","16":"product_tag-cuc-phat-wifi","17":"product_tag-cuc-phat-wifi-4g","18":"product_tag-cuc-phat-wifi-4g-tot-nhat","19":"product_tag-cuc-phat-wifi-5g","20":"product_tag-cuc-phat-wifi-bang-sim","21":"product_tag-cuc-phat-wifi-di-dong","22":"product_tag-cuc-phat-wifi-du-lich","23":"product_tag-cuc-phat-wifi-tp-link","24":"product_tag-cuc-phat-wifi-tu-sim-4g","25":"product_tag-cuc-phat-wifi-tu-sim-4gcuc-phat-wifi-4g-gia-re","26":"product_tag-cuc-wi-fi","27":"product_tag-wi-fi","28":"product_tag-wi-fi-khong-day","29":"product_tag-wifi-khong-day","31":"first","32":"instock","33":"sale","34":"shipping-taxable","35":"purchasable","36":"product-type-simple"},"_links":{"self":[{"href":"https:\/\/cameraquaytrom.net\/index.php?rest_route=\/wp\/v2\/product\/2789"}],"collection":[{"href":"https:\/\/cameraquaytrom.net\/index.php?rest_route=\/wp\/v2\/product"}],"about":[{"href":"https:\/\/cameraquaytrom.net\/index.php?rest_route=\/wp\/v2\/types\/product"}],"replies":[{"embeddable":true,"href":"https:\/\/cameraquaytrom.net\/index.php?rest_route=%2Fwp%2Fv2%2Fcomments&post=2789"}],"wp:featuredmedia":[{"embeddable":true,"href":"https:\/\/cameraquaytrom.net\/index.php?rest_route=\/wp\/v2\/media\/2601"}],"wp:attachment":[{"href":"https:\/\/cameraquaytrom.net\/index.php?rest_route=%2Fwp%2Fv2%2Fmedia&parent=2789"}],"wp:term":[{"taxonomy":"product_cat","embeddable":true,"href":"https:\/\/cameraquaytrom.net\/index.php?rest_route=%2Fwp%2Fv2%2Fproduct_cat&post=2789"},{"taxonomy":"product_tag","embeddable":true,"href":"https:\/\/cameraquaytrom.net\/index.php?rest_route=%2Fwp%2Fv2%2Fproduct_tag&post=2789"}],"curies":[{"name":"wp","href":"https:\/\/api.w.org\/{rel}","templated":true}]}}