{"id":396,"date":"2020-03-08T05:45:07","date_gmt":"2020-03-08T05:45:07","guid":{"rendered":"http:\/\/maynghelengiare.com\/?post_type=product&#038;p=396"},"modified":"2021-11-10T04:41:54","modified_gmt":"2021-11-10T04:41:54","slug":"may-dinh-vi-nghe-len-n16s","status":"publish","type":"product","link":"https:\/\/cameraquaytrom.net\/?product=may-dinh-vi-nghe-len-n16s","title":{"rendered":"M\u00e1y \u0110\u1ecbnh V\u1ecb Nghe L\u00e9n N16s Kh\u00f4ng D\u00e2y B\u00e1n Ch\u1ea1y"},"content":{"rendered":"<h1 style=\"text-align: center;\">M\u00e1y \u0111\u1ecbnh v\u1ecb tr\u01b0c tuy\u1ebfn nghe g\u1ecdi N16s<\/h1>\n<p>C\u00d4NG NGH\u1ec6 M\u1edaI \u0110\u1ecaNH V\u1eca NGHE L\u00c9N N16s NH\u1eacP KH\u1ea8U NH\u1eacT B\u1ea2N CH\u00cdNH H\u00c3NG GI\u00c1 R\u1eba NH\u1ea4T TO\u00c0N QU\u1ed0C<\/p>\n<h3><img loading=\"lazy\" decoding=\"async\" class=\"size-medium wp-image-1513 aligncenter\" src=\"https:\/\/cameraquaytrom.net\/wp-content\/uploads\/2021\/07\/z2454649128044_8ee5110d3a681ca21ce5713574e178f9-compressed-300x300.jpg\" alt=\"\" width=\"300\" height=\"300\" srcset=\"https:\/\/cameraquaytrom.net\/wp-content\/uploads\/2021\/07\/z2454649128044_8ee5110d3a681ca21ce5713574e178f9-compressed-300x300.jpg 300w, https:\/\/cameraquaytrom.net\/wp-content\/uploads\/2021\/07\/z2454649128044_8ee5110d3a681ca21ce5713574e178f9-compressed-1024x1024.jpg 1024w, https:\/\/cameraquaytrom.net\/wp-content\/uploads\/2021\/07\/z2454649128044_8ee5110d3a681ca21ce5713574e178f9-compressed-150x150.jpg 150w, https:\/\/cameraquaytrom.net\/wp-content\/uploads\/2021\/07\/z2454649128044_8ee5110d3a681ca21ce5713574e178f9-compressed-768x768.jpg 768w, https:\/\/cameraquaytrom.net\/wp-content\/uploads\/2021\/07\/z2454649128044_8ee5110d3a681ca21ce5713574e178f9-compressed-1536x1536.jpg 1536w, https:\/\/cameraquaytrom.net\/wp-content\/uploads\/2021\/07\/z2454649128044_8ee5110d3a681ca21ce5713574e178f9-compressed-2048x2048.jpg 2048w, https:\/\/cameraquaytrom.net\/wp-content\/uploads\/2021\/07\/z2454649128044_8ee5110d3a681ca21ce5713574e178f9-compressed-600x600.jpg 600w, https:\/\/cameraquaytrom.net\/wp-content\/uploads\/2021\/07\/z2454649128044_8ee5110d3a681ca21ce5713574e178f9-compressed-100x100.jpg 100w\" sizes=\"(max-width: 300px) 100vw, 300px\" \/><\/h3>\n<h3><img loading=\"lazy\" decoding=\"async\" class=\"size-medium wp-image-1512 aligncenter\" src=\"https:\/\/cameraquaytrom.net\/wp-content\/uploads\/2021\/07\/z2454648789436_3c0c28a7dc8166014470392276e544ff-compressed-300x300.jpg\" alt=\"\" width=\"300\" height=\"300\" srcset=\"https:\/\/cameraquaytrom.net\/wp-content\/uploads\/2021\/07\/z2454648789436_3c0c28a7dc8166014470392276e544ff-compressed-300x300.jpg 300w, https:\/\/cameraquaytrom.net\/wp-content\/uploads\/2021\/07\/z2454648789436_3c0c28a7dc8166014470392276e544ff-compressed-1024x1024.jpg 1024w, https:\/\/cameraquaytrom.net\/wp-content\/uploads\/2021\/07\/z2454648789436_3c0c28a7dc8166014470392276e544ff-compressed-150x150.jpg 150w, https:\/\/cameraquaytrom.net\/wp-content\/uploads\/2021\/07\/z2454648789436_3c0c28a7dc8166014470392276e544ff-compressed-768x768.jpg 768w, https:\/\/cameraquaytrom.net\/wp-content\/uploads\/2021\/07\/z2454648789436_3c0c28a7dc8166014470392276e544ff-compressed-1536x1536.jpg 1536w, https:\/\/cameraquaytrom.net\/wp-content\/uploads\/2021\/07\/z2454648789436_3c0c28a7dc8166014470392276e544ff-compressed-2048x2048.jpg 2048w, https:\/\/cameraquaytrom.net\/wp-content\/uploads\/2021\/07\/z2454648789436_3c0c28a7dc8166014470392276e544ff-compressed-600x600.jpg 600w, https:\/\/cameraquaytrom.net\/wp-content\/uploads\/2021\/07\/z2454648789436_3c0c28a7dc8166014470392276e544ff-compressed-100x100.jpg 100w\" sizes=\"(max-width: 300px) 100vw, 300px\" \/><\/h3>\n<h3><img loading=\"lazy\" decoding=\"async\" class=\"size-medium wp-image-1511 aligncenter\" src=\"https:\/\/cameraquaytrom.net\/wp-content\/uploads\/2021\/07\/z2454648699026_3515e0bb768ef0dc67a6a288f0b7bb8b-compressed-300x300.jpg\" alt=\"\" width=\"300\" height=\"300\" srcset=\"https:\/\/cameraquaytrom.net\/wp-content\/uploads\/2021\/07\/z2454648699026_3515e0bb768ef0dc67a6a288f0b7bb8b-compressed-300x300.jpg 300w, https:\/\/cameraquaytrom.net\/wp-content\/uploads\/2021\/07\/z2454648699026_3515e0bb768ef0dc67a6a288f0b7bb8b-compressed-1024x1024.jpg 1024w, https:\/\/cameraquaytrom.net\/wp-content\/uploads\/2021\/07\/z2454648699026_3515e0bb768ef0dc67a6a288f0b7bb8b-compressed-150x150.jpg 150w, https:\/\/cameraquaytrom.net\/wp-content\/uploads\/2021\/07\/z2454648699026_3515e0bb768ef0dc67a6a288f0b7bb8b-compressed-768x768.jpg 768w, https:\/\/cameraquaytrom.net\/wp-content\/uploads\/2021\/07\/z2454648699026_3515e0bb768ef0dc67a6a288f0b7bb8b-compressed-1536x1536.jpg 1536w, https:\/\/cameraquaytrom.net\/wp-content\/uploads\/2021\/07\/z2454648699026_3515e0bb768ef0dc67a6a288f0b7bb8b-compressed-2048x2048.jpg 2048w, https:\/\/cameraquaytrom.net\/wp-content\/uploads\/2021\/07\/z2454648699026_3515e0bb768ef0dc67a6a288f0b7bb8b-compressed-600x600.jpg 600w, https:\/\/cameraquaytrom.net\/wp-content\/uploads\/2021\/07\/z2454648699026_3515e0bb768ef0dc67a6a288f0b7bb8b-compressed-100x100.jpg 100w\" sizes=\"(max-width: 300px) 100vw, 300px\" \/><\/h3>\n<h3><img loading=\"lazy\" decoding=\"async\" class=\"size-medium wp-image-1514 aligncenter\" src=\"https:\/\/cameraquaytrom.net\/wp-content\/uploads\/2021\/07\/z2454649142930_d8e576bcdedbd490dc9c5f8a1793832e-compressed-300x300.jpg\" alt=\"\" width=\"300\" height=\"300\" srcset=\"https:\/\/cameraquaytrom.net\/wp-content\/uploads\/2021\/07\/z2454649142930_d8e576bcdedbd490dc9c5f8a1793832e-compressed-300x300.jpg 300w, https:\/\/cameraquaytrom.net\/wp-content\/uploads\/2021\/07\/z2454649142930_d8e576bcdedbd490dc9c5f8a1793832e-compressed-1024x1024.jpg 1024w, https:\/\/cameraquaytrom.net\/wp-content\/uploads\/2021\/07\/z2454649142930_d8e576bcdedbd490dc9c5f8a1793832e-compressed-150x150.jpg 150w, https:\/\/cameraquaytrom.net\/wp-content\/uploads\/2021\/07\/z2454649142930_d8e576bcdedbd490dc9c5f8a1793832e-compressed-768x768.jpg 768w, https:\/\/cameraquaytrom.net\/wp-content\/uploads\/2021\/07\/z2454649142930_d8e576bcdedbd490dc9c5f8a1793832e-compressed-1536x1536.jpg 1536w, https:\/\/cameraquaytrom.net\/wp-content\/uploads\/2021\/07\/z2454649142930_d8e576bcdedbd490dc9c5f8a1793832e-compressed-2048x2048.jpg 2048w, https:\/\/cameraquaytrom.net\/wp-content\/uploads\/2021\/07\/z2454649142930_d8e576bcdedbd490dc9c5f8a1793832e-compressed-600x600.jpg 600w, https:\/\/cameraquaytrom.net\/wp-content\/uploads\/2021\/07\/z2454649142930_d8e576bcdedbd490dc9c5f8a1793832e-compressed-100x100.jpg 100w\" sizes=\"(max-width: 300px) 100vw, 300px\" \/><\/h3>\n<h3><span class=\"style-scope yt-formatted-string\" dir=\"auto\">B<\/span><span class=\"style-scope yt-formatted-string\" dir=\"auto\">\u1ea0N C\u00d3 G\u1eb6P PH\u1ea2I V\u1ea4N \u0110\u1ec0 D\u01af\u1edaI \u0110\u00c2Y? <\/span><\/h3>\n<p><span class=\"style-scope yt-formatted-string\" dir=\"auto\">Gia \u0111\u00ecnh b\u1ea1n c\u00f3 tr\u1ee5c tr\u1eb7c v\u00e0 b\u1ea1n mu\u1ed1n r\u00f5 nguy\u00ean nh\u00e2n \u0111\u1ec3 gi\u1eef l\u1eeda h\u1ea1nh ph\u00fac? <\/span><\/p>\n<p><span class=\"style-scope yt-formatted-string\" dir=\"auto\">B\u1ea1n lu\u00f4n ph\u1ea3i lo l\u1eafng m\u1ea5t xe v\u00ec chi\u1ebfc xe l\u00e0 t\u00e0i s\u1ea3n gi\u00e1 tr\u1ecb nh\u01b0ng l\u1ea1i kh\u00f4ng th\u1ec3 lu\u00f4n trong t\u1ea7m m\u1eaft nh\u00ecn m\u1ecdi l\u00fac? <\/span><\/p>\n<p><span class=\"style-scope yt-formatted-string\" dir=\"auto\">B\u1ea1n c\u00f3 con c\u00e1i \u0111\u1ebfn tu\u1ed5i \u0111i h\u1ecdc nh\u01b0ng kh\u00f3 ki\u1ec3m so\u00e1t con \u0111i h\u1ecdc hay ch\u01a1i b\u1eddi t\u1ee5 t\u1eadp \u1edf \u0111\u00e2u? <\/span><\/p>\n<p><span class=\"style-scope yt-formatted-string\" dir=\"auto\">B\u1ea1n \u0111ang qu\u1ea3n l\u00fd \u0111\u1ed9i xe xe c\u00f4ng, xe cho thu\u00ea v\u00e0 lu\u00f4n lo l\u1eafng kh\u00f4ng bi\u1ebft nh\u00e2n vi\u00ean \u0111i \u0111\u00e2u, \u0111ang \u1edf \u0111\u00e2u? <\/span><\/p>\n<p><span class=\"style-scope yt-formatted-string\" dir=\"auto\">B\u1ea1n mu\u1ed1n s\u1eed d\u1ee5ng thi\u1ebft b\u1ecb \u0111\u1ec3 gi\u00e1m s\u00e1t ti\u1ec7n l\u1ee3i nh\u01b0ng ng\u1ea1i l\u1eafp \u0111\u1eb7t, kh\u00f4ng r\u00e0nh v\u1ec1 k\u1ef9 thu\u1eadt? <\/span><\/p>\n<p><span class=\"style-scope yt-formatted-string\" dir=\"auto\">Nh\u1eefng v\u1ea5n \u0111\u1ec1 nan gi\u1ea3i tr\u1edf n\u00ean th\u1eadt d\u1ec5 d\u00e0ng v\u1edbi Thi\u1ebft B\u1ecb \u0110\u1ecbnh V\u1ecb Nghe L\u00e9n Ghi \u00e2m T\u1eeb Xa N16S Made In Japan <\/span><\/p>\n<p><span class=\"style-scope yt-formatted-string\" dir=\"auto\">Thi\u1ebft B\u1ecb \u0110\u1ecbnh V\u1ecb Nghe L\u00e9n Ghi \u00e2m T\u1eeb Xa N16S Made In Japan c\u00f3 k\u00edch th\u01b0\u1edbc nh\u1ecf g\u1ecdn, s\u1eed d\u1ee5ng pin. \u0110\u1eb7c bi\u1ec7t kh\u00f4ng c\u1ea7n l\u1eafp \u0111\u1eb7t, \u0111\u1ec3 \u0111\u01b0\u1ee3c m\u1ecdi v\u1ecb tr\u00ed tr\u00ean xe. <\/span><\/p>\n<p><span class=\"style-scope yt-formatted-string\" dir=\"auto\">Thi\u1ebft b\u1ecb \u0111\u1ecbnh v\u1ecb nghe l\u00e9n N16S Made In Japan v\u1edbi c\u00e1c ch\u1ee9c n\u0103ng nh\u01b0: <\/span><\/p>\n<p><span class=\"style-scope yt-formatted-string\" dir=\"auto\">\u0110\u1ecbnh v\u1ecb v\u1ecb tr\u00ed b\u1ea1n \u0111ang \u1edf \u0111\u1ecba ch\u1ec9 n\u00e0o, thi\u1ebft l\u1eadp c\u1ea3nh b\u00e1o an to\u00e0n, ghi \u00e2m r\u00f5 r\u00e0ng, ch\u1ea5t l\u01b0\u1ee3ng \u00e2m thanh t\u1ed1t, c\u00f3 th\u1ec3 t\u1ef1 g\u1ecdi khi c\u00f3 \u00e2m thanh, xem \u0111\u01b0\u1ee3c l\u1ecbch s\u1eed di chuy\u1ec3n c\u1ee7a thi\u1ebft b\u1ecb th\u00f4ng qua app qu\u1ea3n l\u00fd tr\u1ef1c ti\u1ebfp tr\u00ean \u0111i\u1ec7n tho\u1ea1i d\u1ec5 d\u00e0ng. <\/span><\/p>\n<p><span class=\"style-scope yt-formatted-string\" dir=\"auto\">Thi\u1ebft b\u1ecb \u0111\u1ecbnh v\u1ecb nghe l\u00e9n N16S Made In Japan &#8211; Kh\u1ea3 n\u0103ng \u0111\u1ecbnh v\u1ecb ch\u00ednh x\u00e1c \u0110\u1ecbnh v\u1ecb N16s \u0110\u01b0\u1ee3c trang chip GPS \u0111\u1ecbnh v\u1ecb 8 nh\u00e2n cao c\u1ea5p, s\u1eed d\u1ee5ng \u1ee9ng d\u1ee5ng chuy\u00ean nghi\u1ec7p c\u00e0i \u0111\u1eb7t tr\u1ef1c ti\u1ebfp tr\u00ean smartphone, tablet chop ph\u00e9p theo d\u00f5i ch\u00ednh x\u00e1c v\u1ecb tr\u00ed \u0111ang \u1edf \u0111\u00e2u ti\u1ec7n l\u1ee3i \u0111\u1ed9 sai l\u1ec7ch v\u1ecb tr\u00ed 5m <\/span><\/p>\n<p><span class=\"style-scope yt-formatted-string\" dir=\"auto\">Thi\u1ebft b\u1ecb \u0111\u1ecbnh v\u1ecb nghe l\u00e9n N16S Made In Japan &#8211; Th\u1eddi l\u01b0\u1ee3ng pin kh\u1ee7ng Thi\u1ebft b\u1ecb nghe l\u00e9n N16S \u0111\u01b0\u1ee3c trang b\u1ecb pin dung l\u01b0\u1ee3ng 2000mAh cho ph\u00e9p ho\u1ea1t \u0111\u1ed9ng li\u00ean t\u1ee5c t\u1eeb 7-10 ng\u00e0y kh\u00f4ng c\u1ea7n s\u1ea1c. <\/span><\/p>\n<p><span class=\"style-scope yt-formatted-string\" dir=\"auto\">\u0110\u00e2y \u0111\u01b0\u1ee3c xem l\u00e0 1 trong nh\u1eefng t\u00ednh n\u0103ng n\u1ed5i tr\u1ed9i c\u1ee7a GPS N16s kh\u00e1c v\u1edbi nh\u1eefng d\u00f2ng \u0111\u1ecbnh v\u1ecb mini gi\u00e1 r\u1ebb kh\u00e1c tr\u00ean th\u1ecb tr\u01b0\u1eddng c\u00f3 dung l\u01b0\u1ee3ng pin r\u1ea5t th\u1ea5p. <\/span><\/p>\n<p><span class=\"style-scope yt-formatted-string\" dir=\"auto\">Thi\u1ebft b\u1ecb \u0111\u1ecbnh v\u1ecb nghe l\u00e9n N16S Made In Japan &#8211; H\u1ed7 tr\u1ee3 nghe l\u00e9n v\u00e0 ghi \u00e2m th\u00f4ng minh M\u00e1y \u0110\u1ecbnh V\u1ecb N16s l\u00e0 1 trong nh\u1eefng d\u00f2ng thi\u1ebft b\u1ecb \u0111\u1ecbnh v\u1ecb duy nh\u1ea5t hi\u1ec7n nay tr\u00ean th\u1ecb tr\u01b0\u1eddng t\u00edch h\u1ee3p c\u1ea3 2 ch\u1ee9c n\u0103ng ghi \u00e2m v\u00e0 nghe l\u00e9n. <\/span><\/p>\n<p><span class=\"style-scope yt-formatted-string\" dir=\"auto\">\u0110\u00e2y l\u00e0 thi\u1ebft b\u1ecb \u0111\u1ecbnh v\u1ecb hi\u1ebfm hoi tr\u00ean th\u1ecb tr\u01b0\u1eddng s\u1edf h\u1eefu t\u00ednh n\u0103ng n\u00e0y. H\u01b0\u1edbng d\u1eabn s\u1eed d\u1ee5ng thi\u1ebft b\u1ecb \u0111\u1ecbnh v\u1ecb N16S c\u00e1c l\u1ec7nh b\u1eb1ng SMS <\/span><\/p>\n<p><span class=\"style-scope yt-formatted-string\" dir=\"auto\">&#8211; \u0110\u1ec3 nghe l\u00e9n so\u1ea1n tin nh\u1eafn 000<\/span><a class=\"yt-simple-endpoint style-scope yt-formatted-string\" dir=\"auto\" spellcheck=\"false\" href=\"https:\/\/www.youtube.com\/hashtag\/s%C4%91t\">#s\u0111t<\/a><span class=\"style-scope yt-formatted-string\" dir=\"auto\">\u200b<\/span><span class=\"style-scope yt-formatted-string\" dir=\"auto\"># l\u00e0m s\u1ed1 ch\u1ee7 nh\u00e2n c\u1ee7a thi\u1ebft b\u1ecb. V\u00ed d\u1ee5 000<\/span><a class=\"yt-simple-endpoint style-scope yt-formatted-string\" dir=\"auto\" spellcheck=\"false\" href=\"https:\/\/www.youtube.com\/hashtag\/0960000000\">#0960000000<\/a><span class=\"style-scope yt-formatted-string\" dir=\"auto\">\u200b<\/span><span class=\"style-scope yt-formatted-string\" dir=\"auto\"># g\u1eedi v\u00e0o s\u1ed1 \u0111i\u1ec7n tho\u1ea1i n\u1eb1m trong thi\u1ebft b\u1ecb N16 <\/span><\/p>\n<p><span class=\"style-scope yt-formatted-string\" dir=\"auto\">&#8211; \u0110\u1ec3 ghi \u00e2m so\u1ea1n tin nh\u1eafn 111 thi\u1ebft b\u1ecb ghi \u00e2m \u0111\u01b0\u1ee3c 10p th\u00ec d\u1eebng \u0111\u1ec3 ghi \u00e2m ti\u1ebfp ta l\u1ea1i so\u1ea1n ti\u1ebfp 111 g\u1eedi v\u00e0o thi\u1ebft b\u1ecb <\/span><\/p>\n<p><span class=\"style-scope yt-formatted-string\" dir=\"auto\">&#8211; \u0110\u1ec3 ghi \u00e2m t\u1ef1 \u0111\u1ed9ng khi c\u00f3 \u00e2m thanh so\u1ea1n tin nh\u1eafn 222 g\u1eedi v\u00e0o thi\u1ebft b\u1ecb N16 <\/span><\/p>\n<p><span class=\"style-scope yt-formatted-string\" dir=\"auto\">&#8211; \u0110\u1ec3 k\u1ebft th\u00fac ch\u1ee9c n\u0103ng ghi \u00e2m v\u00e0 l\u01b0u v\u00e0o th\u1ebb nh\u1edb so\u1ea1n 555 <\/span><\/p>\n<p><span class=\"style-scope yt-formatted-string\" dir=\"auto\">&#8211; \u0110\u1ec3 x\u00f3a th\u1ebb nh\u1edb so\u1ea1n tin nh\u1eafn 444 <\/span><\/p>\n<p><span class=\"style-scope yt-formatted-string\" dir=\"auto\">&#8211; \u0110\u1ec3 thi\u1ebft b\u1ecb nh\u1eafn tin cho ch\u1ee7 nh\u00e2n khi c\u00f3 \u00e2m thanh ng\u01b0\u1eddi kh\u00e1c n\u00f3i s\u1ecdan tin nh\u1eafn 777 <\/span><\/p>\n<p><span class=\"style-scope yt-formatted-string\" dir=\"auto\">&#8211; \u0110\u1ec3 t\u1ef1 \u0111\u1ed9ng g\u1ecdi l\u1ea1i cho ch\u1ee7 nh\u00e2n khi c\u00f3 \u00e2m thanh ng\u01b0\u1eddi kh\u00e1c n\u00f3i so\u1ea1n tin nh\u1eafn 333 <\/span><\/p>\n<p><span class=\"style-scope yt-formatted-string\" dir=\"auto\">&#8211; \u0110\u1ec3 xem \u0111\u1ecbnh v\u1ecb t\u1ea3i ph\u1ea7n m\u1ec1m GPS365 v\u1ec1 m\u00e1y Nh\u1eadp s\u1ed1 IMEI d\u00e1n \u1edf tr\u00ean thi\u1ebft b\u1ecb N16 v\u00e0o sau \u0111\u1ea5y nh\u1eadp m\u1eadt kh\u1ea9u v\u00e0o m\u1eadt kh\u1ea9u l\u1ea3 123456 B\u1ea5m v\u00e0o LOG IN B\u1ea5m v\u00e0o bi\u1ec3u t\u01b0\u1ee3ng Track l\u00e0 ra b\u1ea3n \u0111\u1ed3 \u0111\u1ecbnh v\u1ecb.<\/span><\/p>\n<h3><em><span style=\"text-decoration: underline;\">Video h\u01b0\u1edbng d\u1eabn s\u1eed d\u1ee5ng<\/span><\/em><\/h3>\n<p><iframe loading=\"lazy\" title=\"Thi\u1ebft b\u1ecb \u0111\u1ecbnh v\u1ecb nghe l\u00e9n N16s Made in Japan ch\u00ednh h\u00e3ng, M\u00e1y \u0111\u1ecbnh v\u1ecb nghe l\u00e9n si\u00eau nh\u1ecf gi\u00e1 r\u1ebb\" width=\"1020\" height=\"574\" src=\"https:\/\/www.youtube.com\/embed\/tzXJB8Y03h8?start=88&#038;feature=oembed\" frameborder=\"0\" allow=\"accelerometer; autoplay; clipboard-write; encrypted-media; gyroscope; picture-in-picture\" allowfullscreen><\/iframe><\/p>\n<h3><b style=\"color: #333333; font-size: 14.4px;\">Li\u00ean h\u1ec7 mua h\u00e0ng<\/b><\/h3>\n<h3 dir=\"auto\"><span class=\"pq6dq46d tbxw36s4 knj5qynh kvgmc6g5 ditlmg2l oygrvhab nvdbi5me sf5mxxl7 gl3lb2sf hhz5lgdu\"><img loading=\"lazy\" decoding=\"async\" src=\"https:\/\/static.xx.fbcdn.net\/images\/emoji.php\/v9\/t22\/1\/16\/260e.png\" alt=\"\u260e\ufe0f\" width=\"16\" height=\"16\" \/><\/span> A H\u1ea3i: 094.226.2345 (zalo) &#8211; T\u01b0 V\u1ea5n 24\/24<\/h3>\n<h3 class=\"o9v6fnle cxmmr5t8 oygrvhab hcukyx3x c1et5uql ii04i59q\"><span class=\"pq6dq46d tbxw36s4 knj5qynh kvgmc6g5 ditlmg2l oygrvhab nvdbi5me sf5mxxl7 gl3lb2sf hhz5lgdu\"><img loading=\"lazy\" decoding=\"async\" src=\"https:\/\/static.xx.fbcdn.net\/images\/emoji.php\/v9\/ta7\/1\/16\/1f3ea.png\" alt=\"\ud83c\udfea\" width=\"16\" height=\"16\" \/><\/span> H\u00e0 N\u1ed9i: s\u1ed1 42 Th\u1ecbnh Li\u1ec7t &#8211; Ho\u00e0ng Mai &#8211; H\u00e0 N\u1ed9i<span class=\"pq6dq46d tbxw36s4 knj5qynh kvgmc6g5 ditlmg2l oygrvhab nvdbi5me sf5mxxl7 gl3lb2sf hhz5lgdu\"><img loading=\"lazy\" decoding=\"async\" src=\"https:\/\/static.xx.fbcdn.net\/images\/emoji.php\/v9\/ta7\/1\/16\/1f3ea.png\" alt=\"\ud83c\udfea\" width=\"16\" height=\"16\" \/><\/span> S\u00e0i G\u00f2n: 558\/66 B\u00ecnh Qu\u1edbi &#8211; Ph\u01b0\u1eddng 28 &#8211; B\u00ecnh Th\u1ea1nh<\/h3>\n","protected":false},"excerpt":{"rendered":"<p>M\u00e1y N16s \u0111\u1ecbnh v\u1ecb tr\u1ef1c tuy\u1ebfn, nghe l\u00e9n t\u1eeb xa, ghi \u00e2m, t\u1ef1 \u0111\u1ed9ng g\u1ecdi l\u1ea1i khi c\u00f3 ti\u1ebfng \u0111\u1ed9ng v\u00e0 c\u00f3 nam ch\u00e2m d\u00ednh c\u1ef1c ch\u1eafc<\/p>\n<p>&nbsp;<\/p>\n<p>&nbsp;<\/p>\n","protected":false},"featured_media":1513,"comment_status":"open","ping_status":"closed","template":"","meta":[],"product_cat":[33,28,29],"product_tag":[40,36,38,35,37],"class_list":{"0":"post-396","1":"product","2":"type-product","3":"status-publish","4":"has-post-thumbnail","6":"product_cat-may-nghe-len","7":"product_cat-thiet-bi-dinh-vi","8":"product_cat-thiet-bi-nghe-len","9":"product_tag-dinh-vi-n16s","10":"product_tag-dinh-vi-nghe-len","11":"product_tag-dinh-vi-nghe-len-khong-day","12":"product_tag-dinh-vi-sieu-nho","13":"product_tag-may-nghe-len","15":"first","16":"instock","17":"sale","18":"shipping-taxable","19":"purchasable","20":"product-type-simple"},"_links":{"self":[{"href":"https:\/\/cameraquaytrom.net\/index.php?rest_route=\/wp\/v2\/product\/396"}],"collection":[{"href":"https:\/\/cameraquaytrom.net\/index.php?rest_route=\/wp\/v2\/product"}],"about":[{"href":"https:\/\/cameraquaytrom.net\/index.php?rest_route=\/wp\/v2\/types\/product"}],"replies":[{"embeddable":true,"href":"https:\/\/cameraquaytrom.net\/index.php?rest_route=%2Fwp%2Fv2%2Fcomments&post=396"}],"wp:featuredmedia":[{"embeddable":true,"href":"https:\/\/cameraquaytrom.net\/index.php?rest_route=\/wp\/v2\/media\/1513"}],"wp:attachment":[{"href":"https:\/\/cameraquaytrom.net\/index.php?rest_route=%2Fwp%2Fv2%2Fmedia&parent=396"}],"wp:term":[{"taxonomy":"product_cat","embeddable":true,"href":"https:\/\/cameraquaytrom.net\/index.php?rest_route=%2Fwp%2Fv2%2Fproduct_cat&post=396"},{"taxonomy":"product_tag","embeddable":true,"href":"https:\/\/cameraquaytrom.net\/index.php?rest_route=%2Fwp%2Fv2%2Fproduct_tag&post=396"}],"curies":[{"name":"wp","href":"https:\/\/api.w.org\/{rel}","templated":true}]}}