{"id":397,"date":"2020-03-08T05:50:16","date_gmt":"2020-03-08T05:50:16","guid":{"rendered":"http:\/\/maynghelengiare.com\/?post_type=product&#038;p=397"},"modified":"2021-11-10T04:25:02","modified_gmt":"2021-11-10T04:25:02","slug":"dinh-vi-nghe-len-khong-day-dw-01","status":"publish","type":"product","link":"https:\/\/cameraquaytrom.net\/?product=dinh-vi-nghe-len-khong-day-dw-01","title":{"rendered":"\u0110\u1ecbnh V\u1ecb Nghe L\u00e9n DW-01 Kh\u00f4ng D\u00e2y Si\u00eau Nh\u1ecf"},"content":{"rendered":"<h1 style=\"text-align: center;\">\u0110\u1ecbnh V\u1ecb Nghe L\u00e9n DW-01 Kh\u00f4ng D\u00e2y Si\u00eau Nh\u1ecf<\/h1>\n<p><img loading=\"lazy\" decoding=\"async\" class=\"size-medium wp-image-1923 aligncenter\" src=\"https:\/\/cameraquaytrom.net\/wp-content\/uploads\/2020\/03\/z2454605551699_0f276d540fdc3e9821e95748de792ac5-compressed-300x300.jpg\" alt=\"\" width=\"300\" height=\"300\" srcset=\"https:\/\/cameraquaytrom.net\/wp-content\/uploads\/2020\/03\/z2454605551699_0f276d540fdc3e9821e95748de792ac5-compressed-300x300.jpg 300w, https:\/\/cameraquaytrom.net\/wp-content\/uploads\/2020\/03\/z2454605551699_0f276d540fdc3e9821e95748de792ac5-compressed-1024x1024.jpg 1024w, https:\/\/cameraquaytrom.net\/wp-content\/uploads\/2020\/03\/z2454605551699_0f276d540fdc3e9821e95748de792ac5-compressed-150x150.jpg 150w, https:\/\/cameraquaytrom.net\/wp-content\/uploads\/2020\/03\/z2454605551699_0f276d540fdc3e9821e95748de792ac5-compressed-768x768.jpg 768w, https:\/\/cameraquaytrom.net\/wp-content\/uploads\/2020\/03\/z2454605551699_0f276d540fdc3e9821e95748de792ac5-compressed-600x600.jpg 600w, https:\/\/cameraquaytrom.net\/wp-content\/uploads\/2020\/03\/z2454605551699_0f276d540fdc3e9821e95748de792ac5-compressed-100x100.jpg 100w, https:\/\/cameraquaytrom.net\/wp-content\/uploads\/2020\/03\/z2454605551699_0f276d540fdc3e9821e95748de792ac5-compressed.jpg 1276w\" sizes=\"(max-width: 300px) 100vw, 300px\" \/><\/p>\n<p><img loading=\"lazy\" decoding=\"async\" class=\"size-medium wp-image-1924 aligncenter\" src=\"https:\/\/cameraquaytrom.net\/wp-content\/uploads\/2020\/03\/z2454605598901_7800f22dc9eda131b13c92ff3cf925f7-compressed-300x300.jpg\" alt=\"\" width=\"300\" height=\"300\" srcset=\"https:\/\/cameraquaytrom.net\/wp-content\/uploads\/2020\/03\/z2454605598901_7800f22dc9eda131b13c92ff3cf925f7-compressed-300x300.jpg 300w, https:\/\/cameraquaytrom.net\/wp-content\/uploads\/2020\/03\/z2454605598901_7800f22dc9eda131b13c92ff3cf925f7-compressed-1024x1024.jpg 1024w, https:\/\/cameraquaytrom.net\/wp-content\/uploads\/2020\/03\/z2454605598901_7800f22dc9eda131b13c92ff3cf925f7-compressed-150x150.jpg 150w, https:\/\/cameraquaytrom.net\/wp-content\/uploads\/2020\/03\/z2454605598901_7800f22dc9eda131b13c92ff3cf925f7-compressed-768x768.jpg 768w, https:\/\/cameraquaytrom.net\/wp-content\/uploads\/2020\/03\/z2454605598901_7800f22dc9eda131b13c92ff3cf925f7-compressed-600x600.jpg 600w, https:\/\/cameraquaytrom.net\/wp-content\/uploads\/2020\/03\/z2454605598901_7800f22dc9eda131b13c92ff3cf925f7-compressed-100x100.jpg 100w, https:\/\/cameraquaytrom.net\/wp-content\/uploads\/2020\/03\/z2454605598901_7800f22dc9eda131b13c92ff3cf925f7-compressed.jpg 1276w\" sizes=\"(max-width: 300px) 100vw, 300px\" \/><\/p>\n<p><img loading=\"lazy\" decoding=\"async\" class=\"size-medium wp-image-1925 aligncenter\" src=\"https:\/\/cameraquaytrom.net\/wp-content\/uploads\/2020\/03\/z2454605738441_32eb67ee8c1801e8af536cda0ec8fff3-compressed-300x300.jpg\" alt=\"\" width=\"300\" height=\"300\" srcset=\"https:\/\/cameraquaytrom.net\/wp-content\/uploads\/2020\/03\/z2454605738441_32eb67ee8c1801e8af536cda0ec8fff3-compressed-300x300.jpg 300w, https:\/\/cameraquaytrom.net\/wp-content\/uploads\/2020\/03\/z2454605738441_32eb67ee8c1801e8af536cda0ec8fff3-compressed-1024x1024.jpg 1024w, https:\/\/cameraquaytrom.net\/wp-content\/uploads\/2020\/03\/z2454605738441_32eb67ee8c1801e8af536cda0ec8fff3-compressed-150x150.jpg 150w, https:\/\/cameraquaytrom.net\/wp-content\/uploads\/2020\/03\/z2454605738441_32eb67ee8c1801e8af536cda0ec8fff3-compressed-768x768.jpg 768w, https:\/\/cameraquaytrom.net\/wp-content\/uploads\/2020\/03\/z2454605738441_32eb67ee8c1801e8af536cda0ec8fff3-compressed-600x600.jpg 600w, https:\/\/cameraquaytrom.net\/wp-content\/uploads\/2020\/03\/z2454605738441_32eb67ee8c1801e8af536cda0ec8fff3-compressed-100x100.jpg 100w, https:\/\/cameraquaytrom.net\/wp-content\/uploads\/2020\/03\/z2454605738441_32eb67ee8c1801e8af536cda0ec8fff3-compressed.jpg 1276w\" sizes=\"(max-width: 300px) 100vw, 300px\" \/><\/p>\n<p><img loading=\"lazy\" decoding=\"async\" class=\"size-medium wp-image-1926 aligncenter\" src=\"https:\/\/cameraquaytrom.net\/wp-content\/uploads\/2020\/03\/z2454605750081_f2a9e4d442d3f1c336777554f57feb52-compressed-300x300.jpg\" alt=\"\" width=\"300\" height=\"300\" srcset=\"https:\/\/cameraquaytrom.net\/wp-content\/uploads\/2020\/03\/z2454605750081_f2a9e4d442d3f1c336777554f57feb52-compressed-300x300.jpg 300w, https:\/\/cameraquaytrom.net\/wp-content\/uploads\/2020\/03\/z2454605750081_f2a9e4d442d3f1c336777554f57feb52-compressed-1024x1024.jpg 1024w, https:\/\/cameraquaytrom.net\/wp-content\/uploads\/2020\/03\/z2454605750081_f2a9e4d442d3f1c336777554f57feb52-compressed-150x150.jpg 150w, https:\/\/cameraquaytrom.net\/wp-content\/uploads\/2020\/03\/z2454605750081_f2a9e4d442d3f1c336777554f57feb52-compressed-768x768.jpg 768w, https:\/\/cameraquaytrom.net\/wp-content\/uploads\/2020\/03\/z2454605750081_f2a9e4d442d3f1c336777554f57feb52-compressed-600x600.jpg 600w, https:\/\/cameraquaytrom.net\/wp-content\/uploads\/2020\/03\/z2454605750081_f2a9e4d442d3f1c336777554f57feb52-compressed-100x100.jpg 100w, https:\/\/cameraquaytrom.net\/wp-content\/uploads\/2020\/03\/z2454605750081_f2a9e4d442d3f1c336777554f57feb52-compressed.jpg 1276w\" sizes=\"(max-width: 300px) 100vw, 300px\" \/><\/p>\n<p><img loading=\"lazy\" decoding=\"async\" class=\"size-medium wp-image-1927 aligncenter\" src=\"https:\/\/cameraquaytrom.net\/wp-content\/uploads\/2020\/03\/z2454605809931_fccdf5136b8e9b6c1cfbfa845c24da28-compressed-300x300.jpg\" alt=\"\" width=\"300\" height=\"300\" srcset=\"https:\/\/cameraquaytrom.net\/wp-content\/uploads\/2020\/03\/z2454605809931_fccdf5136b8e9b6c1cfbfa845c24da28-compressed-300x300.jpg 300w, https:\/\/cameraquaytrom.net\/wp-content\/uploads\/2020\/03\/z2454605809931_fccdf5136b8e9b6c1cfbfa845c24da28-compressed-1024x1024.jpg 1024w, https:\/\/cameraquaytrom.net\/wp-content\/uploads\/2020\/03\/z2454605809931_fccdf5136b8e9b6c1cfbfa845c24da28-compressed-150x150.jpg 150w, https:\/\/cameraquaytrom.net\/wp-content\/uploads\/2020\/03\/z2454605809931_fccdf5136b8e9b6c1cfbfa845c24da28-compressed-768x768.jpg 768w, https:\/\/cameraquaytrom.net\/wp-content\/uploads\/2020\/03\/z2454605809931_fccdf5136b8e9b6c1cfbfa845c24da28-compressed-600x600.jpg 600w, https:\/\/cameraquaytrom.net\/wp-content\/uploads\/2020\/03\/z2454605809931_fccdf5136b8e9b6c1cfbfa845c24da28-compressed-100x100.jpg 100w, https:\/\/cameraquaytrom.net\/wp-content\/uploads\/2020\/03\/z2454605809931_fccdf5136b8e9b6c1cfbfa845c24da28-compressed.jpg 1276w\" sizes=\"(max-width: 300px) 100vw, 300px\" \/><\/p>\n<p>\u0110\u01b0\u1ee3c thi\u1ebft k\u1ebf k\u00edch th\u01b0\u1edbc si\u00eau nh\u1ecf, m\u00e1y DW-01 mang l\u1ea1i cho ng\u01b0\u1eddi d\u00f9ng kh\u00e1 nhi\u1ec1u \u01b0u \u0111i\u1ec3m nh\u01b0: K\u00edch th\u01b0\u1edbc si\u00eau nh\u1ecf, d\u1ec5 gi\u1ea5u k\u00edn m\u1ecdi n\u01a1i. K\u00e8m theo \u0111\u00f3 m\u00e1y c\u00f2n \u0111\u01b0\u1ee3c t\u00edch h\u1ee3p\u00a0 r\u1ea5t nhi\u1ec1u ch\u1ee9c n\u0103ng nh\u01b0: \u0110\u1ecbnh v\u1ecb tr\u1ef1c tuy\u1ebfn, nghe l\u00e9n t\u1eeb xa, ghi \u00e2m, t\u1ef1 \u0111\u1ed9ng g\u1ecdi l\u1ea1i, xem l\u1ea1i qu\u00e3ng \u0111\u01b0\u1eddng xe di chuy\u1ec3n, c\u00f3 nam ch\u00e2m d\u00ednh,&#8230;<\/p>\n<p><strong><em>Video h\u01b0\u1edbng d\u1eabn s\u1eed d\u1ee5ng:<\/em><\/strong><\/p>\n<p><iframe loading=\"lazy\" title=\"Review M\u00e1y Nghe L\u00e9n Gi\u00e1 R\u1ebb || Thi\u1ebft b\u1ecb nghe l\u00e9n si\u00eau nh\u1ecf, \u0110\u1ecbnh v\u1ecb GPS kh\u00f4ng d\u00e2y gi\u00e1 r\u1ebb\" width=\"1020\" height=\"574\" src=\"https:\/\/www.youtube.com\/embed\/ewJUoUwSNK8?start=613&#038;feature=oembed\" frameborder=\"0\" allow=\"accelerometer; autoplay; clipboard-write; encrypted-media; gyroscope; picture-in-picture\" allowfullscreen><\/iframe><\/p>\n<div class=\"o9v6fnle cxmmr5t8 oygrvhab hcukyx3x c1et5uql ii04i59q\">\n<h3 dir=\"auto\">Li\u00ean h\u1ec7 mua h\u00e0ng<\/h3>\n<h3 dir=\"auto\"><span class=\"pq6dq46d tbxw36s4 knj5qynh kvgmc6g5 ditlmg2l oygrvhab nvdbi5me sf5mxxl7 gl3lb2sf hhz5lgdu\"><img loading=\"lazy\" decoding=\"async\" src=\"https:\/\/static.xx.fbcdn.net\/images\/emoji.php\/v9\/t22\/1\/16\/260e.png\" alt=\"\u260e\ufe0f\" width=\"16\" height=\"16\" \/><\/span> A H\u1ea3i: 094.226.2345 (zalo) &#8211; T\u01b0 V\u1ea5n 24\/24<\/h3>\n<\/div>\n<div class=\"o9v6fnle cxmmr5t8 oygrvhab hcukyx3x c1et5uql ii04i59q\">\n<h3 dir=\"auto\"><span class=\"pq6dq46d tbxw36s4 knj5qynh kvgmc6g5 ditlmg2l oygrvhab nvdbi5me sf5mxxl7 gl3lb2sf hhz5lgdu\"><img loading=\"lazy\" decoding=\"async\" src=\"https:\/\/static.xx.fbcdn.net\/images\/emoji.php\/v9\/ta7\/1\/16\/1f3ea.png\" alt=\"\ud83c\udfea\" width=\"16\" height=\"16\" \/><\/span> H\u00e0 N\u1ed9i: s\u1ed1 42 Th\u1ecbnh Li\u1ec7t &#8211; Ho\u00e0ng Mai &#8211; H\u00e0 N\u1ed9i<\/h3>\n<h3 dir=\"auto\"><span class=\"pq6dq46d tbxw36s4 knj5qynh kvgmc6g5 ditlmg2l oygrvhab nvdbi5me sf5mxxl7 gl3lb2sf hhz5lgdu\"><img loading=\"lazy\" decoding=\"async\" src=\"https:\/\/static.xx.fbcdn.net\/images\/emoji.php\/v9\/ta7\/1\/16\/1f3ea.png\" alt=\"\ud83c\udfea\" width=\"16\" height=\"16\" \/><\/span> S\u00e0i G\u00f2n: 558\/66 B\u00ecnh Qu\u1edbi &#8211; Ph\u01b0\u1eddng 28 &#8211; B\u00ecnh Th\u1ea1nh<\/h3>\n<\/div>\n","protected":false},"excerpt":{"rendered":"<p>\u0110\u01b0\u1ee3c thi\u1ebft k\u1ebf k\u00edch th\u01b0\u1edbc si\u00eau nh\u1ecf, m\u00e1y DW-01 mang l\u1ea1i cho ng\u01b0\u1eddi d\u00f9ng kh\u00e1 nhi\u1ec1u \u01b0u \u0111i\u1ec3m nh\u01b0: K\u00edch th\u01b0\u1edbc si\u00eau nh\u1ecf, d\u1ec5 gi\u1ea5u k\u00edn m\u1ecdi n\u01a1i.<\/p>\n<p>&nbsp;<\/p>\n","protected":false},"featured_media":1927,"comment_status":"open","ping_status":"closed","template":"","meta":[],"product_cat":[33,28,29],"product_tag":[36,38,35,37],"class_list":{"0":"post-397","1":"product","2":"type-product","3":"status-publish","4":"has-post-thumbnail","6":"product_cat-may-nghe-len","7":"product_cat-thiet-bi-dinh-vi","8":"product_cat-thiet-bi-nghe-len","9":"product_tag-dinh-vi-nghe-len","10":"product_tag-dinh-vi-nghe-len-khong-day","11":"product_tag-dinh-vi-sieu-nho","12":"product_tag-may-nghe-len","14":"first","15":"instock","16":"sale","17":"shipping-taxable","18":"purchasable","19":"product-type-simple"},"_links":{"self":[{"href":"https:\/\/cameraquaytrom.net\/index.php?rest_route=\/wp\/v2\/product\/397"}],"collection":[{"href":"https:\/\/cameraquaytrom.net\/index.php?rest_route=\/wp\/v2\/product"}],"about":[{"href":"https:\/\/cameraquaytrom.net\/index.php?rest_route=\/wp\/v2\/types\/product"}],"replies":[{"embeddable":true,"href":"https:\/\/cameraquaytrom.net\/index.php?rest_route=%2Fwp%2Fv2%2Fcomments&post=397"}],"wp:featuredmedia":[{"embeddable":true,"href":"https:\/\/cameraquaytrom.net\/index.php?rest_route=\/wp\/v2\/media\/1927"}],"wp:attachment":[{"href":"https:\/\/cameraquaytrom.net\/index.php?rest_route=%2Fwp%2Fv2%2Fmedia&parent=397"}],"wp:term":[{"taxonomy":"product_cat","embeddable":true,"href":"https:\/\/cameraquaytrom.net\/index.php?rest_route=%2Fwp%2Fv2%2Fproduct_cat&post=397"},{"taxonomy":"product_tag","embeddable":true,"href":"https:\/\/cameraquaytrom.net\/index.php?rest_route=%2Fwp%2Fv2%2Fproduct_tag&post=397"}],"curies":[{"name":"wp","href":"https:\/\/api.w.org\/{rel}","templated":true}]}}