{"id":546,"date":"2020-03-10T04:32:45","date_gmt":"2020-03-10T04:32:45","guid":{"rendered":"http:\/\/maynghelengiare.com\/?post_type=product&#038;p=546"},"modified":"2021-11-10T04:20:31","modified_gmt":"2021-11-10T04:20:31","slug":"but-camera-2020","status":"publish","type":"product","link":"https:\/\/cameraquaytrom.net\/?product=but-camera-2020","title":{"rendered":"Camera Ngu\u1ef5 Trang B\u00fat Vi\u1ebft V8 Full HD Gi\u00e1 R\u1ebb"},"content":{"rendered":"<h1 style=\"text-align: center;\">Camera Ngu\u1ef5 Trang B\u00fat Vi\u1ebft V8 Full HD Gi\u00e1 R\u1ebb<\/h1>\n<p><img loading=\"lazy\" decoding=\"async\" class=\"size-medium wp-image-1543 aligncenter\" src=\"https:\/\/cameraquaytrom.net\/wp-content\/uploads\/2021\/07\/z2455870937338_aba9d26257b104e0e35fadcc750cec72-compressed-300x300.jpg\" alt=\"\" width=\"300\" height=\"300\" srcset=\"https:\/\/cameraquaytrom.net\/wp-content\/uploads\/2021\/07\/z2455870937338_aba9d26257b104e0e35fadcc750cec72-compressed-300x300.jpg 300w, https:\/\/cameraquaytrom.net\/wp-content\/uploads\/2021\/07\/z2455870937338_aba9d26257b104e0e35fadcc750cec72-compressed-1024x1024.jpg 1024w, https:\/\/cameraquaytrom.net\/wp-content\/uploads\/2021\/07\/z2455870937338_aba9d26257b104e0e35fadcc750cec72-compressed-150x150.jpg 150w, https:\/\/cameraquaytrom.net\/wp-content\/uploads\/2021\/07\/z2455870937338_aba9d26257b104e0e35fadcc750cec72-compressed-768x768.jpg 768w, https:\/\/cameraquaytrom.net\/wp-content\/uploads\/2021\/07\/z2455870937338_aba9d26257b104e0e35fadcc750cec72-compressed-1536x1536.jpg 1536w, https:\/\/cameraquaytrom.net\/wp-content\/uploads\/2021\/07\/z2455870937338_aba9d26257b104e0e35fadcc750cec72-compressed-2048x2048.jpg 2048w, https:\/\/cameraquaytrom.net\/wp-content\/uploads\/2021\/07\/z2455870937338_aba9d26257b104e0e35fadcc750cec72-compressed-600x600.jpg 600w, https:\/\/cameraquaytrom.net\/wp-content\/uploads\/2021\/07\/z2455870937338_aba9d26257b104e0e35fadcc750cec72-compressed-100x100.jpg 100w\" sizes=\"(max-width: 300px) 100vw, 300px\" \/><\/p>\n<p><img loading=\"lazy\" decoding=\"async\" class=\"size-medium wp-image-1544 aligncenter\" src=\"https:\/\/cameraquaytrom.net\/wp-content\/uploads\/2021\/07\/z2455870999071_0dc7624c07d17b458dbb62880f17a892-compressed-300x300.jpg\" alt=\"\" width=\"300\" height=\"300\" srcset=\"https:\/\/cameraquaytrom.net\/wp-content\/uploads\/2021\/07\/z2455870999071_0dc7624c07d17b458dbb62880f17a892-compressed-300x300.jpg 300w, https:\/\/cameraquaytrom.net\/wp-content\/uploads\/2021\/07\/z2455870999071_0dc7624c07d17b458dbb62880f17a892-compressed-1024x1024.jpg 1024w, https:\/\/cameraquaytrom.net\/wp-content\/uploads\/2021\/07\/z2455870999071_0dc7624c07d17b458dbb62880f17a892-compressed-150x150.jpg 150w, https:\/\/cameraquaytrom.net\/wp-content\/uploads\/2021\/07\/z2455870999071_0dc7624c07d17b458dbb62880f17a892-compressed-768x768.jpg 768w, https:\/\/cameraquaytrom.net\/wp-content\/uploads\/2021\/07\/z2455870999071_0dc7624c07d17b458dbb62880f17a892-compressed-1536x1536.jpg 1536w, https:\/\/cameraquaytrom.net\/wp-content\/uploads\/2021\/07\/z2455870999071_0dc7624c07d17b458dbb62880f17a892-compressed-2048x2048.jpg 2048w, https:\/\/cameraquaytrom.net\/wp-content\/uploads\/2021\/07\/z2455870999071_0dc7624c07d17b458dbb62880f17a892-compressed-600x600.jpg 600w, https:\/\/cameraquaytrom.net\/wp-content\/uploads\/2021\/07\/z2455870999071_0dc7624c07d17b458dbb62880f17a892-compressed-100x100.jpg 100w\" sizes=\"(max-width: 300px) 100vw, 300px\" \/><\/p>\n<p><img loading=\"lazy\" decoding=\"async\" class=\"size-medium wp-image-1545 aligncenter\" src=\"https:\/\/cameraquaytrom.net\/wp-content\/uploads\/2021\/07\/z2455871019157_e3868ec17d8be0fc6c683cbf3d1350de-compressed-300x300.jpg\" alt=\"\" width=\"300\" height=\"300\" srcset=\"https:\/\/cameraquaytrom.net\/wp-content\/uploads\/2021\/07\/z2455871019157_e3868ec17d8be0fc6c683cbf3d1350de-compressed-300x300.jpg 300w, https:\/\/cameraquaytrom.net\/wp-content\/uploads\/2021\/07\/z2455871019157_e3868ec17d8be0fc6c683cbf3d1350de-compressed-1024x1024.jpg 1024w, https:\/\/cameraquaytrom.net\/wp-content\/uploads\/2021\/07\/z2455871019157_e3868ec17d8be0fc6c683cbf3d1350de-compressed-150x150.jpg 150w, https:\/\/cameraquaytrom.net\/wp-content\/uploads\/2021\/07\/z2455871019157_e3868ec17d8be0fc6c683cbf3d1350de-compressed-768x768.jpg 768w, https:\/\/cameraquaytrom.net\/wp-content\/uploads\/2021\/07\/z2455871019157_e3868ec17d8be0fc6c683cbf3d1350de-compressed-1536x1536.jpg 1536w, https:\/\/cameraquaytrom.net\/wp-content\/uploads\/2021\/07\/z2455871019157_e3868ec17d8be0fc6c683cbf3d1350de-compressed-2048x2048.jpg 2048w, https:\/\/cameraquaytrom.net\/wp-content\/uploads\/2021\/07\/z2455871019157_e3868ec17d8be0fc6c683cbf3d1350de-compressed-600x600.jpg 600w, https:\/\/cameraquaytrom.net\/wp-content\/uploads\/2021\/07\/z2455871019157_e3868ec17d8be0fc6c683cbf3d1350de-compressed-100x100.jpg 100w\" sizes=\"(max-width: 300px) 100vw, 300px\" \/><\/p>\n<p><img loading=\"lazy\" decoding=\"async\" class=\"size-medium wp-image-1546 aligncenter\" src=\"https:\/\/cameraquaytrom.net\/wp-content\/uploads\/2021\/07\/z2455871051691_17ea42d99d56493e13ca7efed277895c-compressed-300x300.jpg\" alt=\"\" width=\"300\" height=\"300\" srcset=\"https:\/\/cameraquaytrom.net\/wp-content\/uploads\/2021\/07\/z2455871051691_17ea42d99d56493e13ca7efed277895c-compressed-300x300.jpg 300w, https:\/\/cameraquaytrom.net\/wp-content\/uploads\/2021\/07\/z2455871051691_17ea42d99d56493e13ca7efed277895c-compressed-1024x1024.jpg 1024w, https:\/\/cameraquaytrom.net\/wp-content\/uploads\/2021\/07\/z2455871051691_17ea42d99d56493e13ca7efed277895c-compressed-150x150.jpg 150w, https:\/\/cameraquaytrom.net\/wp-content\/uploads\/2021\/07\/z2455871051691_17ea42d99d56493e13ca7efed277895c-compressed-768x768.jpg 768w, https:\/\/cameraquaytrom.net\/wp-content\/uploads\/2021\/07\/z2455871051691_17ea42d99d56493e13ca7efed277895c-compressed-1536x1536.jpg 1536w, https:\/\/cameraquaytrom.net\/wp-content\/uploads\/2021\/07\/z2455871051691_17ea42d99d56493e13ca7efed277895c-compressed-2048x2048.jpg 2048w, https:\/\/cameraquaytrom.net\/wp-content\/uploads\/2021\/07\/z2455871051691_17ea42d99d56493e13ca7efed277895c-compressed-600x600.jpg 600w, https:\/\/cameraquaytrom.net\/wp-content\/uploads\/2021\/07\/z2455871051691_17ea42d99d56493e13ca7efed277895c-compressed-100x100.jpg 100w\" sizes=\"(max-width: 300px) 100vw, 300px\" \/><\/p>\n<p>B\u00fat camera V8 l\u00e0 s\u1ea3n m\u1edbi nh\u1ea5t 2021 \u0111\u01b0\u1ee3c n\u00e2ng c\u1ea5p c\u1ea3i ti\u1ebfn t\u1eeb d\u00f2ng b\u00fat 2021. B\u00fat c\u00f3 th\u1ec3 quay video thu h\u00ecnh k\u00e8m ti\u1ebfng c\u1ef1c r\u00f5, h\u00ecnh \u1ea3nh Full HD1080 si\u00eau n\u00e9t<\/p>\n<p>Ngo\u00e0i ra th\u00ec b\u00fat v\u1eabn c\u00f3 th\u1ec3 vi\u1ebft nh\u01b0 b\u00ecnh th\u01b0\u1eddng, ppin quay li\u00ean t\u1ee5c 3h c\u00e1c b\u1ea1n nh\u00e9.<\/p>\n<p>Ngo\u00e0i ra h\u00ecnh \u1ea3nh b\u00fat camera mang l\u1ea1 cho ch\u00fang ta c\u0169ng r\u1ea5t s\u1eafc n\u00e9t v\u00e0 \u0111\u1eb7c bi\u1ec7t l\u00e0 \u00e2m thanh c\u1ef1c r\u00f5.<\/p>\n<p>Khi s\u1eed d\u1ee5ng b\u00fat camera ta ch\u1ec9 c\u1ea7n \u1ea5n l\u00e0 quay, c\u00e1ch s\u1eed d\u1ee5ng kh\u00e1 l\u00e0 \u0111\u01a1n gi\u1ea3n. Do \u0111\u00f3, s\u1ea3n ph\u1ea9m \u0111\u01b0\u1ee3c b\u00e1n r\u1ea5t ch\u1ea1y cho m\u1ecdi l\u1ee9a tu\u1ed5i v\u00e0 \u0111\u1ed1i t\u01b0\u1ee3ng kh\u00e1ch h\u00e0ng ti\u00eau d\u00f9ng.<\/p>\n<h2><em><span style=\"text-decoration: underline;\">Video h\u01b0\u1edbng d\u1eabn s\u1eed d\u1ee5ng:<\/span><\/em><\/h2>\n<p><iframe loading=\"lazy\" title=\"Review Camera Ngu\u1ef5 Trang B\u00fat || B\u00fat camera 2022 quay phim ghi \u00e2m ch\u1ee5p \u1ea3nh Full HD1080p\" width=\"1020\" height=\"574\" src=\"https:\/\/www.youtube.com\/embed\/ei7d9Oxv86o?start=259&#038;feature=oembed\" frameborder=\"0\" allow=\"accelerometer; autoplay; clipboard-write; encrypted-media; gyroscope; picture-in-picture\" allowfullscreen><\/iframe><\/p>\n<div class=\"\" data-block=\"true\" data-editor=\"bfjne\" data-offset-key=\"b64bq-0-0\">\n<h3 class=\"_1mf _1mj\" data-offset-key=\"b64bq-0-0\"><b>Li\u00ean h\u1ec7 mua h\u00e0ng:<\/b><\/h3>\n<div data-offset-key=\"b64bq-0-0\">\n<div dir=\"auto\"><span class=\"pq6dq46d tbxw36s4 knj5qynh kvgmc6g5 ditlmg2l oygrvhab nvdbi5me sf5mxxl7 gl3lb2sf hhz5lgdu\"><img loading=\"lazy\" decoding=\"async\" src=\"https:\/\/static.xx.fbcdn.net\/images\/emoji.php\/v9\/t22\/1\/16\/260e.png\" alt=\"\u260e\ufe0f\" width=\"16\" height=\"16\" \/><\/span> A H\u1ea3i: 094.226.2345 (zalo) &#8211; T\u01b0 V\u1ea5n 24\/24<\/div>\n<div class=\"o9v6fnle cxmmr5t8 oygrvhab hcukyx3x c1et5uql ii04i59q\">\n<h3 dir=\"auto\"><span class=\"pq6dq46d tbxw36s4 knj5qynh kvgmc6g5 ditlmg2l oygrvhab nvdbi5me sf5mxxl7 gl3lb2sf hhz5lgdu\"><img loading=\"lazy\" decoding=\"async\" src=\"https:\/\/static.xx.fbcdn.net\/images\/emoji.php\/v9\/ta7\/1\/16\/1f3ea.png\" alt=\"\ud83c\udfea\" width=\"16\" height=\"16\" \/><\/span> H\u00e0 N\u1ed9i: s\u1ed1 42 Th\u1ecbnh Li\u1ec7t &#8211; Ho\u00e0ng Mai &#8211; H\u00e0 N\u1ed9i<\/h3>\n<h3 dir=\"auto\"><span class=\"pq6dq46d tbxw36s4 knj5qynh kvgmc6g5 ditlmg2l oygrvhab nvdbi5me sf5mxxl7 gl3lb2sf hhz5lgdu\"><img loading=\"lazy\" decoding=\"async\" src=\"https:\/\/static.xx.fbcdn.net\/images\/emoji.php\/v9\/ta7\/1\/16\/1f3ea.png\" alt=\"\ud83c\udfea\" width=\"16\" height=\"16\" \/><\/span> S\u00e0i G\u00f2n: 558\/66 B\u00ecnh Qu\u1edbi &#8211; Ph\u01b0\u1eddng 28 &#8211; B\u00ecnh Th\u1ea1nh<\/h3>\n<\/div>\n<\/div>\n<\/div>\n","protected":false},"excerpt":{"rendered":"<p>B\u00fat camera V8 l\u00e0 s\u1ea3n m\u1edbi nh\u1ea5t 2021 \u0111\u01b0\u1ee3c n\u00e2ng c\u1ea5p c\u1ea3i ti\u1ebfn t\u1eeb d\u00f2ng b\u00fat 2021. B\u00fat c\u00f3 th\u1ec3 quay video thu h\u00ecnh k\u00e8m ti\u1ebfng c\u1ef1c r\u00f5, h\u00ecnh \u1ea3nh Full HD1080 si\u00eau n\u00e9t<\/p>\n<p>&nbsp;<\/p>\n","protected":false},"featured_media":1543,"comment_status":"open","ping_status":"closed","template":"","meta":[],"product_cat":[30,56],"product_tag":[59,62,57,60,61,58],"class_list":{"0":"post-546","1":"product","2":"type-product","3":"status-publish","4":"has-post-thumbnail","6":"product_cat-thiet-bi-quay-len","7":"product_cat-thiet-bi-quay-len-offline","8":"product_tag-camera-giau-kin","9":"product_tag-camera-mini","10":"product_tag-camera-nguy-trang","11":"product_tag-camera-quay-len","12":"product_tag-camera-quay-trom","13":"product_tag-camera-sieu-nho","15":"first","16":"instock","17":"sale","18":"shipping-taxable","19":"purchasable","20":"product-type-simple"},"_links":{"self":[{"href":"https:\/\/cameraquaytrom.net\/index.php?rest_route=\/wp\/v2\/product\/546"}],"collection":[{"href":"https:\/\/cameraquaytrom.net\/index.php?rest_route=\/wp\/v2\/product"}],"about":[{"href":"https:\/\/cameraquaytrom.net\/index.php?rest_route=\/wp\/v2\/types\/product"}],"replies":[{"embeddable":true,"href":"https:\/\/cameraquaytrom.net\/index.php?rest_route=%2Fwp%2Fv2%2Fcomments&post=546"}],"wp:featuredmedia":[{"embeddable":true,"href":"https:\/\/cameraquaytrom.net\/index.php?rest_route=\/wp\/v2\/media\/1543"}],"wp:attachment":[{"href":"https:\/\/cameraquaytrom.net\/index.php?rest_route=%2Fwp%2Fv2%2Fmedia&parent=546"}],"wp:term":[{"taxonomy":"product_cat","embeddable":true,"href":"https:\/\/cameraquaytrom.net\/index.php?rest_route=%2Fwp%2Fv2%2Fproduct_cat&post=546"},{"taxonomy":"product_tag","embeddable":true,"href":"https:\/\/cameraquaytrom.net\/index.php?rest_route=%2Fwp%2Fv2%2Fproduct_tag&post=546"}],"curies":[{"name":"wp","href":"https:\/\/api.w.org\/{rel}","templated":true}]}}