{"id":668,"date":"2020-03-12T13:53:35","date_gmt":"2020-03-12T13:53:35","guid":{"rendered":"http:\/\/maynghelengiare.com\/?post_type=product&#038;p=668"},"modified":"2021-11-10T04:19:19","modified_gmt":"2021-11-10T04:19:19","slug":"camera-sieu-nho-sq18","status":"publish","type":"product","link":"https:\/\/cameraquaytrom.net\/?product=camera-sieu-nho-sq18","title":{"rendered":"Camera Si\u00eau Nh\u1ecf SQ18 Made in Japan"},"content":{"rendered":"<h1 style=\"text-align: center;\">Camera Si\u00eau Nh\u1ecf SQ18 Made in Japan<\/h1>\n<p><img loading=\"lazy\" decoding=\"async\" class=\"size-medium wp-image-1577 aligncenter\" src=\"https:\/\/cameraquaytrom.net\/wp-content\/uploads\/2021\/07\/z2456488328543_d3b615b69d1ee737aaa108c98c172c06-compressed-300x300.jpg\" alt=\"\" width=\"300\" height=\"300\" srcset=\"https:\/\/cameraquaytrom.net\/wp-content\/uploads\/2021\/07\/z2456488328543_d3b615b69d1ee737aaa108c98c172c06-compressed-300x300.jpg 300w, https:\/\/cameraquaytrom.net\/wp-content\/uploads\/2021\/07\/z2456488328543_d3b615b69d1ee737aaa108c98c172c06-compressed-1024x1024.jpg 1024w, https:\/\/cameraquaytrom.net\/wp-content\/uploads\/2021\/07\/z2456488328543_d3b615b69d1ee737aaa108c98c172c06-compressed-150x150.jpg 150w, https:\/\/cameraquaytrom.net\/wp-content\/uploads\/2021\/07\/z2456488328543_d3b615b69d1ee737aaa108c98c172c06-compressed-768x768.jpg 768w, https:\/\/cameraquaytrom.net\/wp-content\/uploads\/2021\/07\/z2456488328543_d3b615b69d1ee737aaa108c98c172c06-compressed-1536x1536.jpg 1536w, https:\/\/cameraquaytrom.net\/wp-content\/uploads\/2021\/07\/z2456488328543_d3b615b69d1ee737aaa108c98c172c06-compressed-2048x2048.jpg 2048w, https:\/\/cameraquaytrom.net\/wp-content\/uploads\/2021\/07\/z2456488328543_d3b615b69d1ee737aaa108c98c172c06-compressed-600x600.jpg 600w, https:\/\/cameraquaytrom.net\/wp-content\/uploads\/2021\/07\/z2456488328543_d3b615b69d1ee737aaa108c98c172c06-compressed-100x100.jpg 100w\" sizes=\"(max-width: 300px) 100vw, 300px\" \/><\/p>\n<p><img loading=\"lazy\" decoding=\"async\" class=\"size-medium wp-image-1578 aligncenter\" src=\"https:\/\/cameraquaytrom.net\/wp-content\/uploads\/2021\/07\/z2456489231096_7d84b4c14dece9c15a24c540758fe34d-compressed-300x300.jpg\" alt=\"\" width=\"300\" height=\"300\" srcset=\"https:\/\/cameraquaytrom.net\/wp-content\/uploads\/2021\/07\/z2456489231096_7d84b4c14dece9c15a24c540758fe34d-compressed-300x300.jpg 300w, https:\/\/cameraquaytrom.net\/wp-content\/uploads\/2021\/07\/z2456489231096_7d84b4c14dece9c15a24c540758fe34d-compressed-1024x1024.jpg 1024w, https:\/\/cameraquaytrom.net\/wp-content\/uploads\/2021\/07\/z2456489231096_7d84b4c14dece9c15a24c540758fe34d-compressed-150x150.jpg 150w, https:\/\/cameraquaytrom.net\/wp-content\/uploads\/2021\/07\/z2456489231096_7d84b4c14dece9c15a24c540758fe34d-compressed-768x768.jpg 768w, https:\/\/cameraquaytrom.net\/wp-content\/uploads\/2021\/07\/z2456489231096_7d84b4c14dece9c15a24c540758fe34d-compressed-1536x1536.jpg 1536w, https:\/\/cameraquaytrom.net\/wp-content\/uploads\/2021\/07\/z2456489231096_7d84b4c14dece9c15a24c540758fe34d-compressed-2048x2048.jpg 2048w, https:\/\/cameraquaytrom.net\/wp-content\/uploads\/2021\/07\/z2456489231096_7d84b4c14dece9c15a24c540758fe34d-compressed-600x600.jpg 600w, https:\/\/cameraquaytrom.net\/wp-content\/uploads\/2021\/07\/z2456489231096_7d84b4c14dece9c15a24c540758fe34d-compressed-100x100.jpg 100w\" sizes=\"(max-width: 300px) 100vw, 300px\" \/><\/p>\n<p><img loading=\"lazy\" decoding=\"async\" class=\"size-medium wp-image-1582 aligncenter\" src=\"https:\/\/cameraquaytrom.net\/wp-content\/uploads\/2021\/07\/z2456489907346_3dd855038e3f2d05562c04b146612baf-compressed-300x300.jpg\" alt=\"\" width=\"300\" height=\"300\" srcset=\"https:\/\/cameraquaytrom.net\/wp-content\/uploads\/2021\/07\/z2456489907346_3dd855038e3f2d05562c04b146612baf-compressed-300x300.jpg 300w, https:\/\/cameraquaytrom.net\/wp-content\/uploads\/2021\/07\/z2456489907346_3dd855038e3f2d05562c04b146612baf-compressed-1024x1024.jpg 1024w, https:\/\/cameraquaytrom.net\/wp-content\/uploads\/2021\/07\/z2456489907346_3dd855038e3f2d05562c04b146612baf-compressed-150x150.jpg 150w, https:\/\/cameraquaytrom.net\/wp-content\/uploads\/2021\/07\/z2456489907346_3dd855038e3f2d05562c04b146612baf-compressed-768x768.jpg 768w, https:\/\/cameraquaytrom.net\/wp-content\/uploads\/2021\/07\/z2456489907346_3dd855038e3f2d05562c04b146612baf-compressed-1536x1536.jpg 1536w, https:\/\/cameraquaytrom.net\/wp-content\/uploads\/2021\/07\/z2456489907346_3dd855038e3f2d05562c04b146612baf-compressed-2048x2048.jpg 2048w, https:\/\/cameraquaytrom.net\/wp-content\/uploads\/2021\/07\/z2456489907346_3dd855038e3f2d05562c04b146612baf-compressed-600x600.jpg 600w, https:\/\/cameraquaytrom.net\/wp-content\/uploads\/2021\/07\/z2456489907346_3dd855038e3f2d05562c04b146612baf-compressed-100x100.jpg 100w\" sizes=\"(max-width: 300px) 100vw, 300px\" \/><\/p>\n<p>Chi\u1ebfc camera SQ18 \u0111\u01b0\u1ee3c thi\u1ebft k\u1ebf si\u00eau nh\u1ecf h\u00ecnh d\u1ea1ng tr\u00f2n \u0111\u01b0\u1eddng k\u00ednh 4cm, \u0111\u1ebf c\u00f3 nam ch\u00e2m gi\u00fap c\u00e1c b\u1ea1n c\u00f3 th\u1ec3 d\u1ec5 d\u00e0ng g\u1eafn thi\u1ebft b\u1ecb \u1edf b\u1ea5t c\u1ee9\u00a0v\u1ecb tr\u00ed n\u00e0o m\u00ecnh mu\u1ed1n.<\/p>\n<p><img loading=\"lazy\" decoding=\"async\" class=\"size-medium wp-image-1581 aligncenter\" src=\"https:\/\/cameraquaytrom.net\/wp-content\/uploads\/2021\/07\/z2456489861080_703da3e099399359cdf4e65a1d298abe-compressed-300x300.jpg\" alt=\"\" width=\"300\" height=\"300\" srcset=\"https:\/\/cameraquaytrom.net\/wp-content\/uploads\/2021\/07\/z2456489861080_703da3e099399359cdf4e65a1d298abe-compressed-300x300.jpg 300w, https:\/\/cameraquaytrom.net\/wp-content\/uploads\/2021\/07\/z2456489861080_703da3e099399359cdf4e65a1d298abe-compressed-1024x1024.jpg 1024w, https:\/\/cameraquaytrom.net\/wp-content\/uploads\/2021\/07\/z2456489861080_703da3e099399359cdf4e65a1d298abe-compressed-150x150.jpg 150w, https:\/\/cameraquaytrom.net\/wp-content\/uploads\/2021\/07\/z2456489861080_703da3e099399359cdf4e65a1d298abe-compressed-768x768.jpg 768w, https:\/\/cameraquaytrom.net\/wp-content\/uploads\/2021\/07\/z2456489861080_703da3e099399359cdf4e65a1d298abe-compressed-1536x1536.jpg 1536w, https:\/\/cameraquaytrom.net\/wp-content\/uploads\/2021\/07\/z2456489861080_703da3e099399359cdf4e65a1d298abe-compressed-2048x2048.jpg 2048w, https:\/\/cameraquaytrom.net\/wp-content\/uploads\/2021\/07\/z2456489861080_703da3e099399359cdf4e65a1d298abe-compressed-600x600.jpg 600w, https:\/\/cameraquaytrom.net\/wp-content\/uploads\/2021\/07\/z2456489861080_703da3e099399359cdf4e65a1d298abe-compressed-100x100.jpg 100w\" sizes=\"(max-width: 300px) 100vw, 300px\" \/><\/p>\n<p>Camera c\u00f3 th\u1ec3 k\u1ebft n\u1ed1i 3g 4g ho\u1eb7c wifi gi\u00fap b\u1ea1n xem \u0111\u01b0\u1ee3c h\u00ecnh \u1ea3nh tr\u1ef1c ti\u1ebfp t\u1eeb xa qua \u0111i\u1ec7n tho\u1ea1i m\u1ed9t c\u00e1ch \u0111\u01a1n gi\u1ea3n.<\/p>\n<p><img loading=\"lazy\" decoding=\"async\" class=\"size-medium wp-image-1579 aligncenter\" src=\"https:\/\/cameraquaytrom.net\/wp-content\/uploads\/2021\/07\/z2456489546133_da89a6351a5a51cf8b93b5b1588e61ec-compressed-300x300.jpg\" alt=\"\" width=\"300\" height=\"300\" srcset=\"https:\/\/cameraquaytrom.net\/wp-content\/uploads\/2021\/07\/z2456489546133_da89a6351a5a51cf8b93b5b1588e61ec-compressed-300x300.jpg 300w, https:\/\/cameraquaytrom.net\/wp-content\/uploads\/2021\/07\/z2456489546133_da89a6351a5a51cf8b93b5b1588e61ec-compressed-1024x1024.jpg 1024w, https:\/\/cameraquaytrom.net\/wp-content\/uploads\/2021\/07\/z2456489546133_da89a6351a5a51cf8b93b5b1588e61ec-compressed-150x150.jpg 150w, https:\/\/cameraquaytrom.net\/wp-content\/uploads\/2021\/07\/z2456489546133_da89a6351a5a51cf8b93b5b1588e61ec-compressed-768x768.jpg 768w, https:\/\/cameraquaytrom.net\/wp-content\/uploads\/2021\/07\/z2456489546133_da89a6351a5a51cf8b93b5b1588e61ec-compressed-1536x1536.jpg 1536w, https:\/\/cameraquaytrom.net\/wp-content\/uploads\/2021\/07\/z2456489546133_da89a6351a5a51cf8b93b5b1588e61ec-compressed-2048x2048.jpg 2048w, https:\/\/cameraquaytrom.net\/wp-content\/uploads\/2021\/07\/z2456489546133_da89a6351a5a51cf8b93b5b1588e61ec-compressed-600x600.jpg 600w, https:\/\/cameraquaytrom.net\/wp-content\/uploads\/2021\/07\/z2456489546133_da89a6351a5a51cf8b93b5b1588e61ec-compressed-100x100.jpg 100w\" sizes=\"(max-width: 300px) 100vw, 300px\" \/><\/p>\n<p>Ch\u1ea5t l\u01b0\u1ee3ng h\u00ecnh \u1ea3nh c\u1ee7a camera SQ18 \u0111\u01b0\u1ee3c n\u00e2ng c\u1ea5p m\u1ee9c \u00e1o nh\u1ea5t l\u00e0 Full HD, h\u1ed7 tr\u1ee3 th\u00eam d\u00e8n h\u1ed3ng ngo\u1ea1i \u1ea9n \u0111\u1ec3 quay \u0111\u00eam si\u00eau n\u00e9t v\u00e0 b\u1ed9 nh\u1edb ngo\u00e0i l\u00ean \u0111\u1ebfn 128GB nh\u00e9.<\/p>\n<p><img loading=\"lazy\" decoding=\"async\" class=\"size-medium wp-image-1580 aligncenter\" src=\"https:\/\/cameraquaytrom.net\/wp-content\/uploads\/2021\/07\/z2456489857834_94ec79ec82073cd071c33eb4d29a1e7b-compressed-300x300.jpg\" alt=\"\" width=\"300\" height=\"300\" srcset=\"https:\/\/cameraquaytrom.net\/wp-content\/uploads\/2021\/07\/z2456489857834_94ec79ec82073cd071c33eb4d29a1e7b-compressed-300x300.jpg 300w, https:\/\/cameraquaytrom.net\/wp-content\/uploads\/2021\/07\/z2456489857834_94ec79ec82073cd071c33eb4d29a1e7b-compressed-1024x1024.jpg 1024w, https:\/\/cameraquaytrom.net\/wp-content\/uploads\/2021\/07\/z2456489857834_94ec79ec82073cd071c33eb4d29a1e7b-compressed-150x150.jpg 150w, https:\/\/cameraquaytrom.net\/wp-content\/uploads\/2021\/07\/z2456489857834_94ec79ec82073cd071c33eb4d29a1e7b-compressed-768x768.jpg 768w, https:\/\/cameraquaytrom.net\/wp-content\/uploads\/2021\/07\/z2456489857834_94ec79ec82073cd071c33eb4d29a1e7b-compressed-1536x1536.jpg 1536w, https:\/\/cameraquaytrom.net\/wp-content\/uploads\/2021\/07\/z2456489857834_94ec79ec82073cd071c33eb4d29a1e7b-compressed-2048x2048.jpg 2048w, https:\/\/cameraquaytrom.net\/wp-content\/uploads\/2021\/07\/z2456489857834_94ec79ec82073cd071c33eb4d29a1e7b-compressed-600x600.jpg 600w, https:\/\/cameraquaytrom.net\/wp-content\/uploads\/2021\/07\/z2456489857834_94ec79ec82073cd071c33eb4d29a1e7b-compressed-100x100.jpg 100w\" sizes=\"(max-width: 300px) 100vw, 300px\" \/><\/p>\n<h2><span style=\"text-decoration: underline;\"><em>Video h\u01b0\u1edbng d\u1eabn s\u1eed d\u1ee5ng<\/em><\/span><\/h2>\n<p><iframe loading=\"lazy\" title=\"Review Camera Si\u00eau Nh\u1ecf SQ18 || Camera kh\u00f4ng d\u00e2y si\u00eau nh\u1ecf quay \u0111\u00eam c\u1ef1c n\u00e9t xem t\u1eeb xa qua \u0111i\u1ec7n tho\u1ea1i\" width=\"1020\" height=\"574\" src=\"https:\/\/www.youtube.com\/embed\/eIX8LEt0E2s?start=306&#038;feature=oembed\" frameborder=\"0\" allow=\"accelerometer; autoplay; clipboard-write; encrypted-media; gyroscope; picture-in-picture\" allowfullscreen><\/iframe><\/p>\n<div class=\"\" data-block=\"true\" data-editor=\"epkqe\" data-offset-key=\"cm3s9-0-0\">\n<h3 class=\"_1mf _1mj\" data-offset-key=\"cm3s9-0-0\"><b>Li\u00ean h\u1ec7 mua h\u00e0ng:<\/b><\/h3>\n<div data-offset-key=\"cm3s9-0-0\">\n<div dir=\"auto\"><span class=\"pq6dq46d tbxw36s4 knj5qynh kvgmc6g5 ditlmg2l oygrvhab nvdbi5me sf5mxxl7 gl3lb2sf hhz5lgdu\"><img loading=\"lazy\" decoding=\"async\" src=\"https:\/\/static.xx.fbcdn.net\/images\/emoji.php\/v9\/t22\/1\/16\/260e.png\" alt=\"\u260e\ufe0f\" width=\"16\" height=\"16\" \/><\/span> A H\u1ea3i: 094.226.2345 (zalo) &#8211; T\u01b0 V\u1ea5n 24\/24<\/div>\n<div class=\"o9v6fnle cxmmr5t8 oygrvhab hcukyx3x c1et5uql ii04i59q\">\n<h3 dir=\"auto\"><span class=\"pq6dq46d tbxw36s4 knj5qynh kvgmc6g5 ditlmg2l oygrvhab nvdbi5me sf5mxxl7 gl3lb2sf hhz5lgdu\"><img loading=\"lazy\" decoding=\"async\" src=\"https:\/\/static.xx.fbcdn.net\/images\/emoji.php\/v9\/ta7\/1\/16\/1f3ea.png\" alt=\"\ud83c\udfea\" width=\"16\" height=\"16\" \/><\/span> H\u00e0 N\u1ed9i: s\u1ed1 42 Th\u1ecbnh Li\u1ec7t &#8211; Ho\u00e0ng Mai &#8211; H\u00e0 N\u1ed9i<\/h3>\n<h3 dir=\"auto\"><span class=\"pq6dq46d tbxw36s4 knj5qynh kvgmc6g5 ditlmg2l oygrvhab nvdbi5me sf5mxxl7 gl3lb2sf hhz5lgdu\"><img loading=\"lazy\" decoding=\"async\" src=\"https:\/\/static.xx.fbcdn.net\/images\/emoji.php\/v9\/ta7\/1\/16\/1f3ea.png\" alt=\"\ud83c\udfea\" width=\"16\" height=\"16\" \/><\/span> S\u00e0i G\u00f2n: 558\/66 B\u00ecnh Qu\u1edbi &#8211; Ph\u01b0\u1eddng 28 &#8211; B\u00ecnh Th\u1ea1nh<\/h3>\n<\/div>\n<\/div>\n<\/div>\n","protected":false},"excerpt":{"rendered":"<p>Chi\u1ebfc camera SQ18 \u0111\u01b0\u1ee3c thi\u1ebft k\u1ebf si\u00eau nh\u1ecf h\u00ecnh d\u1ea1ng tr\u00f2n \u0111\u01b0\u1eddng k\u00ednh 4cm, \u0111\u1ebf c\u00f3 nam ch\u00e2m gi\u00fap c\u00e1c b\u1ea1n c\u00f3 th\u1ec3 d\u1ec5 d\u00e0ng g\u1eafn thi\u1ebft b\u1ecb \u1edf b\u1ea5t c\u1ee9\u00a0v\u1ecb tr\u00ed n\u00e0o m\u00ecnh mu\u1ed1n.<\/p>\n<p>&nbsp;<\/p>\n","protected":false},"featured_media":1577,"comment_status":"open","ping_status":"closed","template":"","meta":[],"product_cat":[30,55],"product_tag":[59,62,57,60,61,58,68],"class_list":{"0":"post-668","1":"product","2":"type-product","3":"status-publish","4":"has-post-thumbnail","6":"product_cat-thiet-bi-quay-len","7":"product_cat-thiet-bi-quay-len-online","8":"product_tag-camera-giau-kin","9":"product_tag-camera-mini","10":"product_tag-camera-nguy-trang","11":"product_tag-camera-quay-len","12":"product_tag-camera-quay-trom","13":"product_tag-camera-sieu-nho","14":"product_tag-camera-xem-tu-xa","16":"first","17":"instock","18":"sale","19":"shipping-taxable","20":"purchasable","21":"product-type-simple"},"_links":{"self":[{"href":"https:\/\/cameraquaytrom.net\/index.php?rest_route=\/wp\/v2\/product\/668"}],"collection":[{"href":"https:\/\/cameraquaytrom.net\/index.php?rest_route=\/wp\/v2\/product"}],"about":[{"href":"https:\/\/cameraquaytrom.net\/index.php?rest_route=\/wp\/v2\/types\/product"}],"replies":[{"embeddable":true,"href":"https:\/\/cameraquaytrom.net\/index.php?rest_route=%2Fwp%2Fv2%2Fcomments&post=668"}],"wp:featuredmedia":[{"embeddable":true,"href":"https:\/\/cameraquaytrom.net\/index.php?rest_route=\/wp\/v2\/media\/1577"}],"wp:attachment":[{"href":"https:\/\/cameraquaytrom.net\/index.php?rest_route=%2Fwp%2Fv2%2Fmedia&parent=668"}],"wp:term":[{"taxonomy":"product_cat","embeddable":true,"href":"https:\/\/cameraquaytrom.net\/index.php?rest_route=%2Fwp%2Fv2%2Fproduct_cat&post=668"},{"taxonomy":"product_tag","embeddable":true,"href":"https:\/\/cameraquaytrom.net\/index.php?rest_route=%2Fwp%2Fv2%2Fproduct_tag&post=668"}],"curies":[{"name":"wp","href":"https:\/\/api.w.org\/{rel}","templated":true}]}}