{"id":795,"date":"2020-04-01T14:43:34","date_gmt":"2020-04-01T14:43:34","guid":{"rendered":"http:\/\/maynghelengiare.com\/?post_type=product&#038;p=795"},"modified":"2021-07-30T07:48:06","modified_gmt":"2021-07-30T07:48:06","slug":"may-ghi-am-gh-500","status":"publish","type":"product","link":"https:\/\/cameraquaytrom.net\/?product=may-ghi-am-gh-500","title":{"rendered":"M\u00e1y Ghi \u00c2m GH-500 Pin 2 Ng\u00e0y"},"content":{"rendered":"<h1 style=\"text-align: center;\">M\u00e1y Ghi \u00c2m GH-500 Pin 2 Ng\u00e0y<\/h1>\n<p><img loading=\"lazy\" decoding=\"async\" class=\"size-medium wp-image-1716 aligncenter\" src=\"https:\/\/cameraquaytrom.net\/wp-content\/uploads\/2021\/07\/z2459348150548_2d246388e4c4166cf1dc44e272bef010-compressed-300x300.jpg\" alt=\"\" width=\"300\" height=\"300\" srcset=\"https:\/\/cameraquaytrom.net\/wp-content\/uploads\/2021\/07\/z2459348150548_2d246388e4c4166cf1dc44e272bef010-compressed-300x300.jpg 300w, https:\/\/cameraquaytrom.net\/wp-content\/uploads\/2021\/07\/z2459348150548_2d246388e4c4166cf1dc44e272bef010-compressed-1024x1024.jpg 1024w, https:\/\/cameraquaytrom.net\/wp-content\/uploads\/2021\/07\/z2459348150548_2d246388e4c4166cf1dc44e272bef010-compressed-150x150.jpg 150w, https:\/\/cameraquaytrom.net\/wp-content\/uploads\/2021\/07\/z2459348150548_2d246388e4c4166cf1dc44e272bef010-compressed-768x768.jpg 768w, https:\/\/cameraquaytrom.net\/wp-content\/uploads\/2021\/07\/z2459348150548_2d246388e4c4166cf1dc44e272bef010-compressed-1536x1536.jpg 1536w, https:\/\/cameraquaytrom.net\/wp-content\/uploads\/2021\/07\/z2459348150548_2d246388e4c4166cf1dc44e272bef010-compressed-2048x2048.jpg 2048w, https:\/\/cameraquaytrom.net\/wp-content\/uploads\/2021\/07\/z2459348150548_2d246388e4c4166cf1dc44e272bef010-compressed-600x600.jpg 600w, https:\/\/cameraquaytrom.net\/wp-content\/uploads\/2021\/07\/z2459348150548_2d246388e4c4166cf1dc44e272bef010-compressed-100x100.jpg 100w\" sizes=\"(max-width: 300px) 100vw, 300px\" \/><\/p>\n<p><img loading=\"lazy\" decoding=\"async\" class=\"size-medium wp-image-1717 aligncenter\" src=\"https:\/\/cameraquaytrom.net\/wp-content\/uploads\/2021\/07\/z2459348232517_14e33d167475afa1564502863bbf28d9-compressed-300x300.jpg\" alt=\"\" width=\"300\" height=\"300\" srcset=\"https:\/\/cameraquaytrom.net\/wp-content\/uploads\/2021\/07\/z2459348232517_14e33d167475afa1564502863bbf28d9-compressed-300x300.jpg 300w, https:\/\/cameraquaytrom.net\/wp-content\/uploads\/2021\/07\/z2459348232517_14e33d167475afa1564502863bbf28d9-compressed-1024x1024.jpg 1024w, https:\/\/cameraquaytrom.net\/wp-content\/uploads\/2021\/07\/z2459348232517_14e33d167475afa1564502863bbf28d9-compressed-150x150.jpg 150w, https:\/\/cameraquaytrom.net\/wp-content\/uploads\/2021\/07\/z2459348232517_14e33d167475afa1564502863bbf28d9-compressed-768x768.jpg 768w, https:\/\/cameraquaytrom.net\/wp-content\/uploads\/2021\/07\/z2459348232517_14e33d167475afa1564502863bbf28d9-compressed-1536x1536.jpg 1536w, https:\/\/cameraquaytrom.net\/wp-content\/uploads\/2021\/07\/z2459348232517_14e33d167475afa1564502863bbf28d9-compressed-2048x2048.jpg 2048w, https:\/\/cameraquaytrom.net\/wp-content\/uploads\/2021\/07\/z2459348232517_14e33d167475afa1564502863bbf28d9-compressed-600x600.jpg 600w, https:\/\/cameraquaytrom.net\/wp-content\/uploads\/2021\/07\/z2459348232517_14e33d167475afa1564502863bbf28d9-compressed-100x100.jpg 100w\" sizes=\"(max-width: 300px) 100vw, 300px\" \/><\/p>\n<p><img loading=\"lazy\" decoding=\"async\" class=\"size-medium wp-image-1715 aligncenter\" src=\"https:\/\/cameraquaytrom.net\/wp-content\/uploads\/2021\/07\/z2459348031884_7fe745bfb72b1ada7da4df2017b52c75-compressed-300x300.jpg\" alt=\"\" width=\"300\" height=\"300\" srcset=\"https:\/\/cameraquaytrom.net\/wp-content\/uploads\/2021\/07\/z2459348031884_7fe745bfb72b1ada7da4df2017b52c75-compressed-300x300.jpg 300w, https:\/\/cameraquaytrom.net\/wp-content\/uploads\/2021\/07\/z2459348031884_7fe745bfb72b1ada7da4df2017b52c75-compressed-1024x1024.jpg 1024w, https:\/\/cameraquaytrom.net\/wp-content\/uploads\/2021\/07\/z2459348031884_7fe745bfb72b1ada7da4df2017b52c75-compressed-150x150.jpg 150w, https:\/\/cameraquaytrom.net\/wp-content\/uploads\/2021\/07\/z2459348031884_7fe745bfb72b1ada7da4df2017b52c75-compressed-768x768.jpg 768w, https:\/\/cameraquaytrom.net\/wp-content\/uploads\/2021\/07\/z2459348031884_7fe745bfb72b1ada7da4df2017b52c75-compressed-1536x1536.jpg 1536w, https:\/\/cameraquaytrom.net\/wp-content\/uploads\/2021\/07\/z2459348031884_7fe745bfb72b1ada7da4df2017b52c75-compressed-2048x2048.jpg 2048w, https:\/\/cameraquaytrom.net\/wp-content\/uploads\/2021\/07\/z2459348031884_7fe745bfb72b1ada7da4df2017b52c75-compressed-600x600.jpg 600w, https:\/\/cameraquaytrom.net\/wp-content\/uploads\/2021\/07\/z2459348031884_7fe745bfb72b1ada7da4df2017b52c75-compressed-100x100.jpg 100w\" sizes=\"(max-width: 300px) 100vw, 300px\" \/><\/p>\n<p>M\u00e1y ghi \u00e2m si\u00eau nh\u1ecf Gh 50 l\u00e0 m\u1ed9t s\u1ea3n ph\u1ea9m thu nh\u1ecf c\u1ee7a d\u00f2ng m\u00e1y ghi \u00e2m v\u1edbi th\u1eddi gian si\u00eau l\u00e2u, n\u00f3 l\u00e0 \u0111\u00e0n em c\u1ee7a chi\u1ebfc m\u00e1y ghi \u00e2m 350h. Ch\u1ea5t l\u01b0\u1ee3ng \u00e2m thanh v\u1eabn r\u1ea5t l\u00e0 tuy\u1ec7t v\u1eddi v\u1edbi 2 mic thu ti\u00eau chu\u1ea9n l\u1ecdc \u00e2m t\u1ea7n s\u1ed1 th\u1ea5p<\/p>\n<p>&nbsp;<\/p>\n<p>Th\u00edch h\u01a1\u0323p nh\u00e2\u0301t cho ghi a\u0302m trong l\u01a1\u0301p. Chi\u00ea\u0301c ma\u0301y ghi a\u0302m si\u00eau nh\u1ecf GH 500\u00a0\u00a0thi\u00ea\u0301t k\u00ea\u0301 mo\u0309ng va\u0300 cao c\u00e2\u0301p.\u00a0Ch\u00e2\u0301t lu\u031b\u01a1\u0323ng ghi a\u0302m c\u01b0\u0323c t\u00f4\u0301t \u00a0v\u01a1\u0301i ti\u0301nh di \u0111\u1ecd\u0302ng cao thi\u0301ch h\u01a1\u0323p cho mo\u0323i cu\u1ecd\u0302c ho\u0323p ho\u1ea1\u0306c bu\u00f4\u0309i ho\u0323c.Thu\u1eadn ti\u1ec7n m\u1ecdi l\u00fac m\u1ecdi n\u01a1i,\u00a0Vi\u1eb9\u0302c ghi a\u0302m tr\u01a1\u0309 ne\u0302n \u0111o\u031bn gia\u0309n ho\u031bn bao gi\u01a1\u0300 h\u00ea\u0301t<\/p>\n<p><img loading=\"lazy\" decoding=\"async\" class=\"size-medium wp-image-1718 aligncenter\" src=\"https:\/\/cameraquaytrom.net\/wp-content\/uploads\/2021\/07\/z2459348342182_ce0b178f862fdd5a153505a0fbb17b4e-compressed-300x300.jpg\" alt=\"\" width=\"300\" height=\"300\" srcset=\"https:\/\/cameraquaytrom.net\/wp-content\/uploads\/2021\/07\/z2459348342182_ce0b178f862fdd5a153505a0fbb17b4e-compressed-300x300.jpg 300w, https:\/\/cameraquaytrom.net\/wp-content\/uploads\/2021\/07\/z2459348342182_ce0b178f862fdd5a153505a0fbb17b4e-compressed-1024x1024.jpg 1024w, https:\/\/cameraquaytrom.net\/wp-content\/uploads\/2021\/07\/z2459348342182_ce0b178f862fdd5a153505a0fbb17b4e-compressed-150x150.jpg 150w, https:\/\/cameraquaytrom.net\/wp-content\/uploads\/2021\/07\/z2459348342182_ce0b178f862fdd5a153505a0fbb17b4e-compressed-768x768.jpg 768w, https:\/\/cameraquaytrom.net\/wp-content\/uploads\/2021\/07\/z2459348342182_ce0b178f862fdd5a153505a0fbb17b4e-compressed-1536x1536.jpg 1536w, https:\/\/cameraquaytrom.net\/wp-content\/uploads\/2021\/07\/z2459348342182_ce0b178f862fdd5a153505a0fbb17b4e-compressed-2048x2048.jpg 2048w, https:\/\/cameraquaytrom.net\/wp-content\/uploads\/2021\/07\/z2459348342182_ce0b178f862fdd5a153505a0fbb17b4e-compressed-600x600.jpg 600w, https:\/\/cameraquaytrom.net\/wp-content\/uploads\/2021\/07\/z2459348342182_ce0b178f862fdd5a153505a0fbb17b4e-compressed-100x100.jpg 100w\" sizes=\"(max-width: 300px) 100vw, 300px\" \/><\/p>\n<p>&nbsp;<\/p>\n<p>Thay \u0111\u1ed5i ch\u1ea5t\u00a0. V\u01a1\u0301i ca\u0301c ch\u00ea\u0301 \u0111\u1ecd\u0302 Tho\u0302ng Thu\u031b\u01a1\u0300ng, HQ \/ MP3 v\u00e0 SP \/ WAV \u0111\u00ea\u0309 phu\u0300 h\u01a1\u0323p cho ca\u0301c nhu c\u00e2\u0300u s\u01b0\u0309 du\u0323ng kha\u0301c nhau. S\u1eed d\u1ee5ng chuy\u1ec3n \u0111\u1ed5i c\u00e1c ch\u1ee9c n\u0103ng ho\u00e0n to\u00e0n nhanh ch\u00f3ng<\/p>\n<p>Pin c\u01b0\u0323c la\u0302u. V\u01a1\u0301i pin lithium sie\u0302u nhe\u0323 cu\u0309a ma\u0301y, ba\u0323n co\u0301 th\u00ea\u0309 thu a\u0302m lie\u0302n tu\u0323c le\u0302n \u0111\u00ea\u0301n 50 ti\u00ea\u0301ng! B\u1ed9 nh\u1edb trong t\u00edch h\u1ee3p s\u1eb5n b\u1ed9 nh\u1edb 8gb \u0111\u1ea3m b\u1ea3o l\u01b0u \u0111\u01b0\u1ee3c t\u1ed1i \u0111a th\u1eddi gian ghi \u00e2m<\/p>\n<div class=\"\" data-block=\"true\" data-editor=\"5n398\" data-offset-key=\"dqdsp-0-0\">\n<h3 class=\"_1mf _1mj\" data-offset-key=\"dqdsp-0-0\"><strong>Li\u00ean h\u1ec7 mua h\u00e0ng<\/strong><\/h3>\n<\/div>\n<div class=\"\" data-block=\"true\" data-editor=\"5n398\" data-offset-key=\"e6oae-0-0\">\n<div class=\"_1mf _1mj\" data-offset-key=\"e6oae-0-0\">\n<div dir=\"auto\"><span class=\"pq6dq46d tbxw36s4 knj5qynh kvgmc6g5 ditlmg2l oygrvhab nvdbi5me sf5mxxl7 gl3lb2sf hhz5lgdu\"><img loading=\"lazy\" decoding=\"async\" src=\"https:\/\/static.xx.fbcdn.net\/images\/emoji.php\/v9\/t22\/1\/16\/260e.png\" alt=\"\u260e\ufe0f\" width=\"16\" height=\"16\" \/><\/span> A H\u1ea3i: 094.226.2345 (zalo) &#8211; T\u01b0 V\u1ea5n 24\/24<\/div>\n<div class=\"o9v6fnle cxmmr5t8 oygrvhab hcukyx3x c1et5uql ii04i59q\">\n<h3 dir=\"auto\"><span class=\"pq6dq46d tbxw36s4 knj5qynh kvgmc6g5 ditlmg2l oygrvhab nvdbi5me sf5mxxl7 gl3lb2sf hhz5lgdu\"><img loading=\"lazy\" decoding=\"async\" src=\"https:\/\/static.xx.fbcdn.net\/images\/emoji.php\/v9\/ta7\/1\/16\/1f3ea.png\" alt=\"\ud83c\udfea\" width=\"16\" height=\"16\" \/><\/span> H\u00e0 N\u1ed9i: s\u1ed1 42 Th\u1ecbnh Li\u1ec7t &#8211; Ho\u00e0ng Mai &#8211; H\u00e0 N\u1ed9i<\/h3>\n<h3 dir=\"auto\"><span class=\"pq6dq46d tbxw36s4 knj5qynh kvgmc6g5 ditlmg2l oygrvhab nvdbi5me sf5mxxl7 gl3lb2sf hhz5lgdu\"><img loading=\"lazy\" decoding=\"async\" src=\"https:\/\/static.xx.fbcdn.net\/images\/emoji.php\/v9\/ta7\/1\/16\/1f3ea.png\" alt=\"\ud83c\udfea\" width=\"16\" height=\"16\" \/><\/span> S\u00e0i G\u00f2n: 558\/66 B\u00ecnh Qu\u1edbi &#8211; Ph\u01b0\u1eddng 28 &#8211; B\u00ecnh Th\u1ea1nh<\/h3>\n<\/div>\n<\/div>\n<\/div>\n","protected":false},"excerpt":{"rendered":"<p>M\u00e1y ghi \u00e2m si\u00eau nh\u1ecf GH-500 l\u00e0 m\u1ed9t s\u1ea3n ph\u1ea9m thu nh\u1ecf c\u1ee7a d\u00f2ng m\u00e1y ghi \u00e2m v\u1edbi th\u1eddi gian si\u00eau l\u00e2u, n\u00f3 l\u00e0 \u0111\u00e0n em c\u1ee7a chi\u1ebfc m\u00e1y ghi \u00e2m GH-700. Ch\u1ea5t l\u01b0\u1ee3ng \u00e2m thanh v\u1eabn r\u1ea5t l\u00e0 tuy\u1ec7t v\u1eddi v\u1edbi 2 mic thu ti\u00eau chu\u1ea9n l\u1ecdc \u00e2m t\u1ea7n s\u1ed1 th\u1ea5p<\/p>\n<p>&nbsp;<\/p>\n","protected":false},"featured_media":1716,"comment_status":"open","ping_status":"closed","template":"","meta":[],"product_cat":[31],"product_tag":[48,52,53,49,51,50],"class_list":{"0":"post-795","1":"product","2":"type-product","3":"status-publish","4":"has-post-thumbnail","6":"product_cat-thiet-bi-ghi-am","7":"product_tag-may-ghi-am","8":"product_tag-may-ghi-am-chuyen-dung","9":"product_tag-may-ghi-am-giau-kin","10":"product_tag-may-ghi-am-mini","11":"product_tag-may-ghi-am-nguy-trang","12":"product_tag-may-ghi-am-sieu-nho","14":"first","15":"instock","16":"sale","17":"shipping-taxable","18":"purchasable","19":"product-type-simple"},"_links":{"self":[{"href":"https:\/\/cameraquaytrom.net\/index.php?rest_route=\/wp\/v2\/product\/795"}],"collection":[{"href":"https:\/\/cameraquaytrom.net\/index.php?rest_route=\/wp\/v2\/product"}],"about":[{"href":"https:\/\/cameraquaytrom.net\/index.php?rest_route=\/wp\/v2\/types\/product"}],"replies":[{"embeddable":true,"href":"https:\/\/cameraquaytrom.net\/index.php?rest_route=%2Fwp%2Fv2%2Fcomments&post=795"}],"wp:featuredmedia":[{"embeddable":true,"href":"https:\/\/cameraquaytrom.net\/index.php?rest_route=\/wp\/v2\/media\/1716"}],"wp:attachment":[{"href":"https:\/\/cameraquaytrom.net\/index.php?rest_route=%2Fwp%2Fv2%2Fmedia&parent=795"}],"wp:term":[{"taxonomy":"product_cat","embeddable":true,"href":"https:\/\/cameraquaytrom.net\/index.php?rest_route=%2Fwp%2Fv2%2Fproduct_cat&post=795"},{"taxonomy":"product_tag","embeddable":true,"href":"https:\/\/cameraquaytrom.net\/index.php?rest_route=%2Fwp%2Fv2%2Fproduct_tag&post=795"}],"curies":[{"name":"wp","href":"https:\/\/api.w.org\/{rel}","templated":true}]}}